000
CXUS56 KPQR 011825
CLMSLE


CLIMATE REPORT
NATIONAL WEATHER SERVICE PORTLAND OREGON
1025 AM PST WED MAR 1 2017

...................................

...THE SALEM OR CLIMATE SUMMARY FOR THE MONTH OF FEBRUARY 2017...

CLIMATE NORMAL PERIOD 1981 TO 2010
CLIMATE RECORD PERIOD 1892 TO 2017

WEATHER         OBSERVED          NORMAL  DEPART  LAST YEAR`S
                 VALUE   DATE(S)  VALUE   FROM    VALUE  DATE(S)
                                          NORMAL
................................................................
TEMPERATURE (F)
HIGHEST            60                                 65  02/08
LOWEST             29                                 31  02/23
AVG. MAXIMUM     49.7              51.6    -1.9     56.7
AVG. MINIMUM     36.3              34.6     1.7     40.0
MEAN             43.0              43.1    -0.1     48.4
DAYS MAX >= 90      0               0.0     0.0        0
DAYS MAX <= 32      0               0.2    -0.2        0
DAYS MIN <= 32      7              10.1    -3.1        1
DAYS MIN <= 0       0               0.0     0.0        0

PRECIPITATION (INCHES)
RECORD
 MAXIMUM        13.01   1996
 MINIMUM         0.34   1920
TOTALS          13.41R             4.56    8.85     2.91
DAYS >= .01        21              15.0     6.0       18
DAYS >= .10        17              10.0     7.0       14
DAYS >= .50        10               3.0     7.0        0
DAYS >= 1.00        4               0.7     3.3        0
GREATEST
 24 HR. TOTAL    2.53   02/04 TO 02/05

DEGREE_DAYS
HEATING TOTAL     608               613      -5      474
 SINCE 7/1       3158              3240     -82     2656
COOLING TOTAL       0                 0       0        0
 SINCE 1/1          0                 0       0        0
.................................................................

WIND (MPH)
AVERAGE WIND SPEED              7.1
RESULTANT WIND SPEED/DIRECTION   3/209
HIGHEST WIND SPEED/DIRECTION    28/180    DATE  02/09
HIGHEST GUST SPEED/DIRECTION    38/180    DATE  02/09

SKY COVER
POSSIBLE SUNSHINE (PERCENT)   MM
AVERAGE SKY COVER           0.70
NUMBER OF DAYS FAIR            2
NUMBER OF DAYS PC              9
NUMBER OF DAYS CLOUDY         17

AVERAGE RH (PERCENT)     78

WEATHER CONDITIONS. NUMBER OF DAYS WITH
THUNDERSTORM              0     MIXED PRECIP               0
HEAVY RAIN                3     RAIN                      14
LIGHT RAIN               23     FREEZING RAIN              1
LT FREEZING RAIN          1     HAIL                       0
HEAVY SNOW                0     SNOW                       0
LIGHT SNOW                0     SLEET                      0
FOG                      20     FOG W/VIS <= 1/4 MILE      3
HAZE                      3

-  INDICATES NEGATIVE NUMBERS.
R  INDICATES RECORD WAS SET OR TIED.
MM INDICATES DATA IS MISSING.
T  INDICATES TRACE AMOUNT.

$$
