000
CXUS46 KLOX 012220
CLMSMX


CLIMATE REPORT
NATIONAL WEATHER SERVICE LOS ANGELES/OXNARD CA
320 PM PDT SUN OCT 1 2017

...................................

...THE SANTA MARIA AIRPORT CA CLIMATE SUMMARY FOR THE MONTH OF SEPTEMBER 2017...

CLIMATE NORMAL PERIOD 1981 TO 2010
CLIMATE RECORD PERIOD 1906 TO 2017

WEATHER         OBSERVED          NORMAL  DEPART  LAST YEAR`S
                 VALUE   DATE(S)  VALUE   FROM    VALUE
                                          NORMAL
.............................................................
TEMPERATURE (F)
HIGHEST           106R  09/02
LOWEST             45   09/24
                        09/23
                        09/22
AVG. MAXIMUM     80.1              73.7     6.4
AVG. MINIMUM     56.1              52.7     3.4
MEAN             68.1              63.2     4.9
DAYS MAX >= 90      3
DAYS MAX <= 32      0
DAYS MIN <= 32      0
DAYS MIN <= 0       0

PRECIPITATION (INCHES)
TOTALS           0.47              0.14    0.33
DAILY AVG.       0.02
DAYS >= .01         3
DAYS >= .10         2
DAYS >= .50         0
DAYS >= 1.00        0
GREATEST
 24 HR. TOTAL    0.22   09/10 TO 09/10

DEGREE_DAYS
HEATING TOTAL      26                81     -55       74
 SINCE 7/1         67               217    -150      210
COOLING TOTAL     126                27      99       54
 SINCE 1/1        226                82     144      106
..............................................................

WIND (MPH)
AVERAGE WIND SPEED              6.7
HIGHEST WIND SPEED/DIRECTION    33/300    DATE  09/21
HIGHEST GUST SPEED/DIRECTION    38/290    DATE  09/21

SKY COVER
POSSIBLE SUNSHINE (PERCENT)   MM
AVERAGE SKY COVER           0.40
NUMBER OF DAYS FAIR           14
NUMBER OF DAYS PC             13
NUMBER OF DAYS CLOUDY          3

AVERAGE RH (PERCENT)     71

WEATHER CONDITIONS. NUMBER OF DAYS WITH
THUNDERSTORM              0     MIXED PRECIP               0
HEAVY RAIN                0     RAIN                       1
LIGHT RAIN                5     FREEZING RAIN              0
LT FREEZING RAIN          0     HAIL                       0
HEAVY SNOW                0     SNOW                       0
LIGHT SNOW                0     SLEET                      0
FOG                      21     FOG W/VIS <= 1/4 MILE      5
HAZE                     16

-  INDICATES NEGATIVE NUMBERS.
R  INDICATES RECORD WAS SET OR TIED.
MM INDICATES DATA IS MISSING.
T  INDICATES TRACE AMOUNT.

$$
