000
CXUS46 KLOX 011742
CLMSMX


CLIMATE REPORT
NATIONAL WEATHER SERVICE LOS ANGELES/OXNARD CA
941 AM PST MON DEC 1 2014

...................................

...THE SANTA MARIA AIRPORT CA CLIMATE SUMMARY FOR THE MONTH OF NOVEMBER 2014...

CLIMATE NORMAL PERIOD 1981 TO 2010
CLIMATE RECORD PERIOD 1906 TO 2014

WEATHER         OBSERVED          NORMAL  DEPART  LAST YEAR`S
                 VALUE   DATE(S)  VALUE   FROM    VALUE
                                          NORMAL
.............................................................
TEMPERATURE (F)
HIGHEST            86   11/05
LOWEST             40   11/29
AVG. MAXIMUM     74.6              68.5     6.1
AVG. MINIMUM     49.2              43.0     6.2
MEAN             61.9              55.8     6.1
DAYS MAX >= 90      0
DAYS MAX <= 32      0
DAYS MIN <= 32      0
DAYS MIN <= 0       0

PRECIPITATION (INCHES)
TOTALS           0.25              1.33   -1.08
DAILY AVG.       0.01
DAYS >= .01         3
DAYS >= .10         1
DAYS >= .50         0
DAYS >= 1.00        0
GREATEST
 24 HR. TOTAL    1.27   10/31 TO 11/01

DEGREE_DAYS
HEATING TOTAL      94               282    -188      171
 SINCE 7/1         98               646    -548      382
COOLING TOTAL       7                 4       3        3
 SINCE 1/1        566               104     462      211
..............................................................

WIND (MPH)
AVERAGE WIND SPEED              5.5
HIGHEST WIND SPEED/DIRECTION    29/300    DATE  11/15
HIGHEST GUST SPEED/DIRECTION    33/300    DATE  11/15

SKY COVER
POSSIBLE SUNSHINE (PERCENT)   MM
AVERAGE SKY COVER           0.30
NUMBER OF DAYS FAIR           20
NUMBER OF DAYS PC              5
NUMBER OF DAYS CLOUDY          5

AVERAGE RH (PERCENT)     60

WEATHER CONDITIONS. NUMBER OF DAYS WITH
THUNDERSTORM              0     MIXED PRECIP               0
HEAVY RAIN                0     RAIN                       0
LIGHT RAIN                5     FREEZING RAIN              0
LT FREEZING RAIN          0     HAIL                       0
HEAVY SNOW                0     SNOW                       0
LIGHT SNOW                0     SLEET                      0
FOG                      13     FOG W/VIS <= 1/4 MILE      4
HAZE                     12

-  INDICATES NEGATIVE NUMBERS.
R  INDICATES RECORD WAS SET OR TIED.
MM INDICATES DATA IS MISSING.
T  INDICATES TRACE AMOUNT.

$$
