000
CXUS53 KEAX 020733
CLMSTJ

CLIMATE REPORT
NATIONAL WEATHER SERVICE KANSAS CITY/PLEASANT HILL MO
1253 AM CST FRI DEC 2 2016

...................................

...THE ST. JOSEPH MO CLIMATE SUMMARY FOR THE MONTH OF NOVEMBER 2016...

CLIMATE NORMAL PERIOD 1981 TO 2010
CLIMATE RECORD PERIOD 1892 TO 2016

WEATHER         OBSERVED          NORMAL  DEPART  LAST YEAR`S
                 VALUE   DATE(S)  VALUE   FROM    VALUE  DATE(S)
                                          NORMAL
................................................................
TEMPERATURE (F)
RECORD
 HIGH              82   11/13/1999
                        11/01/1990
                        11/08/1980
 LOW               -5   11/08/1991
HIGHEST            79   11/01        74       5       77  11/02
                                                          11/01
LOWEST             20   11/20        14       6       23  11/21
AVG. MAXIMUM     61.7              52.9     8.8     58.1
AVG. MINIMUM     36.5              31.0     5.5     36.0
MEAN             49.1              41.9     7.2     47.1
DAYS MAX >= 90      0               0.0     0.0        0
DAYS MAX <= 32      0               1.7    -1.7        1
DAYS MIN <= 32     13              16.2    -3.2       14
DAYS MIN <= 0       0               0.1    -0.1        0

PRECIPITATION (INCHES)
RECORD
 MAXIMUM         8.35   1931
 MINIMUM         0.00   1904
                        1989
TOTALS           0.54              1.55   -1.01     4.10
DAILY AVG.       0.02              0.05   -0.03     0.14
DAYS >= .01         4               5.8    -1.8       11
DAYS >= .10         2               3.3    -1.3        6
DAYS >= .50         0               1.1    -1.1        2
DAYS >= 1.00        0               0.4    -0.4        2
GREATEST
 24 HR. TOTAL    0.25   11/22 TO 11/23

DEGREE_DAYS
HEATING TOTAL     479               692    -213      530
 SINCE 7/1        675              1111    -436      836
COOLING TOTAL       9                 1       8        0
 SINCE 1/1       1547              1221     326     1288
.................................................................

WIND (MPH)
AVERAGE WIND SPEED              8.0
HIGHEST WIND SPEED/DIRECTION    36/270    DATE  11/18
HIGHEST GUST SPEED/DIRECTION    46/200    DATE  11/27

SKY COVER
POSSIBLE SUNSHINE (PERCENT)   MM
AVERAGE SKY COVER           0.30
NUMBER OF DAYS FAIR           20
NUMBER OF DAYS PC              4
NUMBER OF DAYS CLOUDY          6

AVERAGE RH (PERCENT)     67

WEATHER CONDITIONS. NUMBER OF DAYS WITH
THUNDERSTORM              2     MIXED PRECIP               0
HEAVY RAIN                0     RAIN                       1
LIGHT RAIN                5     FREEZING RAIN              0
LT FREEZING RAIN          0     HAIL                       0
HEAVY SNOW                0     SNOW                       0
LIGHT SNOW                0     SLEET                      0
FOG                      15     FOG W/VIS <= 1/4 MILE      4
HAZE                      5

-  INDICATES NEGATIVE NUMBERS.
R  INDICATES RECORD WAS SET OR TIED.
MM INDICATES DATA IS MISSING.
T  INDICATES TRACE AMOUNT.

$$
