000
CXUS51 KBGM 031437 CCA
CLMSYR

CLIMATE REPORT...CORRECTED
NATIONAL WEATHER SERVICE BINGHAMTON NY
1035 AM EDT THU AUG 3 2017

...................................

...THE SYRACUSE NY CLIMATE SUMMARY FOR THE MONTH OF JULY 2017...

CLIMATE NORMAL PERIOD 1981 TO 2010
CLIMATE RECORD PERIOD 1902 TO 2017

WEATHER         OBSERVED          NORMAL  DEPART  LAST YEAR`S
                 VALUE   DATE(S)  VALUE   FROM    VALUE  DATE(S)
                                          NORMAL
................................................................
TEMPERATURE (F)
RECORD
 HIGH             101   07/17/2012
                        07/21/2011
                        07/03/1966
 LOW               45   07/25/1976
                        07/20/1965
HIGHEST            86   07/19        82       4       94  07/13
LOWEST             51   07/30        60      -9       54  07/20
AVG. MAXIMUM     79.2              81.6    -2.4     83.7
AVG. MINIMUM     61.4              61.0     0.4     63.1
MEAN             70.3              71.3    -1.0     73.4
DAYS MAX >= 90      0               2.9    -2.9        4
DAYS MAX <= 32      0               0.0     0.0        0
DAYS MIN <= 32      0               0.0     0.0        0
DAYS MIN <= 0       0               0.0     0.0        0

PRECIPITATION (INCHES)
RECORD
 MAXIMUM        10.12   2006
 MINIMUM         0.90   1969
TOTALS           4.19              3.78    0.41     2.65
DAILY AVG.       0.14              0.12    0.02     0.09
DAYS >= .01        11              11.3    -0.3        9
DAYS >= .10         7               7.0     0.0        4
DAYS >= .50         4               2.7     1.3        2
DAYS >= 1.00        1               0.7     0.3        1
GREATEST
 24 HR. TOTAL    1.28   07/01 TO 07/01

SNOWFALL (INCHES)
RECORDS
 TOTAL              T   1954
 24 HR TOTAL        T   07/14/1954 TO 07/14/1954
 SNOW DEPTH         0   MM
TOTALS            0.0               0.0     0.0      0.0
SINCE 7/1         0.0               0.0     0.0      0.0
SNOWDEPTH AVG.      0                MM      MM        0
DAYS >= TRACE       0               0.0     0.0        0
DAYS >= 1.0         0               0.0     0.0        0
GREATEST
 SNOW DEPTH         0   MM                             0  MM
 24 HR TOTAL      0.0   07/31 TO 07/31

DEGREE_DAYS
HEATING TOTAL       2                 8      -6        0
 SINCE 7/1          2                 8      -6        0
COOLING TOTAL     175               203     -28      266
 SINCE 1/1        310               346     -36      423
.................................................................

WIND (MPH)
AVERAGE WIND SPEED              6.2
RESULTANT WIND SPEED/DIRECTION   3/258
HIGHEST WIND SPEED/DIRECTION    25/280    DATE  07/08
HIGHEST GUST SPEED/DIRECTION    30/300    DATE  07/08

SKY COVER
POSSIBLE SUNSHINE (PERCENT)   MM
AVERAGE SKY COVER           0.70
NUMBER OF DAYS FAIR            3
NUMBER OF DAYS PC             14
NUMBER OF DAYS CLOUDY         14

AVERAGE RH (PERCENT)     76

WEATHER CONDITIONS. NUMBER OF DAYS WITH
THUNDERSTORM              6     MIXED PRECIP               0
HEAVY RAIN                6     RAIN                       6
LIGHT RAIN               16     FREEZING RAIN              0
LT FREEZING RAIN          0     HAIL                       0
HEAVY SNOW                0     SNOW                       0
LIGHT SNOW                0     SLEET                      0
FOG                      17     FOG W/VIS <= 1/4 MILE      2
HAZE                      3

-  INDICATES NEGATIVE NUMBERS.
R  INDICATES RECORD WAS SET OR TIED.
MM INDICATES DATA IS MISSING.
T  INDICATES TRACE AMOUNT.

&&
CORRECTED NUMBER OF THUNDERSTORM DAYS
$$
