000
CXUS54 KBMX 021612
CLMTCL


CLIMATE REPORT
NATIONAL WEATHER SERVICE BIRMINGHAM, AL
1058 AM CDT THU NOV 2 2017

...................................

...THE TUSCALOOSA CLIMATE SUMMARY FOR THE MONTH OF OCTOBER 2017...

CLIMATE NORMAL PERIOD 1981 TO 2010
CLIMATE RECORD PERIOD 1948 TO 2017

WEATHER         OBSERVED          NORMAL  DEPART  LAST YEAR`S
                 VALUE   DATE(S)  VALUE   FROM    VALUE  DATE(S)
                                          NORMAL
................................................................
TEMPERATURE (F)
RECORD
 HIGH              98   10/04/1954
 LOW               23   10/30/1952
HIGHEST            88   10/13        MM      MM       92  10/07
                        10/06
LOWEST             34   10/30        MM      MM       39  10/23
AVG. MAXIMUM     77.7              77.1     0.6     85.2
AVG. MINIMUM     54.9              51.9     3.0     53.5
MEAN             66.3                               69.4
DAYS MAX >= 90      0               0.6    -0.6        7
DAYS MAX <= 32      0               0.0     0.0        0
DAYS MIN <= 32      0               0.5    -0.5        0
DAYS MIN <= 0       0               0.0     0.0        0

PRECIPITATION (INCHES)
RECORD
 MAXIMUM         9.11   1995
 MINIMUM         0.00   1963
TOTALS           4.48              3.51    0.97        T
DAILY AVG.       0.14              0.11    0.03
DAYS >= .01        10               8.4     1.6
DAYS >= .10         7               5.0     2.0
DAYS >= .50         4               2.2     1.8
DAYS >= 1.00        1               0.9     0.1

DEGREE_DAYS
HEATING TOTAL     111               110       1       20
 SINCE 7/1        115               117      -2       21
COOLING TOTAL     160                94      66      163
 SINCE 1/1       2252              2151     101     2460
.................................................................

WIND (MPH)
AVERAGE WIND SPEED              5.4
HIGHEST WIND SPEED/DIRECTION    21/020    DATE  10/16
HIGHEST GUST SPEED/DIRECTION    29/360    DATE  10/16

AVERAGE RH (PERCENT)     75

WEATHER CONDITIONS. NUMBER OF DAYS WITH
THUNDERSTORM              0     MIXED PRECIP               0
HEAVY RAIN                9     RAIN                      10
LIGHT RAIN                9     FREEZING RAIN              0
LT FREEZING RAIN          0     HAIL                       0
HEAVY SNOW                0     SNOW                       0
LIGHT SNOW                0     SLEET                      0
FOG                      20     FOG W/VIS <= 1/4 MILE      3
HAZE                      1

-  INDICATES NEGATIVE NUMBERS.
R  INDICATES RECORD WAS SET OR TIED.
MM INDICATES DATA IS MISSING.
T  INDICATES TRACE AMOUNT.

$$
