000
CXUS51 KCLE 011639
CLMTOL


CLIMATE REPORT
NATIONAL WEATHER SERVICE CLEVELAND OH
1237 PM EDT WED NOV 1 2017

...................................

...THE TOLEDO OH CLIMATE SUMMARY FOR THE MONTH OF OCTOBER 2017...

CLIMATE NORMAL PERIOD 1981 TO 2010
CLIMATE RECORD PERIOD 1873 TO 2017

WEATHER         OBSERVED          NORMAL  DEPART  LAST YEAR`S
                 VALUE   DATE(S)  VALUE   FROM    VALUE
                                          NORMAL
.............................................................
TEMPERATURE (F)
RECORD
 HIGH              92   10/04/1951
 LOW                0   10/10/2008
HIGHEST            86   10/03
LOWEST             29   10/26
AVG. MAXIMUM     67.5              62.8     4.7     65.7
AVG. MINIMUM     46.9              41.8     5.1     45.7
MEAN             57.2              52.3     4.9     55.7
DAYS MAX >= 90      0               0.0     0.0        0
DAYS MAX <= 32      0               0.0     0.0        0
DAYS MIN <= 32      1               3.9    -2.9        1
DAYS MIN <= 0       0               0.0     0.0        0

PRECIPITATION (INCHES)
RECORD
 MAXIMUM         8.49   1881
 MINIMUM         0.27   2005
TOTALS           3.28              2.60    0.68     2.77
DAYS >= .01        13              10.0     3.0       10
DAYS >= .10         7               5.3     1.7        6
DAYS >= .50         3               1.5     1.5        2
DAYS >= 1.00        1               0.5     0.5        1
GREATEST
 24 HR. TOTAL    1.26   10/06 TO 10/06              1.17

SNOWFALL (INCHES)
RECORDS
 TOTAL            2.0   1989
TOTALS            0.0               0.2    -0.2      0.0
SINCE 7/1         0.0               0.2    -0.2      0.0
DAYS >= 1.0         0               0.1    -0.1        0
GREATEST
 24 HR TOTAL      0.0   10/31 TO 10/31

DEGREE_DAYS
HEATING TOTAL     260               402    -142      305
 SINCE 7/1        353               526    -173      344
COOLING TOTAL      29                 9      20       25
 SINCE 1/1        744               793     -49     1033
..............................................................

WIND (MPH)
AVERAGE WIND SPEED              7.4
HIGHEST WIND SPEED/DIRECTION    40/260    DATE  10/07
HIGHEST GUST SPEED/DIRECTION    48/270    DATE  10/07

SKY COVER
AVERAGE SKY COVER           0.50

AVERAGE RH (PERCENT)     75

WEATHER CONDITIONS. NUMBER OF DAYS WITH
THUNDERSTORM              0     MIXED PRECIP               0
HEAVY RAIN                3     RAIN                       5
LIGHT RAIN               14     FREEZING RAIN              0
LT FREEZING RAIN          0     HAIL                       0
HEAVY SNOW                0     SNOW                       0
LIGHT SNOW                0     SLEET                      0
FOG                      17     FOG W/VIS <= 1/4 MILE      1
HAZE                      1

-  INDICATES NEGATIVE NUMBERS.
R  INDICATES RECORD WAS SET OR TIED.
MM INDICATES DATA IS MISSING.
T  INDICATES TRACE AMOUNT.

$$
