010
CXUS53 KTOP 141613 CCA
CLMTOP

CLIMATE REPORT...CORRECTED
NATIONAL WEATHER SERVICE TOPEKA KS
1013 AM CST WED FEB 14 2017

...................................

...THE TOPEKA KS CLIMATE SUMMARY FOR THE MONTH OF JANUARY 2017...

CLIMATE NORMAL PERIOD 1981 TO 2010
CLIMATE RECORD PERIOD 1887 TO 2017

WEATHER         OBSERVED          NORMAL  DEPART  LAST YEAR`S
                 VALUE   DATE(S)  VALUE   FROM    VALUE  DATE(S)
                                          NORMAL
................................................................
TEMPERATURE (F)
RECORD
 HIGH              78   01/28/2015
 LOW              -23   01/19/1892
HIGHEST            65   01/30        39      26       68
LOWEST             -1   01/07        16     -17        3
AVG. MAXIMUM     43.7              39.9     3.8     40.6
AVG. MINIMUM     23.0              19.6     3.4     21.2
MEAN             33.4              29.7     3.7     30.9
DAYS MAX >= 90      0               0.0     0.0        0
DAYS MAX <= 32      6               8.1    -2.1        9
DAYS MIN <= 32     27              28.1    -1.1       27
DAYS MIN <= 0       2               1.4     0.6        0

PRECIPITATION (INCHES)
RECORD
 MAXIMUM         5.24   1949
 MINIMUM            T   1986
TOTALS           1.28              0.86    0.42     0.90
DAILY AVG.       0.04              0.03    0.01     0.03
DAYS >= .01         9               5.5     3.5        5
DAYS >= .10         4               2.4     1.6        2
DAYS >= .50         1               0.4     0.6        1
DAYS >= 1.00        0               0.1    -0.1        0
GREATEST
 24 HR. TOTAL    0.72   01/15 TO 01/16              0.67

SNOWFALL (INCHES)
RECORDS
 TOTAL           23.0   1993
TOTALS            2.2               4.9    -2.7      2.1
SINCE 7/1         5.3              11.4    -6.1      3.3
SNOWDEPTH AVG.      0                                  0
DAYS >= 1.0         1               1.5    -0.5        1
GREATEST
 SNOW DEPTH         2   01/07                          1  01/23
                        01/06                             01/22
                        01/05                             01/21
 24 HR TOTAL      1.6   MM                           1.2

DEGREE_DAYS
HEATING TOTAL     975              1093    -118     1049
 SINCE 7/1       2607              3110    -503     2556
COOLING TOTAL       0                 0       0        0
 SINCE 1/1          0                 0       0        0
.................................................................

WIND (MPH)
AVERAGE WIND SPEED              7.6
HIGHEST WIND SPEED/DIRECTION    28/300    DATE  01/10
HIGHEST GUST SPEED/DIRECTION    38/310    DATE  01/10

SKY COVER
POSSIBLE SUNSHINE (PERCENT)   MM
AVERAGE SKY COVER           0.40
NUMBER OF DAYS FAIR           16
NUMBER OF DAYS PC              7
NUMBER OF DAYS CLOUDY          8

AVERAGE RH (PERCENT)     69

WEATHER CONDITIONS. NUMBER OF DAYS WITH
THUNDERSTORM              0     MIXED PRECIP               0
HEAVY RAIN                0     RAIN                       2
LIGHT RAIN                9     FREEZING RAIN              1
LT FREEZING RAIN          3     HAIL                       0
HEAVY SNOW                0     SNOW                       1
LIGHT SNOW                3     SLEET                      0
FOG                      17     FOG W/VIS <= 1/4 MILE      6
HAZE                     12

-  INDICATES NEGATIVE NUMBERS.
R  INDICATES RECORD WAS SET OR TIED.
MM INDICATES DATA IS MISSING.
T  INDICATES TRACE AMOUNT.

REMARKS...

THE MIDDLE OF THE MONTH BROUGHT THE MOST INTERESTING CONDITIONS.
PERIODS OF FREEZING RAIN AND FREEZING DRIZZLE FROM JANUARY 13 TO 15
LEAD TO SOME TRAFFIC ACCIDENTS...FOLLOWED BY OVER HALF A INCH OF
RAIN ON THE 16TH. THE PRECIPITATION ON THE 16TH WAS NEARLY HALF OF
THE MONTHS TOTAL. FOGGY AND DRIZZLY CONDITIONS DOMINATED JANUARY 18
THROUGH 21 THOUGH BELOW FREEZING TEMPERATURES WERE RARE.

$$
