961
CXUS51 KPHI 010833
CLMTTN


CLIMATE REPORT
NATIONAL WEATHER SERVICE MOUNT HOLLY NJ
432 AM EDT WED NOV 1 2017

...................................

...THE TRENTON NJ CLIMATE SUMMARY FOR THE MONTH OF OCTOBER 2017...

CLIMATE NORMAL PERIOD 1981 TO 2010
CLIMATE RECORD PERIOD 1865 TO 2017

WEATHER         OBSERVED          NORMAL  DEPART  LAST YEAR`S
                 VALUE   DATE(S)  VALUE   FROM    VALUE
                                          NORMAL
.............................................................
TEMPERATURE (F)
RECORD
 HIGH              94   10/05/1941
 LOW               22   10/31/1988
                        10/29/1985
HIGHEST            84                MM      MM       86
LOWEST             37                MM      MM       31
AVG. MAXIMUM     71.4              65.0     6.4     67.5
AVG. MINIMUM     51.9              44.2     7.7     46.8
MEAN             61.6              54.6     7.0     57.2
DAYS MAX >= 90      0               0.0     0.0        0
DAYS MAX <= 32      0               0.0     0.0        0
DAYS MIN <= 32      0               1.3    -1.3        2
DAYS MIN <= 0       0               0.0     0.0        0

PRECIPITATION (INCHES)
RECORD
 MAXIMUM         9.92   2005
 MINIMUM         0.05   1963
TOTALS           5.22              4.18    1.04     2.09
DAILY AVG.       0.17              0.13    0.04     0.07
DAYS >= .01        11                MM      MM        8
DAYS >= .10         6                MM      MM        5
DAYS >= .50         3                MM      MM        2
DAYS >= 1.00        1                MM      MM        0
GREATEST
 24 HR. TOTAL    3.40   10/29 TO 10/30              0.78

DEGREE_DAYS
HEATING TOTAL     160               332    -172      266
 SINCE 7/1        194               397    -203      294
COOLING TOTAL      64                10      54       29
 SINCE 1/1       1149               965     184     1381
..............................................................

WIND (MPH)
AVERAGE WIND SPEED              6.3
HIGHEST WIND SPEED/DIRECTION    28/270    DATE  10/30
HIGHEST GUST SPEED/DIRECTION    40/270    DATE  10/30

SKY COVER
POSSIBLE SUNSHINE (PERCENT)   MM
AVERAGE SKY COVER           0.40
NUMBER OF DAYS FAIR           17
NUMBER OF DAYS PC              6
NUMBER OF DAYS CLOUDY          8

AVERAGE RH (PERCENT)     73

WEATHER CONDITIONS. NUMBER OF DAYS WITH
THUNDERSTORM              0     MIXED PRECIP               0
HEAVY RAIN                6     RAIN                       6
LIGHT RAIN               14     FREEZING RAIN              0
LT FREEZING RAIN          0     HEAVY SNOW                 0
SNOW                      0     LIGHT SNOW                 0
SLEET                     0     FOG                       17
FOG W/VIS <= 1/4 MILE     1     HAZE                       0

-  INDICATES NEGATIVE NUMBERS.
R  INDICATES RECORD WAS SET OR TIED.
MM INDICATES DATA IS MISSING.
T  INDICATES TRACE AMOUNT.

$$
