000
CXUS54 KMEG 071955
CLMTUP


CLIMATE REPORT
NATIONAL WEATHER SERVICE MEMPHIS TN
253 PM CDT SAT OCT 7 2017

...................................

...THE TUPELO CLIMATE SUMMARY FOR THE MONTH OF SEPTEMBER 2017...

CLIMATE NORMAL PERIOD 1981 TO 2010
CLIMATE RECORD PERIOD 1930 TO 2017

WEATHER         OBSERVED          NORMAL  DEPART  LAST YEAR`S
                 VALUE   DATE(S)  VALUE   FROM    VALUE  DATE(S)
                                          NORMAL
................................................................
TEMPERATURE (F)
RECORD
 HIGH             104   09/16/1980
 LOW               35   09/24/1983
HIGHEST            93   09/21        85       8       98  09/25
                                                          09/24
LOWEST             50   09/07        63     -13       51  09/28
AVG. MAXIMUM     85.2              85.5    -0.3     91.5
AVG. MINIMUM     62.5              62.8    -0.3     66.3
MEAN             73.9              74.1    -0.2     78.9
DAYS MAX >= 90     11               7.9     3.1       22
DAYS MAX <= 32      0               0.0     0.0        0
DAYS MIN <= 32      0               0.0     0.0        0
DAYS MIN <= 0       0               0.0     0.0        0

PRECIPITATION (INCHES)
RECORD
 MAXIMUM        10.65   2002
 MINIMUM         0.05   1999
TOTALS           2.28              3.44   -1.16     0.43
DAILY AVG.       0.08              0.11   -0.03     0.01
DAYS >= .01         6               6.5    -0.5        3
DAYS >= .10         4               4.4    -0.4        1
DAYS >= .50         1               2.0    -1.0        0
DAYS >= 1.00        1               1.1    -0.1        0
GREATEST
 24 HR. TOTAL    1.54   08/31 TO 09/01
                        09/01 TO 09/02
                        09/02 TO 09/03

SNOWFALL (INCHES)
RECORDS
 TOTAL            0.0   2002
                        2001
TOTALS            0.0               0.0     0.0      0.0
SINCE 7/1         0.0               0.0     0.0      0.0
SNOWDEPTH AVG.      0                MM      MM        0
DAYS >= 1.0         0               0.0     0.0        0
GREATEST
 SNOW DEPTH         0   MM                             0  MM
 24 HR TOTAL      0.0   09/30 TO 09/30

DEGREE_DAYS
HEATING TOTAL       5                12      -7        0
 SINCE 7/1          5                12      -7        0
COOLING TOTAL     278               286      -8      424
 SINCE 1/1       1976              1958      18     2347
.................................................................

WIND (MPH)
AVERAGE WIND SPEED              5.0
HIGHEST WIND SPEED/DIRECTION    22/020    DATE  09/30
HIGHEST GUST SPEED/DIRECTION    38/290    DATE  09/01

SKY COVER
POSSIBLE SUNSHINE (PERCENT)   MM
AVERAGE SKY COVER           0.20
NUMBER OF DAYS FAIR           27
NUMBER OF DAYS PC              1
NUMBER OF DAYS CLOUDY          2

AVERAGE RH (PERCENT)     68

WEATHER CONDITIONS. NUMBER OF DAYS WITH
THUNDERSTORM              0     MIXED PRECIP               0
HEAVY RAIN                1     RAIN                       3
LIGHT RAIN                6     FREEZING RAIN              0
LT FREEZING RAIN          0     HAIL                       0
HEAVY SNOW                0     SNOW                       0
LIGHT SNOW                0     SLEET                      0
FOG                      14     FOG W/VIS <= 1/4 MILE      0
HAZE                      0

-  INDICATES NEGATIVE NUMBERS.
R  INDICATES RECORD WAS SET OR TIED.
MM INDICATES DATA IS MISSING.
T  INDICATES TRACE AMOUNT.

$$
