000
CXUS56 KPQR 011710
CLMUAO


CLIMATE REPORT
NATIONAL WEATHER SERVICE PORTLAND OREGON
910 AM PST MON DEC 1 2014

...................................

...THE AURORA STATE OR CLIMATE SUMMARY FOR THE MONTH OF NOVEMBER 2014...

CLIMATE NORMAL PERIOD 1981 TO 2010
CLIMATE RECORD PERIOD 9999 TO 9999

WEATHER         OBSERVED          NORMAL  DEPART  LAST YEAR`S
                 VALUE   DATE(S)  VALUE   FROM    VALUE  DATE(S)
                                          NORMAL
................................................................
TEMPERATURE (F)
HIGHEST            63                                 62  11/01
LOWEST             22R                                24  11/22
AVG. MAXIMUM     52.5              52.4     0.1     51.7
AVG. MINIMUM     39.1              39.0     0.1     37.7
MEAN             45.8              45.7     0.1     44.7
DAYS MAX >= 90      0               0.0     0.0        0
DAYS MAX <= 32      0               0.1    -0.1        0
DAYS MIN <= 32      8               5.1     2.9       10
DAYS MIN <= 0       0               0.0     0.0        0

PRECIPITATION (INCHES)
RECORD
 MAXIMUM           MM   MM
 MINIMUM           MM   MM
TOTALS           3.17              6.63   -3.46     3.29
DAYS >= .01        15                MM      MM       17
DAYS >= .10         9                MM      MM        9
DAYS >= .50         2                MM      MM        2
DAYS >= 1.00        0                MM      MM        0
GREATEST
 24 HR. TOTAL    0.80   11/27 TO 11/28

DEGREE_DAYS
HEATING TOTAL     568               579     -11      601
 SINCE 7/1        804              1077    -273     1118
COOLING TOTAL       0                 0       0        0
 SINCE 1/1        538               336     202      426
.................................................................

WIND (MPH)
AVERAGE WIND SPEED              7.4
RESULTANT WIND SPEED/DIRECTION   1/084
HIGHEST WIND SPEED/DIRECTION    29/190    DATE  11/21
HIGHEST GUST SPEED/DIRECTION    44/050    DATE  11/11

SKY COVER
POSSIBLE SUNSHINE (PERCENT)   MM
AVERAGE SKY COVER           0.60

AVERAGE RH (PERCENT)     76

WEATHER CONDITIONS. NUMBER OF DAYS WITH
THUNDERSTORM              0     MIXED PRECIP               0
HEAVY RAIN                5     RAIN                       7
LIGHT RAIN               17     FREEZING RAIN              0
LT FREEZING RAIN          1     HAIL                       0
HEAVY SNOW                0     SNOW                       0
LIGHT SNOW                1     SLEET                      0
FOG                      21     FOG W/VIS <= 1/4 MILE      7
HAZE                      4

-  INDICATES NEGATIVE NUMBERS.
R  INDICATES RECORD WAS SET OR TIED.
MM INDICATES DATA IS MISSING.
T  INDICATES TRACE AMOUNT.

$$
