000
CXUS56 KSEW 011038
CLMUIL


CLIMATE REPORT
NATIONAL WEATHER SERVICE SEATTLE WA
337 AM PDT SUN MAY 1 2016

...................................

...THE QUILLAYUTE WA AIRPORT CLIMATE SUMMARY FOR THE MONTH OF APRIL 2016...

CLIMATE NORMAL PERIOD 1981 TO 2010
CLIMATE RECORD PERIOD 1966 TO 2016

WEATHER         OBSERVED          NORMAL  DEPART  LAST YEAR`S
                 VALUE   DATE(S)  VALUE   FROM    VALUE  DATE(S)
                                          NORMAL
................................................................
TEMPERATURE (F)
RECORD
 HIGH              84   04/30/2014
 LOW               23   04/01/1999
HIGHEST            82   04/07        MM      MM       71  04/27
LOWEST             34   04/26        MM      MM       31  04/09
AVG. MAXIMUM     60.7              54.8     5.9     56.7
AVG. MINIMUM     43.0              38.6     4.4     38.2
MEAN             51.9              46.7     5.2     47.5
DAYS MAX >= 90      0               0.0     0.0        0
DAYS MAX <= 32      0               0.0     0.0        0
DAYS MIN <= 32      0               3.7    -3.7        1
DAYS MIN <= 0       0               0.0     0.0        0

PRECIPITATION (INCHES)
RECORD
 MAXIMUM        13.90   1992
 MINIMUM         1.78   2004
TOTALS           2.21              7.85   -5.64     6.19
DAILY AVG.       0.07              0.26   -0.19     0.21
DAYS >= .01        10              19.0    -9.0       18
DAYS >= .10         6              13.7    -7.7       11
DAYS >= .50         1               5.6    -4.6        4
DAYS >= 1.00        0               1.9    -1.9        1
GREATEST
 24 HR. TOTAL    0.89   04/12 TO 04/12

DEGREE_DAYS
HEATING TOTAL     388               549    -161      521
 SINCE 7/1       4039              5042   -1003     3969
COOLING TOTAL       0                 0       0        0
 SINCE 1/1          0                 0       0        0
.................................................................

WIND (MPH)
AVERAGE WIND SPEED              5.1
HIGHEST WIND SPEED/DIRECTION    26/260    DATE  04/12
HIGHEST GUST SPEED/DIRECTION    35/250    DATE  04/12

SKY COVER
POSSIBLE SUNSHINE (PERCENT)   MM
AVERAGE SKY COVER           0.60
NUMBER OF DAYS FAIR            5
NUMBER OF DAYS PC             10
NUMBER OF DAYS CLOUDY         15

AVERAGE RH (PERCENT)     78

WEATHER CONDITIONS. NUMBER OF DAYS WITH
THUNDERSTORM              0     MIXED PRECIP               0
HEAVY RAIN                2     RAIN                       4
LIGHT RAIN               16     FREEZING RAIN              0
LT FREEZING RAIN          0     HAIL                       0
HEAVY SNOW                0     SNOW                       0
LIGHT SNOW                0     SLEET                      0
FOG                      12     FOG W/VIS <= 1/4 MILE      1
HAZE                      0

-  INDICATES NEGATIVE NUMBERS.
R  INDICATES RECORD WAS SET OR TIED.
MM INDICATES DATA IS MISSING.
T  INDICATES TRACE AMOUNT.

$$
