000
CXUS53 KUNR 011614
CLMUNR


CLIMATE REPORT
NATIONAL WEATHER SERVICE RAPID CITY SD
914 AM MST MON DEC 1 2014

...................................

...THE EAST RAPID CITY SD CLIMATE SUMMARY FOR THE MONTH OF NOVEMBER 2014...

CLIMATE NORMAL PERIOD 1981 TO 2010
CLIMATE RECORD PERIOD 1888 TO 2014

WEATHER         OBSERVED          NORMAL  DEPART  LAST YEAR`S
                 VALUE   DATE(S)  VALUE   FROM    VALUE  DATE(S)
                                          NORMAL
................................................................
TEMPERATURE (F)
RECORD
 HIGH              83   11/07/1999
 LOW              -15   11/14/1959
HIGHEST            66   11/28                         62  11/13
LOWEST             -3   11/14                          8  11/23
                        11/13
AVG. MAXIMUM     40.4              45.8    -5.4     46.3
AVG. MINIMUM     20.1              27.5    -7.4     26.1
MEAN             30.2              36.6    -6.4     36.2
DAYS MAX >= 90      0                                  0
DAYS MAX <= 32     11                                  5
DAYS MIN <= 32     22                                 22
DAYS MIN <= 0       7                                  0

PRECIPITATION (INCHES)
RECORD
 MAXIMUM         3.24   1922
 MINIMUM         0.00   1903
TOTALS           0.66              0.60    0.06     0.32
DAILY AVG.       0.02              0.02    0.00     0.01
DAYS >= .01         6                                  3
DAYS >= .10         2                                  1
DAYS >= .50         0                                  0
DAYS >= 1.00        0                                  0
GREATEST
 24 HR. TOTAL    0.32   11/10 TO 11/10              0.29

SNOWFALL (INCHES)
RECORDS
 TOTAL           21.3   1998
TOTALS           13.7               6.2     7.5      4.3
SINCE 7/1        15.3               8.6     6.7     29.8
SNOWDEPTH AVG.      1                 2      -1        0
DAYS >= 1.0         4               1.5     2.5        1
GREATEST
 SNOW DEPTH         7   11/15                          3  11/06
 24 HR TOTAL      6.0   11/10 TO 11/10               3.4

DEGREE_DAYS
HEATING TOTAL    1036               851     185      858
 SINCE 7/1       1614              1580      34     1589
COOLING TOTAL       0                 0       0        0
 SINCE 1/1        514               665    -151      830
.................................................................

WIND (MPH)
AVERAGE WIND SPEED              9.5
HIGHEST WIND SPEED/DIRECTION    39/320    DATE  11/23
HIGHEST GUST SPEED/DIRECTION    59/330    DATE  11/16

AVERAGE RH (PERCENT)     61

WEATHER CONDITIONS. NUMBER OF DAYS WITH
THUNDERSTORM              0     MIXED PRECIP               0
HEAVY RAIN                0     RAIN                       0
LIGHT RAIN                5     FREEZING RAIN              0
LT FREEZING RAIN          1     HAIL                       0
HEAVY SNOW                1     SNOW                       1
LIGHT SNOW               11     SLEET                      1
FOG                       2     FOG W/VIS <= 1/4 MILE      0
HAZE                      0

-  INDICATES NEGATIVE NUMBERS.
R  INDICATES RECORD WAS SET OR TIED.
MM INDICATES DATA IS MISSING.
T  INDICATES TRACE AMOUNT.

$$
