000
CXUS53 KUNR 011607
CLMUNR


CLIMATE REPORT
NATIONAL WEATHER SERVICE RAPID CITY SD
1006 AM MDT WED JUL 1 2015

...................................

...THE EAST RAPID CITY SD CLIMATE SUMMARY FOR THE MONTH OF JUNE 2015...

CLIMATE NORMAL PERIOD 1981 TO 2010
CLIMATE RECORD PERIOD 1888 TO 2015

WEATHER         OBSERVED          NORMAL  DEPART  LAST YEAR`S
                 VALUE   DATE(S)  VALUE   FROM    VALUE  DATE(S)
                                          NORMAL
................................................................
TEMPERATURE (F)
RECORD
 HIGH             106   06/26/2012
 LOW               31   06/03/1998
HIGHEST            89   06/09                         83  06/26
LOWEST             51   06/04                         43  06/07
                                                          06/06
AVG. MAXIMUM     76.3              76.0     0.3     71.5
AVG. MINIMUM     58.2              54.2     4.0     52.8
MEAN             67.2              65.1     2.1     62.1
DAYS MAX >= 90      0                                  0
DAYS MAX <= 32      0                                  0
DAYS MIN <= 32      0                                  0
DAYS MIN <= 0       0                                  0

PRECIPITATION (INCHES)
RECORD
 MAXIMUM         9.07   1947
 MINIMUM         0.50   1898
TOTALS           6.87              3.16    3.71     6.05
DAILY AVG.       0.23              0.11    0.12     0.20
DAYS >= .01        20                                 19
DAYS >= .10        14                                 13
DAYS >= .50         5                                  5
DAYS >= 1.00        1                                  0
GREATEST
 24 HR. TOTAL    1.37   06/17 TO 06/17              0.95

SNOWFALL (INCHES)
RECORDS
 TOTAL            3.0   1998
TOTALS            0.0               0.0     0.0      0.0
SINCE 7/1        50.7              49.3     1.4     73.5
SNOWDEPTH AVG.      0                MM      MM        0
DAYS >= 1.0         0               0.0     0.0        0
GREATEST
 SNOW DEPTH         0   MM                             0  MM
 24 HR TOTAL      0.0   06/30 TO 06/30               0.0

DEGREE_DAYS
HEATING TOTAL      33                88     -55      108
 SINCE 7/1       6273              6860    -587     7404
COOLING TOTAL     107                91      16       28
 SINCE 1/1        115               109       6       56
.................................................................

WIND (MPH)
AVERAGE WIND SPEED              7.7
HIGHEST WIND SPEED/DIRECTION    43/320    DATE  06/21
HIGHEST GUST SPEED/DIRECTION    61/320    DATE  06/21

AVERAGE RH (PERCENT)     68

WEATHER CONDITIONS. NUMBER OF DAYS WITH
THUNDERSTORM              0     MIXED PRECIP               0
HEAVY RAIN                6     RAIN                       8
LIGHT RAIN               20     FREEZING RAIN              0
LT FREEZING RAIN          0     HAIL                       4
HEAVY SNOW                0     SNOW                       0
LIGHT SNOW                0     SLEET                      0
FOG                       0     FOG W/VIS <= 1/4 MILE      0
HAZE                      0

-  INDICATES NEGATIVE NUMBERS.
R  INDICATES RECORD WAS SET OR TIED.
MM INDICATES DATA IS MISSING.
T  INDICATES TRACE AMOUNT.

$$
