476
CXUS53 KLOT 011436
CLMVPZ


CLIMATE REPORT
NATIONAL WEATHER SERVICE CHICAGO IL
917 AM CDT FRI JUL 1 2016

...................................

...THE VALPARAISO CLIMATE SUMMARY FOR THE MONTH OF JUNE 2016...

CLIMATE NORMAL PERIOD 1981 TO 2010
CLIMATE RECORD PERIOD 1998 TO 2016

WEATHER         OBSERVED          NORMAL  DEPART  LAST YEAR`S
                 VALUE   DATE(S)  VALUE   FROM    VALUE
                                          NORMAL
.............................................................
TEMPERATURE (F)
RECORD
 HIGH             100   06/28/2012
 LOW               38   06/02/2003
                        06/06/1998
HIGHEST            95   06/11        80      15       91
LOWEST             48   06/08        58     -10       43
AVG. MAXIMUM     83.3              79.7     3.6     78.2
AVG. MINIMUM     59.2              58.5     0.7     58.2
MEAN             71.2              69.1     2.1     68.2

PRECIPITATION (INCHES)
RECORD
 MAXIMUM         8.23   2014
 MINIMUM         1.13   2007
TOTALS           0.25R             3.91   -3.66     5.61

DEGREE_DAYS
HEATING TOTAL      20                41     -21       27
 SINCE 7/1       5258              6320   -1062     6845
COOLING TOTAL     200               164      36      132
 SINCE 1/1        277               211      66      208
..............................................................

WIND (MPH)
AVERAGE WIND SPEED              7.2
HIGHEST WIND SPEED/DIRECTION    29/270    DATE  06/06
HIGHEST GUST SPEED/DIRECTION    38/260    DATE  06/20

AVERAGE RH (PERCENT)     65


-  INDICATES NEGATIVE NUMBERS.
R  INDICATES RECORD WAS SET OR TIED.
MM INDICATES DATA IS MISSING.
T  INDICATES TRACE AMOUNT.

$$
