283
CXUS53 KLOT 011249
CLMVPZ


CLIMATE REPORT
NATIONAL WEATHER SERVICE CHICAGO IL
630 AM CST THU DEC 1 2016

...................................

...THE VALPARAISO CLIMATE SUMMARY FOR THE MONTH OF NOVEMBER 2016...

CLIMATE NORMAL PERIOD 1981 TO 2010
CLIMATE RECORD PERIOD 1998 TO 2016

WEATHER         OBSERVED          NORMAL  DEPART  LAST YEAR`S
                 VALUE   DATE(S)  VALUE   FROM    VALUE
                                          NORMAL
.............................................................
TEMPERATURE (F)
RECORD
 HIGH              79   11/01/2016
 LOW               10   11/22/2015
                        11/18/2014
                        01/05/1999
HIGHEST            79R  11/01                         75
LOWEST             26   11/22                         10
AVG. MAXIMUM     56.5              48.6     7.9     54.8
AVG. MINIMUM     38.5              32.9     5.6     35.3
MEAN             47.5              40.7     6.8     45.1

PRECIPITATION (INCHES)
RECORD
 MAXIMUM         4.35   2004
 MINIMUM         0.28   2012
TOTALS           2.53              3.33   -0.80     2.09

DEGREE_DAYS
HEATING TOTAL     523               728    -205      592
 SINCE 7/1        813              1258    -445      976
COOLING TOTAL       4                 0       4        1
 SINCE 1/1       1017               713     304      738
..............................................................

WIND (MPH)
AVERAGE WIND SPEED              8.6
HIGHEST WIND SPEED/DIRECTION    32/250    DATE  11/19
HIGHEST GUST SPEED/DIRECTION    41/300    DATE  11/19

AVERAGE RH (PERCENT)     70


-  INDICATES NEGATIVE NUMBERS.
R  INDICATES RECORD WAS SET OR TIED.
MM INDICATES DATA IS MISSING.
T  INDICATES TRACE AMOUNT.

$$
