000
CXUS56 KPQR 011650
CLMVUO


CLIMATE REPORT
NATIONAL WEATHER SERVICE PORTLAND OREGON
850 AM PST THU DEC 1 2016

...................................

...THE VANCOUVER WA CLIMATE SUMMARY FOR THE MONTH OF NOVEMBER 2016...

CLIMATE NORMAL PERIOD 1981 TO 2010
CLIMATE RECORD PERIOD 1891 TO 2016

WEATHER         OBSERVED          NORMAL  DEPART  LAST YEAR`S
                 VALUE   DATE(S)  VALUE   FROM    VALUE  DATE(S)
                                          NORMAL
................................................................
TEMPERATURE (F)
RECORD
 HIGH              72   11/03/2010
                        11/08/1905
 LOW                6   11/28/1896
HIGHEST            68                MM      MM       63  11/06
                                                          11/01
LOWEST             34                MM      MM       19  11/30
AVG. MAXIMUM     57.7              53.1     4.6     51.6
AVG. MINIMUM     46.0              39.8     6.2     36.2
MEAN             51.8              46.4     5.4     43.9
DAYS MAX >= 90      0               0.0     0.0        0
DAYS MAX <= 32      0               0.1    -0.1        0
DAYS MIN <= 32      0               4.3    -4.3       10
DAYS MIN <= 0       0               0.0     0.0        0

PRECIPITATION (INCHES)
TOTALS           6.88                               4.57
DAYS >= .01        21                                 17
DAYS >= .10        13                                 11
DAYS >= .50         4                                  2
DAYS >= 1.00        1                                  0
GREATEST
 24 HR. TOTAL    2.23   11/24 TO 11/25

DEGREE_DAYS
HEATING TOTAL     391                                627
 SINCE 7/1        788                                932
COOLING TOTAL       0                                  0
 SINCE 1/1        407                                660
.................................................................

WIND (MPH)
AVERAGE WIND SPEED              5.0
RESULTANT WIND SPEED/DIRECTION   4/131
HIGHEST WIND SPEED/DIRECTION    21/100    DATE  11/18
HIGHEST GUST SPEED/DIRECTION    30/200    DATE  11/24

SKY COVER
POSSIBLE SUNSHINE (PERCENT)   MM
AVERAGE SKY COVER           0.70

AVERAGE RH (PERCENT)     78

WEATHER CONDITIONS. NUMBER OF DAYS WITH
THUNDERSTORM              0     MIXED PRECIP               0
HEAVY RAIN                1     RAIN                       7
LIGHT RAIN               24     FREEZING RAIN              0
LT FREEZING RAIN          0     HAIL                       0
HEAVY SNOW                0     SNOW                       0
LIGHT SNOW                0     SLEET                      0
FOG                      18     FOG W/VIS <= 1/4 MILE      2
HAZE                      2

-  INDICATES NEGATIVE NUMBERS.
R  INDICATES RECORD WAS SET OR TIED.
MM INDICATES DATA IS MISSING.
T  INDICATES TRACE AMOUNT.

$$
