000
CXUS56 KMTR 021737
CLMWVI


CLIMATE REPORT
NATIONAL WEATHER SERVICE SAN FRANCISCO BAY AREA
937 AM PST SAT DEC 2 2017

...................................

...THE WATSONVILLE AIRPORT CLIMATE SUMMARY FOR THE MONTH OF NOVEMBER 2017...

CLIMATE NORMAL PERIOD 1981 TO 2010
CLIMATE RECORD PERIOD 1998 TO 2017

WEATHER         OBSERVED          NORMAL   LAST YEAR`S
                 VALUE   DATE(S)  VALUE    VALUE  DATE(S)

.........................................................
TEMPERATURE (F)
HIGHEST            82   11/21        MM        81  11/10
LOWEST             38   11/06        MM        35  11/30
AVG. MAXIMUM     68.3                        67.1
AVG. MINIMUM     46.8                        46.0
MEAN             57.6              54.6      56.5
DAYS MAX >= 90      0                           0
DAYS MAX <= 32      0                           0
DAYS MIN <= 32      0                           0
DAYS MIN <= 0       0                           0

PRECIPITATION (INCHES)
RECORD
 MAXIMUM           MM   MM
 MINIMUM           MM   MM
TOTALS           2.03                        1.89
DAILY AVG.       0.07                        0.07
DAYS >= .01         7                           6
DAYS >= .10         4                           4
DAYS >= .50         1                           2
DAYS >= 1.00        1                           0
GREATEST
 24 HR. TOTAL    1.11   11/16 TO 11/16    11/19 TO 11/20
                                                   11/30 TO 11/30
                                                   11/30 TO 11/30

DEGREE_DAYS
HEATING TOTAL     213                         251
 SINCE 7/1        468                         668
COOLING TOTAL       5                           4
 SINCE 1/1        239                          92
..........................................................

WIND (MPH)
AVERAGE WIND SPEED              3.4
RESULTANT WIND SPEED/DIRECTION   1/252
HIGHEST WIND SPEED/DIRECTION    24/230    DATE  11/27
HIGHEST GUST SPEED/DIRECTION    31/190    DATE  11/16

SKY COVER
POSSIBLE SUNSHINE (PERCENT)   MM
AVERAGE SKY COVER           0.30
NUMBER OF DAYS FAIR           18
NUMBER OF DAYS PC              6
NUMBER OF DAYS CLOUDY          6

AVERAGE RH (PERCENT)     75

WEATHER CONDITIONS. NUMBER OF DAYS WITH
THUNDERSTORM              0     MIXED PRECIP               0
HEAVY RAIN                3     RAIN                       4
LIGHT RAIN                7     FREEZING RAIN              0
LT FREEZING RAIN          0     HAIL                       0
HEAVY SNOW                0     SNOW                       0
LIGHT SNOW                0     SLEET                      0
FOG                      11     FOG W/VIS <= 1/4 MILE      2
HAZE                      2

-  INDICATES NEGATIVE NUMBERS.
R  INDICATES RECORD WAS SET OR TIED.
MM INDICATES DATA IS MISSING.
T  INDICATES TRACE AMOUNT.

$$
