000
CXUS51 KCLE 050342
CLMYNG


CLIMATE REPORT
NATIONAL WEATHER SERVICE CLEVELAND OH
1035 PM EST THU JAN 4 2018

...................................

...THE YOUNGSTOWN OH CLIMATE SUMMARY FOR THE MONTH OF DECEMBER 2017...

CLIMATE NORMAL PERIOD 1981 TO 2010
CLIMATE RECORD PERIOD 1897 TO 2018

WEATHER         OBSERVED          NORMAL  DEPART  LAST YEAR`S
                 VALUE   DATE(S)  VALUE   FROM    VALUE
                                          NORMAL
.............................................................
TEMPERATURE (F)
RECORD
 HIGH              76   12/03/1982
 LOW              -12   12/22/1989
                        12/25/1983
                        12/24/1983
HIGHEST            54   12/05
                        12/04
                        12/03
LOWEST              0   12/31
AVG. MAXIMUM     34.7              36.5    -1.8     35.8
AVG. MINIMUM     20.5              24.0    -3.5     24.1
MEAN             27.6              30.3    -2.7     30.0
DAYS MAX >= 90      0               0.0     0.0        0
DAYS MAX <= 32     12              10.9     1.1        8
DAYS MIN <= 32     28              24.7     3.3       24
DAYS MIN <= 0       1               0.6     0.4        0

PRECIPITATION (INCHES)
RECORD
 MAXIMUM         6.53   1990
 MINIMUM         0.88
TOTALS           2.11              2.99   -0.88     3.57
DAYS >= .01        16              17.2    -1.2       20
DAYS >= .10         6               7.9    -1.9       10
DAYS >= .50         1               1.4    -0.4        2
DAYS >= 1.00        0               0.3    -0.3        0
GREATEST
 24 HR. TOTAL    0.78   12/23                       0.82

SNOWFALL (INCHES)
RECORDS
 TOTAL           53.1   2010
TOTALS           19.0              15.0     4.0     23.3
SINCE 7/1        20.0              19.4     0.6     27.7
DAYS >= 1.0         6               4.8     1.2        8
GREATEST
 24 HR TOTAL      4.8   12/13

DEGREE_DAYS
HEATING TOTAL    1151              1077      74     1079
 SINCE 7/1       2249              2406    -157     2051
COOLING TOTAL       0                 0       0        0
 SINCE 1/1        658               544     114      879
..............................................................

WIND (MPH)
AVERAGE WIND SPEED              8.6
HIGHEST WIND SPEED/DIRECTION    32/240    DATE  12/05
HIGHEST GUST SPEED/DIRECTION    41/250    DATE  12/25

SKY COVER
AVERAGE SKY COVER           0.80

AVERAGE RH (PERCENT)     72

WEATHER CONDITIONS. NUMBER OF DAYS WITH
THUNDERSTORM              0     MIXED PRECIP               0
HEAVY RAIN                0     RAIN                       1
LIGHT RAIN                5     FREEZING RAIN              0
LT FREEZING RAIN          1     HAIL                       1
HEAVY SNOW                0     SNOW                       4
LIGHT SNOW               18     SLEET                      1
FOG                      21     FOG W/VIS <= 1/4 MILE      0
HAZE                      4

-  INDICATES NEGATIVE NUMBERS.
R  INDICATES RECORD WAS SET OR TIED.
MM INDICATES DATA IS MISSING.
T  INDICATES TRACE AMOUNT.

$$
