000
CXUS55 KPUB 082011 CCA
CLSALS

CLIMATE REPORT...COR NORMAL PRECIPITATION
NATIONAL WEATHER SERVICE PUEBLO
1010 PM MDT SAT SEP 3 2016

...................................

...THE ALAMOSA CO CLIMATE SUMMARY FOR THE SEASON, FROM
6/1/2016 TO 8/31/2016...

CLIMATE NORMAL PERIOD 1981 TO 2010
CLIMATE RECORD PERIOD 1932 TO 2016

WEATHER         OBSERVED          NORMAL  DEPART  LAST YEAR`S
                 VALUE   DATE(S)  VALUE   FROM    VALUE  DATE(S)
                                          NORMAL
................................................................
TEMPERATURE (F)
RECORD
 HIGH              96   07/05/1989
 LOW               23   06/03/1936

HIGHEST            93   06/19                         92  06/22
                                                          06/21
LOWEST             34   08/28                         34  06/03
AVG. MAXIMUM     82.1              80.1     2.0     81.4
AVG. MINIMUM     45.6              44.5     1.1     46.0
MEAN             63.8              62.3     1.5     63.7
DAYS MAX >= 90      6               1.6     4.4
DAYS MAX <= 32      0               0.0     0.0
DAYS MIN <= 32      0               1.8    -1.8
DAYS MIN <= 0       0               0.0     0.0

PRECIPITATION (INCHES)
RECORD
 MAXIMUM         6.04   2001
 MINIMUM         0.75   1980

TOTALS           2.98              2.73    0.25     3.03
DAILY AVG.       0.03              0.03    0.00
DAYS >= .01        17              23.2    -6.2
DAYS >= .10         7               8.1    -1.1
DAYS >= .50         2               0.9     1.1
DAYS >= 1.00        0               0.1    -0.1
GREATEST
 24 HR. TOTAL    0.78   08/05 TO 08/05

SNOWFALL (INCHES)
RECORDS
 TOTAL            1.2   1950

TOTALS            0.0               0.0     0.0      0.0
SINCE 7/1         0.0               0.0     0.0      0.0
SNOWDEPTH AVG.      0
DAYS >= 1.0         0               0.0     0.0
GREATEST
 SNOW DEPTH         0                                  0
 24 HR TOTAL      0.0                                0.0

DEGREE_DAYS
HEATING TOTAL     200               297     -97      168
 SINCE 7/1        144               129      15       92
COOLING TOTAL     115                51      64       74
 SINCE 1/1        115                51      64       74
.................................................................

WIND (MPH)
AVERAGE WIND SPEED              6.9
HIGHEST WIND SPEED/DIRECTION    40/260    DATE  06/13
HIGHEST GUST SPEED/DIRECTION    50/260    DATE  06/13

SKY COVER
POSSIBLE SUNSHINE (PERCENT)   MM
AVERAGE SKY COVER           0.10
NUMBER OF DAYS FAIR           82
NUMBER OF DAYS PC              7
NUMBER OF DAYS CLOUDY          1

AVERAGE RH (PERCENT)     54

WEATHER CONDITIONS. NUMBER OF DAYS WITH
THUNDERSTORM             27     MIXED PRECIP               0
HEAVY RAIN                6     RAIN                      10
LIGHT RAIN               37     FREEZING RAIN              0
LT FREEZING RAIN          0     HAIL                       0
HEAVY SNOW                0     SNOW                       0
LIGHT SNOW                0     SLEET                      0
FOG                       9     FOG W/VIS <= 1/4 MILE      2
HAZE                      9

-  INDICATES NEGATIVE NUMBERS.
R  INDICATES RECORD WAS SET OR TIED.
MM INDICATES DATA IS MISSING.
T  INDICATES TRACE AMOUNT.

$$
