000
CXUS53 KGRB 030326 CCA
CLSAUW

SEASONAL CLIMATE REPORT
NATIONAL WEATHER SERVICE GREEN BAY
1020 PM CDT TUE SEP 2 2014

...THE WAUSAU WI SUMMER CLIMATE SUMMARY FROM 6/1/2014 TO 8/31/2014...

...TIED 18TH WETTEST SUMMER ON RECORD...

................................................................

CLIMATE NORMAL PERIOD 1981 TO 2010
CLIMATE RECORD PERIOD 1896 TO 2014

WEATHER         OBSERVED          NORMAL  DEPART  LAST YEAR`S
                 VALUE   DATE(S)  VALUE   FROM    VALUE  DATE(S)
                                          NORMAL
................................................................
TEMPERATURE (F)
RECORD
 HIGH             107   07/13/1936
 LOW               29   06/01/1897
HIGHEST            87   07/22        94      -7       92  08/25
                                                          07/17
                                                          07/16
LOWEST             44   07/16        40       4       40  06/03
AVG. MAXIMUM     77.1              77.9    -0.8     78.3
AVG. MINIMUM     57.2              56.5     0.7     57.1
MEAN             67.2              67.2     0.0     67.7
DAYS MAX >= 90      0               3.9    -3.9        6
DAYS MAX <= 32      0               0.0     0.0        0
DAYS MIN <= 32      0               0.0     0.0        0
DAYS MIN <= 0       0               0.0     0.0        0

PRECIPITATION (INCHES)
RECORD
 MAXIMUM        20.60   1995
 MINIMUM         5.58   1976
TOTALS          15.21             12.30    2.91    13.16
DAILY AVG.       0.16              0.13    0.03     0.14
DAYS >= .01        44              34.5     9.5       38
DAYS >= .10        32              21.8    10.2       28
DAYS >= .50        10               8.0     2.0        6
DAYS >= 1.00        3               3.1    -0.1        5

SNOWFALL (INCHES)
RECORDS
 TOTAL            0.0   MM
 24 HR TOTAL       MM
TOTALS            0.0               0.0     0.0      0.0
SINCE 7/1         0.0               0.0     0.0      0.0
DAYS >= TRACE       0               0.0     0.0        0
DAYS >= 1.0         0               0.0     0.0        0
GREATEST
 SNOW DEPTH         0   MM                             0  MM
 24 HR TOTAL      0.0   MM

DEGREE_DAYS
HEATING TOTAL      76               154     -78      142
 SINCE 7/1         54                66     -12       56
COOLING TOTAL     301               356     -55      413
 SINCE 1/1        326               375     -49      450

FREEZE DATES
RECORD
 EARLIEST     08/30/1915
 LATEST       06/12/1903
EARLIEST                        10/02
LATEST                          05/05
.................................................................

WIND (MPH)
AVERAGE WIND SPEED              7.2
HIGHEST WIND SPEED/DIRECTION    31/160    DATE  06/15
HIGHEST GUST SPEED/DIRECTION    40/250    DATE  08/29

SKY COVER
POSSIBLE SUNSHINE (PERCENT)   MM
AVERAGE SKY COVER           0.50
NUMBER OF DAYS FAIR           37
NUMBER OF DAYS PC             41
NUMBER OF DAYS CLOUDY         14

AVERAGE RH (PERCENT)     73

WEATHER CONDITIONS. NUMBER OF DAYS WITH
THUNDERSTORM             26     MIXED PRECIP               0
HEAVY RAIN               20     RAIN                      23
LIGHT RAIN               58     FREEZING RAIN              0
LT FREEZING RAIN          0     HAIL                       0
HEAVY SNOW                0     SNOW                       0
LIGHT SNOW                0     SLEET                      0
FOG                      50     FOG W/VIS <= 1/4 MILE      4
HAZE                     10

-  INDICATES NEGATIVE NUMBERS.
R  INDICATES RECORD WAS SET OR TIED.
MM INDICATES DATA IS MISSING.
T  INDICATES TRACE AMOUNT.
...................................

$$
ECKBERG
