000
CXUS51 KCTP 010943
CLSBFD

CLIMATE REPORT
NATIONAL WEATHER SERVICE STATE COLLEGE PA
535 AM EDT MON SEP 1 2014

...................................

...THE BRADFORD CLIMATE SUMMARY FOR THE SEASON, FROM
6/1/2014 TO 8/31/2014...

CLIMATE NORMAL PERIOD 1981 TO 2010
CLIMATE RECORD PERIOD 1957 TO 2014

WEATHER         OBSERVED          NORMAL  DEPART  LAST YEAR`S
                 VALUE   DATE(S)  VALUE   FROM    VALUE  DATE(S)
                                          NORMAL
................................................................
TEMPERATURE (F)
RECORD
 HIGH              97   07/22/2011
                        07/16/1988
 LOW               25   08/29/1986
                        06/11/1972
HIGHEST            85   07/01        MM      MM       88  07/18
                                                          07/15
                                                          07/17
LOWEST             38   08/16        MM      MM       37  06/04
                        06/20
                        06/15
AVG. MAXIMUM     74.8              75.5    -0.7     75.7
AVG. MINIMUM     52.1              51.6     0.5     54.0
MEAN             63.5              63.6    -0.1     64.8
DAYS MAX >= 90      0                MM      MM        0
DAYS MAX <= 32      0                MM      MM        0
DAYS MIN <= 32      0                MM      MM        0
DAYS MIN <= 0       0                MM      MM        0

PRECIPITATION (INCHES)
RECORD
 MAXIMUM        21.21   1994
 MINIMUM         5.77   1966
TOTALS          15.39             13.21    2.18    10.38
DAILY AVG.       0.17              0.14    0.03     0.11
DAYS >= .01        37                MM      MM       42
DAYS >= .10        30                MM      MM       27
DAYS >= .50        10                MM      MM        5
DAYS >= 1.00        4                MM      MM        2
GREATEST
 24 HR. TOTAL    2.69   MM

 STORM TOTAL       MM                                 MM
 (MM/DD(HH))            MM


DEGREE_DAYS
HEATING TOTAL     269               298     -29      240
 SINCE 7/1         MM               153      MM      136
COOLING TOTAL     152               167     -15      252
 SINCE 1/1        170               177      -7      295

FREEZE DATES
RECORD
 EARLIEST     08/05/1972
 LATEST       06/30/1961
EARLIEST                        MM
LATEST                          MM
..................................................

WIND (MPH)
AVERAGE WIND SPEED              5.0
RESULTANT WIND SPEED/DIRECTION   1/225
HIGHEST WIND SPEED/DIRECTION    24/310    DATE  07/03
HIGHEST GUST SPEED/DIRECTION    37/MM     DATE   MM

SKY COVER
POSSIBLE SUNSHINE (PERCENT)   MM
AVERAGE SKY COVER           0.50
NUMBER OF DAYS FAIR           33
NUMBER OF DAYS PC             43
NUMBER OF DAYS CLOUDY         16

AVERAGE RH (PERCENT)     75

WEATHER CONDITIONS. NUMBER OF DAYS WITH
THUNDERSTORM             21     MIXED PRECIP               0
HEAVY RAIN               20     RAIN                      25
LIGHT RAIN               47     FREEZING RAIN              0
LT FREEZING RAIN          0     HAIL                       0
HEAVY SNOW                0     SNOW                       0
LIGHT SNOW                0     SLEET                      0
FOG                      74     FOG W/VIS <= 1/4 MILE     24
HAZE                     14

-  INDICATES NEGATIVE NUMBERS.
R  INDICATES RECORD WAS SET OR TIED.
MM INDICATES DATA IS MISSING.
T  INDICATES TRACE AMOUNT.

$$

LA CORTE
