122
CXUS51 KCLE 040504
CLSCAK


CLIMATE REPORT
NATIONAL WEATHER SERVICE CLEVELAND OH
1200 AM EST SAT MAR 4 2017

...................................

...THE AKRON CANTON OH CLIMATE SUMMARY FOR THE SEASON, FROM
12/1/2016 TO 2/28/2017...

CLIMATE NORMAL PERIOD 1981 TO 2010
CLIMATE RECORD PERIOD 1887 TO 2017

WEATHER         OBSERVED          NORMAL  DEPART
                 VALUE   DATE(S)  VALUE   FROM
                                          NORMAL
................................................
TEMPERATURE (F)
RECORD
 HIGH              76   12/03/1982
 LOW              -25   01/19/1994
HIGHEST            76R  02/24
LOWEST             -1   01/07
                        01/06
AVG. MAXIMUM     41.9              35.6     6.3
AVG. MINIMUM     27.4              21.4     6.0
MEAN             34.7              28.5     6.2
DAYS MAX >= 90      0               0.0
DAYS MAX <= 32     23              35.1
DAYS MIN <= 32     62              75.3
DAYS MIN <= 0       2               3.4

PRECIPITATION (INCHES)
RECORD
 MAXIMUM        15.09   1950
 MINIMUM         2.96   1906
TOTALS          11.51              7.76    3.75
DAYS >= .01        49              47.4
DAYS >= .10        27              20.6
DAYS >= .50         7               3.8
DAYS >= 1.00        1               0.8

SNOWFALL (INCHES)
RECORDS
 TOTAL           65.9   1978
TOTALS           19.0              33.1
DAYS >= TRACE      42
DAYS >= 1.0         6              11.4

DEGREE_DAYS
HEATING TOTAL    2722              3284    -562
COOLING TOTAL       2                 0       2
.................................................

WIND (MPH)
HIGHEST GUST SPEED/DIRECTION    50/280    DATE  01/10

SKY COVER
POSSIBLE SUNSHINE (PERCENT)   MM
NUMBER OF DAYS FAIR            7
NUMBER OF DAYS PC             19
NUMBER OF DAYS CLOUDY         64


WEATHER CONDITIONS. NUMBER OF DAYS WITH
THUNDERSTORM              0     MIXED PRECIP               0
HEAVY RAIN                4     RAIN                      14
LIGHT RAIN               40     FREEZING RAIN              0
LT FREEZING RAIN          5     HAIL                       0
HEAVY SNOW                2     SNOW                      12
LIGHT SNOW               41     SLEET                      4
FOG                      53     FOG W/VIS <= 1/4 MILE      6
HAZE                     45

-  INDICATES NEGATIVE NUMBERS.
R  INDICATES RECORD WAS SET OR TIED.
MM INDICATES DATA IS MISSING.
T  INDICATES TRACE AMOUNT.

$$
