716
CXUS55 KPUB 011911
CLSCOS

CLIMATE REPORT
NATIONAL WEATHER SERVICE PUEBLO
1155 AM MST FRI DEC 1 2017

...................................

...THE COLORADO SPRINGS CO CLIMATE SUMMARY FOR THE SEASON, FROM
9/1/2017 TO 11/30/2017...

CLIMATE NORMAL PERIOD 1981 TO 2010
CLIMATE RECORD PERIOD 1872 TO 2017

WEATHER         OBSERVED          NORMAL  DEPART  LAST YEAR`S
                 VALUE   DATE(S)  VALUE   FROM    VALUE  DATE(S)
                                          NORMAL
................................................................
TEMPERATURE (F)
RECORD
 HIGH              95   09/03/2017
                        09/17/1936
                        09/17/1936
 LOW              -12   11/14/1916
                        11/13/1916
HIGHEST            95R  09/03                         90  09/20
LOWEST             20   10/27                         10  11/30
AVG. MAXIMUM     66.7              62.8     3.9     71.0
AVG. MINIMUM     39.3              36.1     3.2     41.0
MEAN             53.0              49.5     3.5     56.0
DAYS MAX >= 90      1               0.5     0.5
DAYS MAX <= 32      0               3.0    -3.0
DAYS MIN <= 32     30              33.3    -3.3
DAYS MIN <= 0       0               0.2    -0.2

PRECIPITATION (INCHES)
RECORD
 MAXIMUM         7.50   1909
 MINIMUM         0.23   2016
TOTALS           3.15              2.41    0.74     0.23
DAILY AVG.       0.04              0.03    0.01
DAYS >= .01        18              16.9     1.1
DAYS >= .10         6               6.9    -0.9
DAYS >= .50         3               1.2     1.8
DAYS >= 1.00        1               0.2     0.8
GREATEST
 24 HR. TOTAL    1.12   09/23 TO 09/24

SNOWFALL (INCHES)
RECORDS
 TOTAL           37.7   1959
TOTALS            1.6               7.8    -6.2        T
SINCE 7/1         1.6               7.8    -6.2        T
SNOWDEPTH AVG.      0
DAYS >= 1.0         0               2.3    -2.3
GREATEST
 SNOW DEPTH         1   10/31                          0
                        11/08
 24 HR TOTAL      0.7   11/07 TO 11/08                 T

DEGREE_DAYS
HEATING TOTAL    1159              1451    -292      882
 SINCE 7/1       1168              1481    -313      903
COOLING TOTAL      91                37      54       84
 SINCE 1/1        639               455     184      710
.................................................................

WIND (MPH)
AVERAGE WIND SPEED              9.3
HIGHEST WIND SPEED/DIRECTION    41/260    DATE  11/04
HIGHEST GUST SPEED/DIRECTION    59/290    DATE  11/04

SKY COVER
POSSIBLE SUNSHINE (PERCENT)   MM
AVERAGE SKY COVER           0.50
NUMBER OF DAYS FAIR           22
NUMBER OF DAYS PC             50
NUMBER OF DAYS CLOUDY         19

AVERAGE RH (PERCENT)     52

WEATHER CONDITIONS. NUMBER OF DAYS WITH
THUNDERSTORM              9     MIXED PRECIP               0
HEAVY RAIN                3     RAIN                       5
LIGHT RAIN               27     FREEZING RAIN              0
LT FREEZING RAIN          2     HAIL                       0
HEAVY SNOW                0     SNOW                       2
LIGHT SNOW                8     SLEET                      0
FOG                      23     FOG W/VIS <= 1/4 MILE      9
HAZE                     16

-  INDICATES NEGATIVE NUMBERS.
R  INDICATES RECORD WAS SET OR TIED.
MM INDICATES DATA IS MISSING.
T  INDICATES TRACE AMOUNT.

$$
