000
CXUS53 KLSX 011646
CLSCOU

CLIMATE REPORT
NATIONAL WEATHER SERVICE ST LOUIS MO
1102 AM CDT THU SEP 1 2016

...................................

...THE COLUMBIA CLIMATE SUMMARY FOR THE SEASON, FROM
6/1/2016 TO 8/31/2016...

CLIMATE NORMAL PERIOD 1981 TO 2010
CLIMATE RECORD PERIOD 1890 TO 2016

WEATHER         OBSERVED          NORMAL  DEPART
                 VALUE   DATE(S)  VALUE   FROM
                                          NORMAL
................................................
TEMPERATURE (F)
RECORD
 HIGH             113   07/14/1954
                        07/12/1954
 LOW               40   06/05/1993
                        08/31/1915
HIGHEST            99   06/15
LOWEST             56   06/08
                        06/07
AVG. MAXIMUM     87.1              85.9     1.2
AVG. MINIMUM     68.3              65.1     3.2
MEAN             77.7              75.5     2.2
DAYS MAX >= 90     39
DAYS MAX <= 32      0
DAYS MIN <= 32      0
DAYS MIN <= 0       0

PRECIPITATION (INCHES)
RECORD
 MAXIMUM        25.81   1993
 MINIMUM         2.24   1976
TOTALS          18.21             13.20    5.01
DAYS >= .01        32
DAYS >= .10        22
DAYS >= .50         9
DAYS >= 1.00        5
GREATEST
 24 HR. TOTAL    5.07   07/02 TO 07/03


DEGREE_DAYS
HEATING TOTAL       0                14     -14
 SINCE 7/1          0                 2      -2
COOLING TOTAL    1187               979     208
 SINCE 1/1       1311              1083     228
.................................................

WIND (MPH)
HIGHEST WIND SPEED/DIRECTION    43/320    DATE  07/07
HIGHEST GUST SPEED/DIRECTION    56/300    DATE  07/07


WEATHER CONDITIONS. NUMBER OF DAYS WITH
THUNDERSTORM             32     HAIL                       0
FOG W/VIS <= 1/4 MILE     7

-  INDICATES NEGATIVE NUMBERS.
R  INDICATES RECORD WAS SET OR TIED.
MM INDICATES DATA IS MISSING.
T  INDICATES TRACE AMOUNT.


...SEASONAL...

MOST CONSECUTIVE DAYS WITH A MINIMUM TEMPERATURE GREATER THAN OR EQUAL
TO 65 DEGREES (47 DAYS...PREVIOUS 43 DAYS IN 2012).

11TH WETTEST METEOROLOGICAL SUMMER ON RECORD (18.21 INCHES).


...MONTHLY...

3RD WETTEST JULY ON RECORD (10.91 INCHES).

TIED 4TH MOST OCCURRENCES OF RECORDING AT LEAST ONE INCH OF RAINFALL
WITHIN THE MONTH OF JULY (3 DAYS).

RAINFALL TOTAL OF 5.07 INCHES BETWEEN 07/02 AND 07/03 WAS 3RD WETTEST
24-HR PERIOD WITHIN THE MONTH OF JULY ON RECORD.

9TH WARMEST JUNE ON RECORD (77.9 DEGREES).

MOST CONSECUTIVE DAYS WITH A MAXIMUM TEMEPRATURE GREATER THAN OR EQUAL
TO 90 DEGREES WITHIN THE MONTH OF JUNE (19 DAYS).

2ND MOST CONSECUTIVE DAYS WITH A MINIMUM TEMPERATURE GREATER THAN OR
EQUAL TO 65 DEGREES WITHIN THE MONTH OF JUNE (19 DAYS).

14TH DRIEST JUNE ON RECORD (1.46 INCHES).


...DAILY...

1 RECORD HIGH TEMPERATURE SET (99 DEGREES ON 06/15...PREVIOUS 96
DEGREES LAST SET IN 1952).

2 RECORD LOW MAXIMUM TEMPERATURES SET (07/03 AND 07/02).

1 RECORD HIGH MINIMUM TEMPERATURE SET (76 DEGREES ON 06/15...PREVIOUS
73 DEGREES IN 1967).

2 RECORD RAINFALL VALUES SET (08/02 AND 07/03).


GOSSELIN

$$
