000
CXUS51 KRNK 011043 RRC
CLSDAN

CLIMATE REPORT
NATIONAL WEATHER SERVICE BLACKSBURG VA
538 AM EST TUE DEC 1 2015

...................................

...THE DANVILLE VA CLIMATE SUMMARY FOR THE SEASON, FROM
9/1/2015 TO 11/30/2015...

CLIMATE NORMAL PERIOD 1981 TO 2010
CLIMATE RECORD PERIOD 1948 TO 2015

WEATHER         OBSERVED          NORMAL  DEPART  LAST YEAR`S
                 VALUE   DATE(S)  VALUE   FROM    VALUE
                                          NORMAL
.............................................................
TEMPERATURE (F)
RECORD
 HIGH             104   09/06/1954
 LOW               15   11/19/2014
                        11/25/2013
                        11/25/1970
HIGHEST            94   09/02                         94
LOWEST             24   11/24                         15
AVG. MAXIMUM     72.5              70.0     2.5     69.9
AVG. MINIMUM     50.7              49.1     1.6     48.0
MEAN             61.6              59.5     2.1     58.9
DAYS MAX >= 90      5               2.6     2.4        3
DAYS MAX <= 32      0               0.0     0.0        0
DAYS MIN <= 32      9               9.6    -0.6       15
DAYS MIN <= 0       0               0.0     0.0        0

PRECIPITATION (INCHES)
RECORD
 MAXIMUM        19.93   1996
 MINIMUM         2.31   2001
TOTALS          18.18             10.85    7.33    10.73
DAILY AVG.       0.20              0.12    0.08     0.12
DAYS >= .01        32              24.8     7.2       26
DAYS >= .10        21              15.1     5.9       17
DAYS >= .50        13               7.0     6.0        7
DAYS >= 1.00        8               3.4     4.6        4
GREATEST
 24 HR. TOTAL    3.25                               2.02

SNOWFALL (INCHES)
TOTALS            0.0                                0.0
DAYS >= TRACE       0                                  0
DAYS >= 1.0         0                                  0
GREATEST
 24 HR TOTAL      0.0                                0.0

DEGREE_DAYS
HEATING TOTAL     542               709    -167      760
COOLING TOTAL     249               213      36      230
..............................................................

WIND (MPH)
AVERAGE WIND SPEED              5.3
HIGHEST WIND SPEED/DIRECTION    29/050    DATE  10/04
HIGHEST GUST SPEED/DIRECTION    37/040    DATE  10/04

SKY COVER
AVERAGE SKY COVER           0.40

AVERAGE RH (PERCENT)     71

WEATHER CONDITIONS. NUMBER OF DAYS WITH
THUNDERSTORM              6     MIXED PRECIP               0
HEAVY RAIN               10     RAIN                      17
LIGHT RAIN               36     FREEZING RAIN              0
LT FREEZING RAIN          0     HAIL                       0
HEAVY SNOW                0     SNOW                       0
LIGHT SNOW                0     SLEET                      0
FOG                      46     FOG W/VIS <= 1/4 MILE      3
HAZE                      1

-  INDICATES NEGATIVE NUMBERS.
R  INDICATES RECORD WAS SET OR TIED.
MM INDICATES DATA IS MISSING.
T  INDICATES TRACE AMOUNT.

$$
