000
CXUS53 KDVN 011210
CLSDVN


CLIMATE REPORT
NATIONAL WEATHER SERVICE QUAD CITIES IA IL
710 AM CDT TUE SEP 1 2015

...................................

...THE DAVENPORT IA CLIMATE SUMMARY FOR THE SEASON, FROM
6/1/2015 TO 8/31/2015...

CLIMATE NORMAL PERIOD 1981 TO 2010
CLIMATE RECORD PERIOD 9999 TO 9999

WEATHER         OBSERVED          NORMAL  DEPART
                 VALUE   DATE(S)  VALUE   FROM
                                          NORMAL
................................................
TEMPERATURE (F)
HIGHEST            92   06/10        84       8
LOWEST             48   06/01        55      -7
AVG. MAXIMUM     80.7              82.0    -1.3
AVG. MINIMUM     61.0              61.1    -0.1
MEAN             70.8              71.6    -0.8
DAYS MAX >= 90      5
DAYS MAX <= 32      0
DAYS MIN <= 32      0
DAYS MIN <= 0       0

PRECIPITATION (INCHES)
TOTALS          17.91             13.01    4.90
DAILY AVG.       0.20              0.14    0.06
DAYS >= .01        31
DAYS >= .10        18
DAYS >= .50        12
DAYS >= 1.00        7
GREATEST
 24 HR. TOTAL    3.82   07/06 TO 07/06

SNOWFALL (INCHES)
TOTALS            0.0
SINCE 7/1         0.0
SNOWDEPTH AVG.      0
DAYS >= TRACE       0
DAYS >= 1.0         0
GREATEST
 SNOW DEPTH         0   MM
 24 HR TOTAL      0.0   MM

DEGREE_DAYS
HEATING TOTAL      21                39     -18
 SINCE 7/1         14                14       0
COOLING TOTAL     583               643     -60
 SINCE 1/1        663               704     -41
.................................................

WIND (MPH)
AVERAGE WIND SPEED              7.2
HIGHEST WIND SPEED/DIRECTION    37/290    DATE  06/11
HIGHEST GUST SPEED/DIRECTION    55/290    DATE  06/11

SKY COVER
POSSIBLE SUNSHINE (PERCENT)   MM
AVERAGE SKY COVER           0.30
NUMBER OF DAYS FAIR           63
NUMBER OF DAYS PC             22
NUMBER OF DAYS CLOUDY          7

AVERAGE RH (PERCENT)     75

WEATHER CONDITIONS. NUMBER OF DAYS WITH
THUNDERSTORM             20     HAIL                       0
SLEET                     0     FOG                       50
FOG W/VIS <= 1/4 MILE    11     HAZE                      10

-  INDICATES NEGATIVE NUMBERS.
R  INDICATES RECORD WAS SET OR TIED.
MM INDICATES DATA IS MISSING.
T  INDICATES TRACE AMOUNT.

$$
