000
CXUS55 KLKN 020150
CLSELY


CLIMATE REPORT
NATIONAL WEATHER SERVICE ELKO NV
526 PM PST SAT MAR 1 2014

...................................

...THE ELY AIRPORT NV CLIMATE SUMMARY FOR THE SEASON, FROM
12/1/2013 TO 2/28/2014...

CLIMATE NORMAL PERIOD 1981 TO 2010
CLIMATE RECORD PERIOD 1893 TO 2014

WEATHER         OBSERVED          NORMAL  DEPART  LAST YEAR`S
                 VALUE   DATE(S)  VALUE   FROM    VALUE
                                          NORMAL
.............................................................
TEMPERATURE (F)
RECORD
 HIGH              68   01/25/1951
                        12/03/1910
                        12/01/1910
 LOW              -30   02/06/1989
HIGHEST            62   02/25        61       1       54
LOWEST            -23   12/05       -16      -7      -24
AVG. MAXIMUM     43.9              40.4     3.5     36.3
AVG. MINIMUM     13.6              12.5     1.1      9.1
MEAN             28.7              26.5     2.2     22.7
DAYS MAX >= 90      0               0.0     0.0        0
DAYS MAX <= 32     13              17.5    -4.5       30
DAYS MIN <= 32     87              87.5    -0.5       87
DAYS MIN <= 0      13              13.6    -0.6       28

PRECIPITATION (INCHES)
RECORD
 MAXIMUM         7.65   1895
 MINIMUM         0.48   1977
TOTALS           2.72              2.04    0.68     3.17
DAILY AVG.       0.03              0.02    0.01     0.04
DAYS >= .01        16              20.4    -4.4       22
DAYS >= .10         7               7.1    -0.1       11
DAYS >= .50         1               0.4     0.6        1
DAYS >= 1.00        0               0.0     0.0        0

SNOWFALL (INCHES)
RECORDS
 TOTAL           66.0   1895
TOTALS           26.2              25.4     0.8     45.4
DAYS >= 1.0         6               7.8    -1.8       10
GREATEST
 SNOW DEPTH         8   01/31                         12

DEGREE_DAYS
HEATING TOTAL    3254              3469    -215     3797
COOLING TOTAL       0                 0       0        0
..............................................................

WIND (MPH)
AVERAGE WIND SPEED              8.6
HIGHEST WIND SPEED/DIRECTION    37/140    DATE  02/28
HIGHEST GUST SPEED/DIRECTION    45/140    DATE  02/28

AVERAGE RH (PERCENT)     63

WEATHER CONDITIONS. NUMBER OF DAYS WITH
THUNDERSTORM              0     MIXED PRECIP               1
HEAVY RAIN                0     RAIN                       4
LIGHT RAIN               14     FREEZING RAIN              0
LT FREEZING RAIN          0     HAIL                       0
HEAVY SNOW                4     SNOW                       7
LIGHT SNOW               17     SLEET                      0
FOG                      17     FOG W/VIS <= 1/4 MILE      4
HAZE                      4

-  INDICATES NEGATIVE NUMBERS.
R  INDICATES RECORD WAS SET OR TIED.
MM INDICATES DATA IS MISSING.
T  INDICATES TRACE AMOUNT.

&&

==============================================================

...24TH WARMEST METEOROLOGICAL WINTER ON RECORD IN ELY...
...18TH WETTEST METEOROLOGICAL WINTER ON RECORD IN ELY...
...34TH SNOWIEST METEOROLOGICAL WINTER ON RECORD IN ELY...

THE AVERAGE TEMPERATURE IN ELY DURING METEOROLOGICAL WINTER
2013-2014 WAS 28.7 DEGREES...WHICH IS 2.2 DEGREES ABOVE THE
1981-2010 CLIMATOLOGICAL NORMAL OF 26.5 DEGREES. THIS MAKES
METEOROLOGICAL WINTER 2013-2014 THE 24TH WARMEST ON RECORD.
THE TOTAL PRECIPITATION WAS 2.72 INCHES...WHICH IS 0.68 INCHES
OR 33 PERCENT ABOVE THE 1981-2010 CLIMATOLOGICAL NORMAL OF
2.04 INCHES. THIS MAKES METEOROLOGICAL WINTER 2013-2014 THE
18TH WETTEST ON RECORD. THE TOTAL SNOWFALL WAS 26.2
INCHES...WHICH IS 0.8 INCHES OR 3 PERCENT ABOVE THE 1981-2010
CLIMATOLOGICAL NORMAL OF 25.4 INCHES. THIS MAKES
METEOROLOGICAL WINTER 2013-2014 THE 34TH SNOWIEST ON RECORD.

NO MONTHLY RECORDS WERE SET IN ELY DURING METEOROLOGICAL
WINTER 2013-2014.

$$

RCM
