000
CXUS54 KLZK 021433
CLSHRO

CLIMATE REPORT
NATIONAL WEATHER SERVICE LITTLE ROCK AR
924 AM CDT TUE JUN 2 2015

...................................

...THE HARRISON CLIMATE SUMMARY FOR THE SEASON, FROM
3/1/2015 TO 5/31/2015...

CLIMATE NORMAL PERIOD 1981 TO 2010
CLIMATE RECORD PERIOD 1891 TO 2015

WEATHER         OBSERVED          NORMAL  DEPART  LAST YEAR`S
                 VALUE   DATE(S)  VALUE   FROM    VALUE  DATE(S)
                                          NORMAL
................................................................
TEMPERATURE (F)
RECORD
 HIGH              99   04/27/1927
                        05/29/1926
                        05/28/1926
 LOW              -10   03/12/1948
HIGHEST            84   05/29        68      16       92  05/04
LOWEST             14   03/06        47     -33        3  03/03
AVG. MAXIMUM     68.0              68.4    -0.4     68.4
AVG. MINIMUM     47.7              46.6     1.1     44.9
MEAN             57.8              57.5     0.3     56.7
DAYS MAX >= 90      0               0.5    -0.5        2
DAYS MAX <= 32      0               0.3    -0.3        1
DAYS MIN <= 32      6              10.3    -4.3       16
DAYS MIN <= 0       0               0.0     0.0        0

PRECIPITATION (INCHES)
RECORD
 MAXIMUM        31.98   1945
 MINIMUM         5.15   1982
TOTALS          19.41             12.80    6.61    13.36
DAILY AVG.       0.21              0.14    0.07     0.14
DAYS >= .01        47              32.5    14.5       31
DAYS >= .10        32                                 17
DAYS >= .50        16                                 10
DAYS >= 1.00        6               3.7     2.3        5
GREATEST
 24 HR. TOTAL    2.06   05/10 TO 05/11

SNOWFALL (INCHES)
RECORDS
 TOTAL           16.0   1988
 24 HR TOTAL     13.0   03/08/1994 TO 03/08/1994
                        03/17/1988 TO 03/17/1988
 SNOW DEPTH        13   03/09/1994
TOTALS            4.3               2.3     2.0     10.0
 LIQUID EQUIV    0.43              0.20    0.23     1.00
SINCE 7/1        13.6
 LIQUID 7/1      1.36              1.00    0.36     2.58
SNOWDEPTH AVG.      0                 T       0        0
DAYS >= TRACE       2               3.0    -1.0        3
DAYS >= 1.0         1               0.0     1.0        3
GREATEST
 SNOW DEPTH         4   03/05
 24 HR TOTAL      4.3   03/04 TO 03/05

DEGREE_DAYS
HEATING TOTAL     759               827     -68      930
 SINCE 7/1         MM              3998      MM       MM
COOLING TOTAL     124               139     -15      187
 SINCE 1/1        124               139     -15      187

FREEZE DATES
RECORD
 EARLIEST     09/13/1902
 LATEST       05/17/1912
EARLIEST                        10/29
LATEST                          04/04
.......................................................

WIND (MPH)
AVERAGE WIND SPEED              7.4
HIGHEST WIND SPEED/DIRECTION    31/340    DATE  03/25
HIGHEST GUST SPEED/DIRECTION    42/290    DATE  03/25

SKY COVER
POSSIBLE SUNSHINE (PERCENT)   MM
AVERAGE SKY COVER           0.50
NUMBER OF DAYS FAIR           36
NUMBER OF DAYS PC             35
NUMBER OF DAYS CLOUDY         21

AVERAGE RH (PERCENT)     73

WEATHER CONDITIONS. NUMBER OF DAYS WITH
THUNDERSTORM              0     MIXED PRECIP               0
HEAVY RAIN               21     RAIN                      34
LIGHT RAIN               52     FREEZING RAIN              1
LT FREEZING RAIN          1     HAIL                       0
HEAVY SNOW                1     SNOW                       1
LIGHT SNOW                1     SLEET                      0
FOG                      48     FOG W/VIS <= 1/4 MILE     15
HAZE                      2

-  INDICATES NEGATIVE NUMBERS.
R  INDICATES RECORD WAS SET OR TIED.
MM INDICATES DATA IS MISSING.
T  INDICATES TRACE AMOUNT.

&&

...DATA FOR HARRISON FOR SPRING 2015...

.SUMMARY...

SPRING OF 2015 WAS SLIGHTLY ABOVE AVERAGE IN TERMS OF TEMPERATURES.
THE COLDEST TEMPERATURES WERE SEEN IN EARLY MARCH...AND THE WARMEST
TEMPERATURES WERE AT THE END OF MAY. IN TERMS OF DEPARTURE FROM
NORMAL...THE WARMEST MONTH WAS APRIL.

FOR THE SECOND SPRING IN A ROW...PRECIPITATION WAS ABOVE AVERAGE...WITH
THE WETTEST MONTH BEING MAY...AND THE DRIEST MONTH BEING APRIL.

SNOW FELL...AND FOR THE THIRD SPRING IN A ROW IT WAS MEASURABLE.

.SEASONAL TEMPERATURES...

THE AVERAGE HIGH TEMPERATURE WAS THE COOLEST SINCE 2013. THE AVERAGE
LOW TEMPERATURE WAS THE WARMEST SINCE 2012. THE AVERAGE SEASONAL
TEMPERATURE WAS THE WARMEST SINCE 2012.

.NUMBER OF DAYS WITH TEMPERATURES...

AT OR ABOVE 90 DEGREES...0...FIRST TIME SINCE 2013
AT OR BELOW 32 DEGREES...6...FEWEST SINCE 2012
AT OR BELOW 20 DEGREES...3...FEWEST SINCE 2012

.RAINFALL...

IT WAS THE WETTEST SPRING SINCE 2011.

.SNOWFALL...

SNOW WAS ABOVE AVERAGE FOR THE 2ND SPRING IN A ROW...BUT
SIGNIFICANTLY LESS THAN LAST YEAR.

$$

57
