000
CXUS54 KLZK 012205
CLSHRO


CLIMATE REPORT
NATIONAL WEATHER SERVICE LITTLE ROCK AR
455 PM CDT SUN JUN 1 2014

...................................

...THE HARRISON CLIMATE SUMMARY FOR THE SEASON, FROM
3/1/2014 TO 5/31/2014...

CLIMATE NORMAL PERIOD 1981 TO 2010
CLIMATE RECORD PERIOD 1891 TO 2014

WEATHER         OBSERVED          NORMAL  DEPART  LAST YEAR`S
                 VALUE   DATE(S)  VALUE   FROM    VALUE  DATE(S)
                                          NORMAL
................................................................
TEMPERATURE (F)
RECORD
 HIGH              99   04/27/1927
                        05/29/1926
                        05/28/1926
 LOW              -10   03/12/1948
HIGHEST            92   05/04        68      24       88  05/14
LOWEST              3   03/03        47     -44       20  03/03
AVG. MAXIMUM     68.4              68.4     0.0     65.8
AVG. MINIMUM     44.9              46.6    -1.7     44.0
MEAN             56.7              57.5    -0.8     54.9
DAYS MAX >= 90      2               0.5     1.5        0
DAYS MAX <= 32      1               0.3     0.7        1
DAYS MIN <= 32     16              10.3     5.7       21
DAYS MIN <= 0       0               0.0     0.0        0

PRECIPITATION (INCHES)
RECORD
 MAXIMUM        31.98   1945
 MINIMUM         5.15   1982
TOTALS          13.36             12.80    0.56    11.50
DAILY AVG.       0.14              0.14    0.00     0.12
DAYS >= .01        31              32.5    -1.5       33
DAYS >= .10        17                                 22
DAYS >= .50        10                                  9
DAYS >= 1.00        5               3.7     1.3        2
GREATEST
 24 HR. TOTAL    2.28   03/16 TO 03/16

SNOWFALL (INCHES)
RECORDS
 TOTAL           16.0   1988
 24 HR TOTAL     13.0   03/08/1994 TO 03/08/1994
                        03/17/1988 TO 03/17/1988
 SNOW DEPTH        13   03/09/1994
TOTALS           10.0               2.3     7.7      1.9
 LIQUID EQUIV    1.00              0.20    0.80     0.19
SINCE 7/1        25.8
 LIQUID 7/1      2.58              1.00    1.58     0.47
SNOWDEPTH AVG.      0                 T       0        0
DAYS >= TRACE       3               3.0     0.0        9
DAYS >= 1.0         3               0.0     3.0        1
GREATEST
 SNOW DEPTH         5   03/03                          1  03/22
 24 HR TOTAL      5.0   03/16 TO 03/16

DEGREE_DAYS
HEATING TOTAL     930               827     103     1053
 SINCE 7/1         MM              3998      MM       MM
COOLING TOTAL     187               139      48      145
 SINCE 1/1        187               139      48      146

FREEZE DATES
RECORD
 EARLIEST     09/13/1902
 LATEST       05/17/1912
EARLIEST                        10/29
LATEST                          04/04
..................................................

WIND (MPH)
AVERAGE WIND SPEED              7.7
HIGHEST WIND SPEED/DIRECTION    39/150    DATE  04/24
HIGHEST GUST SPEED/DIRECTION    49/140    DATE  04/24

SKY COVER
POSSIBLE SUNSHINE (PERCENT)   MM
AVERAGE SKY COVER           0.30
NUMBER OF DAYS FAIR           48
NUMBER OF DAYS PC             31
NUMBER OF DAYS CLOUDY         13

AVERAGE RH (PERCENT)     64

WEATHER CONDITIONS. NUMBER OF DAYS WITH
THUNDERSTORM              0     MIXED PRECIP               0
HEAVY RAIN               12     RAIN                      17
LIGHT RAIN               38     FREEZING RAIN              0
LT FREEZING RAIN          1     HAIL                       0
HEAVY SNOW                1     SNOW                       3
LIGHT SNOW                3     SLEET                      0
FOG                      39     FOG W/VIS <= 1/4 MILE     10
HAZE                     13

-  INDICATES NEGATIVE NUMBERS.
R  INDICATES RECORD WAS SET OR TIED.
MM INDICATES DATA IS MISSING.
T  INDICATES TRACE AMOUNT.

&&

...DATA FOR HARRISON FOR SPRING 2014...

.SUMMARY...

EVEN THOUGH AVERAGE TEMPERATURES WERE WARMER THIS SPRING...READINGS
WERE STILL BELOW THE 30-YEAR AVERAGE FOR THE 3-MONTH SEASON FROM
MARCH 1ST-MAY 31ST. OVER ALL...READINGS WERE VERY SIMILAR TO LAST SPRING.
HOWEVER...HIGHS WERE WARMER THIS SPRING...WITH COLDER LOWS IN MARCH.

THE BIG STORY THIS SPRING WAS THE COLD IN EARLY MARCH...WHERE
HARRISON SAW SOME OF THE COLDEST TEMPERATURES EVER RECORDED IN THE
MONTH OF MARCH...AS WELL AS THE CLIMATOLOGICAL SPRING. ALSO...SLEET
AND SNOW FELL...AND STAYED ON THE GROUND FOR SEVERAL DAYS...
PROLONGING THE COLDER TEMPERATURES.

THERE WAS ANOTHER COLD SNAP IN MID AND LATE MARCH. THERE WAS A QUICK
BURST OF HEAVY SNOW ON THE 16TH.

TEMPERATURES GRADUALLY WARMED THROUGH APRIL...THOUGH THERE WAS A
HARD FREEZE ON THE 15TH. DURING MAY...THE WARMEST READINGS CAME
EARLY IN THE FIRST WEEK...AND BY MID MONTH...TEMPERATURES HAD FALLEN
INTO THE 30S.

.TEMPERATURES...
AVERAGE HIGH...LOW AND SEASONAL TEMPERATURES...EVEN THOUGH BELOW THE
30-YEAR AVERAGE...WERE THE WARMEST SINCE 2012.

THERE WERE 16 DAYS WITH LOW TEMPERATURES AT OR BELOW FREEZING...
WHICH WAS THE LEAST SINCE THE SPRING OF 2012. LIKE 2013...THERE WAS
ONE DAY WITH A HIGH TEMPERATURE AT OR BELOW FREEZING. THERE WERE
THREE DAYS WITH SINGLE-DIGIT READINGS...WHICH WAS THE FIRST TIME
SINCE 2002...AND THE MOST SINCE THEN AS WELL. ON ONE OF THESE DAYS...
THE TEMPERATURE FELL TO 3 DEGREES...WHICH THE COLDEST TEMPERATURE
RECORDED IN THE SPRING SINCE 1948...AND ONE OF THE COLDEST EVER
RECORDED IN THE MONTH OF MARCH.

THERE WERE TWO DAYS WITH HIGH TEMPERATURES AT OR ABOVE 90 DEGREES...
WHICH WAS THE MOST SINCE 2012.

.RAINFALL...
FOR THE FIRST SPRING SINCE 2011...RAINFALL WAS ABOVE THE 30-YEAR
AVERAGE. IT WAS THE WETTEST SPRING SINCE THEN. THERE WERE 31 DAYS
WITH MEASURABLE RAINFALL...WHICH WAS THE LEAST SINCE 2012.

.SNOWFALL...
MEASURABLE SNOW FELL FOR THE SECOND SPRING IN A ROW.

IT WAS THE SNOWIEST SPRING SINCE 1994...AND THE 7TH SNOWIEST ON
RECORD.

THERE WERE THREE DAYS WITH SNOWFALL...WHICH WAS THE LEAST SINCE
2012. AS WAS THE CASE WITH 2013...THERE WERE THREE DAYS WITH
MEASURABLE SNOWFALL.

THERE WERE SIX DAYS WITH MEASURABLE SNOW ON THE GROUND...WHICH WAS
THE MOST SINCE 1965.

.FIRST/LAST DATES...
LAST FREEZE...APRIL 15TH...THE EARLIEST SINCE 2012.
FIRST 80-DEGREE DAY...APRIL 10TH...THE LATEST SINCE 2004.
FIRST 90-DEGREE DAY...MAY 4TH...THE EARLIEST SINCE 2012.

$$

57
