000
CXUS51 KOKX 020114 RRA
CLSJFK

NYCCLMJFK 000
TTAA00 KOKX 020113


CLIMATE REPORT
NATIONAL WEATHER SERVICE NEW YORK NY
812 PM EST WED MAR 1 2017

...................................

...THE KENNEDY NY CLIMATE SUMMARY FOR THE SEASON, FROM
12/1/2016 TO 2/28/2017...

CLIMATE NORMAL PERIOD 1981 TO 2010
CLIMATE RECORD PERIOD 1948 TO 2017

WEATHER         OBSERVED          NORMAL  DEPART  LAST YEAR`S
                 VALUE   DATE(S)  VALUE   FROM    VALUE
                                          NORMAL
.............................................................
TEMPERATURE (F)
RECORD
 HIGH              75   12/07/1998
 LOW               -2   01/21/1985
                        02/08/1963
HIGHEST            68   02/19        MM      MM
LOWEST             13   01/09        MM      MM
AVG. MAXIMUM     45.8              41.6     4.2
AVG. MINIMUM     33.2              28.6     4.6
MEAN             39.5              35.1     4.4
DAYS MAX >= 90      0               0.0     0.0
DAYS MAX <= 32      6              13.4    -7.4
DAYS MIN <= 32     41              56.9   -15.9
DAYS MIN <= 0       0               0.0     0.0

PRECIPITATION (INCHES)
RECORD
 MAXIMUM        18.20   1979
 MINIMUM         4.34   2002
TOTALS           9.28              9.14    0.14    13.43
DAILY AVG.       0.10              0.10    0.00
DAYS >= .01        29              30.7    -1.7
DAYS >= .10        19              17.9     1.1
DAYS >= .50         7               6.2     0.8
DAYS >= 1.00        1               2.0    -1.0
GREATEST
 24 HR. TOTAL    1.83   MM
 STORM TOTAL       MM
 (MM/DD(HH))            MM

SNOWFALL (INCHES)
RECORDS
 TOTAL           47.2   2010
 24 HR TOTAL     30.3   MM
TOTALS           23.4              19.3     4.1
 LIQUID EQUIV    2.34              1.90    0.44
SINCE 7/1        23.4              19.5     3.9
 LIQUID 7/1      2.34
DAYS >= TRACE      17              10.8     6.2
DAYS >= 1.0         5               4.1     0.9
GREATEST
 SNOW DEPTH         8   02/10
                        01/08
 24 HR TOTAL      8.3   MM
 STORM TOTAL       MM
 (MM/DD(HH))            MM

DEGREE_DAYS
HEATING TOTAL    2278              2687    -409
 SINCE 7/1         MM              3511      MM
COOLING TOTAL       0                 0       0
 SINCE 1/1          0                 0       0
..............................................................

WIND (MPH)
AVERAGE WIND SPEED              12.5
HIGHEST WIND SPEED/DIRECTION    44/300    DATE  02/13
HIGHEST GUST SPEED/DIRECTION    62/300    DATE  02/13

SKY COVER
POSSIBLE SUNSHINE (PERCENT)   MM
AVERAGE SKY COVER           0.70
NUMBER OF DAYS FAIR            4
NUMBER OF DAYS PC             45
NUMBER OF DAYS CLOUDY         41

AVERAGE RH (PERCENT)     62

WEATHER CONDITIONS. NUMBER OF DAYS WITH
THUNDERSTORM              0     MIXED PRECIP               0
HEAVY RAIN                4     RAIN                      15
LIGHT RAIN               30     FREEZING RAIN              2
LT FREEZING RAIN          2     HAIL                       0
HEAVY SNOW                1     SNOW                       3
LIGHT SNOW               15     SLEET                      4
FOG                      35     FOG W/VIS <= 1/4 MILE     10
HAZE                     16

-  INDICATES NEGATIVE NUMBERS.
R  INDICATES RECORD WAS SET OR TIED.
MM INDICATES DATA IS MISSING.
T  INDICATES TRACE AMOUNT.

$$
