000
CDUS43 KUNR 041548
CLSRAP

CLIMATE REPORT
NATIONAL WEATHER SERVICE RAPID CITY SD
933 AM MDT THU SEP 4 2014

...................................

...THE RAPID CITY AIRPORT SD CLIMATE SUMMARY FOR THE SEASON, FROM
6/1/2014 TO 8/31/2014...

CLIMATE NORMAL PERIOD 1981 TO 2010
CLIMATE RECORD PERIOD 1942 TO 2014

WEATHER         OBSERVED          NORMAL  DEPART  LAST YEAR`S
                 VALUE   DATE(S)  VALUE   FROM    VALUE  DATE(S)
                                          NORMAL
................................................................
TEMPERATURE (F)
RECORD
 HIGH             111   07/15/2006
 LOW               31   06/02/1951
                        06/01/1951
HIGHEST            96   07/21                        101  08/27
LOWEST             41   06/12                         38  06/06
                        06/09
AVG. MAXIMUM     79.2              83.9    -4.7     83.6
AVG. MINIMUM     54.1              55.4    -1.3     56.5
MEAN             66.6              69.6    -3.0     70.1
DAYS MAX >= 90      4                                 21
DAYS MAX <= 32      0                                  0
DAYS MIN <= 32      0                                  0
DAYS MIN <= 0       0                                  0

PRECIPITATION (INCHES)
RECORD
 MAXIMUM        11.90   1968
 MINIMUM         2.23   1994
TOTALS          11.21              5.94    5.27     6.44
DAILY AVG.       0.12              0.06    0.06     0.07
DAYS >= .01        38                                 28
DAYS >= .10        25                                 14
DAYS >= .50         7                                  3
DAYS >= 1.00        1                                  1
GREATEST
 24 HR. TOTAL    1.75   08/05 TO 08/05              1.14

SNOWFALL (INCHES)
RECORDS
 TOTAL            3.6   1951
TOTALS            0.0               0.0     0.0      0.0
SINCE 7/1         0.0               0.0     0.0      0.0
SNOWDEPTH AVG.      0               0.0     0.0        0
DAYS >= 1.0         0               0.0     0.0        0
GREATEST
 SNOW DEPTH         0                                  0
 24 HR TOTAL      0.0                                0.0

DEGREE_DAYS
HEATING TOTAL     164               135      29       85
COOLING TOTAL     343               557    -214      583
.................................................................

WIND (MPH)
AVERAGE WIND SPEED              8.3
HIGHEST WIND SPEED/DIRECTION    48/340    DATE  06/13
HIGHEST GUST SPEED/DIRECTION    63/340    DATE  06/13

AVERAGE RH (PERCENT)     68

WEATHER CONDITIONS. NUMBER OF DAYS WITH
THUNDERSTORM              0     MIXED PRECIP               0
HEAVY RAIN               21     RAIN                      23
LIGHT RAIN               50     FREEZING RAIN              0
LT FREEZING RAIN          0     HAIL                       0
HEAVY SNOW                0     SNOW                       0
LIGHT SNOW                0     SLEET                      0
FOG                      39     FOG W/VIS <= 1/4 MILE      5
HAZE                      5

-  INDICATES NEGATIVE NUMBERS.
R  INDICATES RECORD WAS SET OR TIED.
MM INDICATES DATA IS MISSING.
T  INDICATES TRACE AMOUNT.

$$
