000
CXUS52 KRAH 041047 RRA
CLSRDU

CLIMATE REPORT
NATIONAL WEATHER SERVICE RALEIGH NC
635 AM EDT SUN SEP 4 2016

...................................

...THE RALEIGH-DURHAM INTL AIRPORT CLIMATE SUMMARY FOR THE SEASON, FROM
6/1/2016 TO 8/31/2016...

CLIMATE NORMAL PERIOD 1981 TO 2010
CLIMATE RECORD PERIOD 1887 TO 2016

WEATHER         OBSERVED          NORMAL  DEPART
                 VALUE   DATE(S)  VALUE   FROM
                                          NORMAL
................................................
TEMPERATURE (F)
RECORD
 HIGH             105   07/08/2012
                        06/30/2012
                        06/29/2012
 LOW               38   06/08/1977
HIGHEST            99   08/26
LOWEST             52   06/09
AVG. MAXIMUM     90.4              88.6     1.8
AVG. MINIMUM     70.1              68.1     2.0
MEAN             80.3              78.4     1.9
DAYS MAX >= 90     58              40.0    18.0
DAYS MAX <= 32      0               0.0     0.0
DAYS MIN <= 32      0               0.0     0.0
DAYS MIN <= 0       0               0.0     0.0

PRECIPITATION (INCHES)
RECORD
 MAXIMUM        25.97   1908
 MINIMUM         4.21   1993
TOTALS          17.14             12.51    4.63
DAYS >= .01        33              33.0     0.0
DAYS >= 1.00        7               2.9     4.1
GREATEST
 24 HR. TOTAL    1.99   07/15 TO 07/16

DEGREE_DAYS
COOLING TOTAL    1432              1233     199
 SINCE 1/1       1668              1441     227
.................................................

WIND (MPH)
AVERAGE WIND SPEED              5.3
HIGHEST WIND SPEED/DIRECTION    43/210    DATE  06/05
HIGHEST GUST SPEED/DIRECTION    59/220    DATE  06/05

SKY COVER
POSSIBLE SUNSHINE (PERCENT)    0
AVERAGE SKY COVER           0.60
NUMBER OF DAYS FAIR           19
NUMBER OF DAYS PC             56
NUMBER OF DAYS CLOUDY         17

AVERAGE RH (PERCENT)     71

WEATHER CONDITIONS. NUMBER OF DAYS WITH
THUNDERSTORM             32     MIXED PRECIP               0
HEAVY RAIN               17     RAIN                      18
LIGHT RAIN               33     FREEZING RAIN              0
LT FREEZING RAIN          0     HAIL                       0
HEAVY SNOW                0     SNOW                       0
LIGHT SNOW                0     SLEET                      0
FOG                      48     FOG W/VIS <= 1/4 MILE      2
HAZE                      7

-  INDICATES NEGATIVE NUMBERS.
R  INDICATES RECORD WAS SET OR TIED.
MM INDICATES DATA IS MISSING.
T  INDICATES TRACE AMOUNT.

&&

THE 2016 JUNE-JULY-AUGUST MEAN AVERAGE TEMPERATURE OF 80.3 FARENHEIT
IS THE 3RD WARMEST JUNE-JULY-AUGUST ON RECORD.

$$
