092
CDUS44 KFWD 230724
CLIACT


CLIMATE REPORT
NATIONAL WEATHER SERVICE FORT WORTH TX
224 AM CDT FRI JUN 23 2017


...................................

...THE WACO CLIMATE SUMMARY FOR JUNE 22 2017...

CLIMATE NORMAL PERIOD 1981 TO 2010
CLIMATE RECORD PERIOD 1901 TO 2017


WEATHER ITEM   OBSERVED TIME   RECORD YEAR NORMAL DEPARTURE LAST
                VALUE   (LST)  VALUE       VALUE  FROM      YEAR
                                                  NORMAL
..................................................................
TEMPERATURE (F)
 YESTERDAY
  MAXIMUM         93    324 PM 103    1906  93      0       96
  MINIMUM         74    404 AM  61    1961  72      2       77
  AVERAGE         84                        82      2       87

PRECIPITATION (IN)
  YESTERDAY        0.00          4.28 2014   0.10  -0.10     0.00
  MONTH TO DATE    1.41                      2.78  -1.37     4.59
  SINCE JUN 1      1.41                      2.78  -1.37     4.59
  SINCE JAN 1     20.72                     17.67   3.05    27.23

DEGREE DAYS
 HEATING
  YESTERDAY        0                         0      0        0
  MONTH TO DATE    0                         0      0        0
  SINCE JUN 1      0                         0      0        0
  SINCE JUL 1   1335                      2142   -807     1691

 COOLING
  YESTERDAY       19                        17      2       22
  MONTH TO DATE  375                       342     33      369
  SINCE JUN 1    375                       342     33      369
  SINCE JAN 1    944                       794    150      760
..................................................................


WIND (MPH)
  HIGHEST WIND SPEED    13   HIGHEST WIND DIRECTION    NW (300)
  HIGHEST GUST SPEED    17   HIGHEST GUST DIRECTION    NW (330)
  AVERAGE WIND SPEED     7.2


SKY COVER
  POSSIBLE SUNSHINE  MM
  AVERAGE SKY COVER 0.6


WEATHER CONDITIONS
 THE FOLLOWING WEATHER WAS RECORDED YESTERDAY.
  NO SIGNIFICANT WEATHER WAS OBSERVED.


RELATIVE HUMIDITY (PERCENT)
 HIGHEST    87           300 AM
 LOWEST     52           300 PM
 AVERAGE    70

..........................................................


THE WACO CLIMATE NORMALS FOR TODAY
                         NORMAL    RECORD    YEAR
 MAXIMUM TEMPERATURE (F)   93       105      1933
 MINIMUM TEMPERATURE (F)   72        62      2001


SUNRISE AND SUNSET
JUNE 23 2017..........SUNRISE   625 AM CDT   SUNSET   837 PM CDT
JUNE 24 2017..........SUNRISE   625 AM CDT   SUNSET   838 PM CDT


-  INDICATES NEGATIVE NUMBERS.
R  INDICATES RECORD WAS SET OR TIED.
MM INDICATES DATA IS MISSING.
T  INDICATES TRACE AMOUNT.




$$
