000
CDUS44 KFWD 260645
CLIACT


CLIMATE REPORT
NATIONAL WEATHER SERVICE FORT WORTH TX
144 AM CDT MON SEP 26 2016

...THE WACO CLIMATE SUMMARY FOR SEPTEMBER 25 2016...

CLIMATE NORMAL PERIOD 1981 TO 2010
CLIMATE RECORD PERIOD 1901 TO 2016


WEATHER ITEM   OBSERVED TIME   RECORD YEAR NORMAL DEPARTURE LAST
                VALUE   (LST)  VALUE       VALUE  FROM      YEAR
                                                  NORMAL
..................................................................
TEMPERATURE (F)
 YESTERDAY
  MAXIMUM         81   1005 AM 106    2011  87     -6       92
  MINIMUM         71   1056 AM  43    1989  63      8       67
  AVERAGE         76                        75      1       80

PRECIPITATION (IN)
  YESTERDAY        0.39          1.95 1913   0.11   0.28     0.02
  MONTH TO DATE    0.72                      2.54  -1.82     0.33
  SINCE SEP 1      0.72                      2.54  -1.82     0.33
  SINCE JAN 1     32.70                     24.70   8.00    28.50

DEGREE DAYS
 HEATING
  YESTERDAY        0                         0      0        0
  MONTH TO DATE    0                         0      0        0
  SINCE SEP 1      0                         0      0        0
  SINCE JUL 1      0                         0      0        0

 COOLING
  YESTERDAY       11                        10      1       15
  MONTH TO DATE  446                       351     95      461
  SINCE SEP 1    446                       351     95      461
  SINCE JAN 1   2686                      2546    140     2716
..................................................................


WIND (MPH)
  HIGHEST WIND SPEED    21   HIGHEST WIND DIRECTION    NW (300)
  HIGHEST GUST SPEED    26   HIGHEST GUST DIRECTION     W (270)
  AVERAGE WIND SPEED     6.3


SKY COVER
  POSSIBLE SUNSHINE  MM
  AVERAGE SKY COVER 0.7


WEATHER CONDITIONS
 THE FOLLOWING WEATHER WAS RECORDED YESTERDAY.
  THUNDERSTORM
  HEAVY RAIN
  LIGHT RAIN
  FOG


RELATIVE HUMIDITY (PERCENT)
 HIGHEST   100           800 AM
 LOWEST     85           900 AM
 AVERAGE    93

..........................................................


THE WACO CLIMATE NORMALS FOR TODAY
                         NORMAL    RECORD    YEAR
 MAXIMUM TEMPERATURE (F)   86       108      2005
 MINIMUM TEMPERATURE (F)   63        44      2000


SUNRISE AND SUNSET
SEPTEMBER 26 2016.....SUNRISE   720 AM CDT   SUNSET   720 PM CDT
SEPTEMBER 27 2016.....SUNRISE   720 AM CDT   SUNSET   718 PM CDT


-  INDICATES NEGATIVE NUMBERS.
R  INDICATES RECORD WAS SET OR TIED.
MM INDICATES DATA IS MISSING.
T  INDICATES TRACE AMOUNT.




$$
