000
CDUS44 KFWD 070700
CLIACT


CLIMATE REPORT
NATIONAL WEATHER SERVICE FORT WORTH TX
200 AM CDT TUE JUL 7 2015


...................................

...THE WACO CLIMATE SUMMARY FOR JULY 6 2015...

CLIMATE NORMAL PERIOD 1981 TO 2010
CLIMATE RECORD PERIOD 1901 TO 2015


WEATHER ITEM   OBSERVED TIME   RECORD YEAR NORMAL DEPARTURE LAST
                VALUE   (LST)  VALUE       VALUE  FROM      YEAR
                                                  NORMAL
..................................................................
TEMPERATURE (F)
 YESTERDAY
  MAXIMUM         94    325 PM 103    2011  95     -1       91
                                      1998
                                      1996
  MINIMUM         77    621 AM  60    1924  74      3       71
  AVERAGE         86                        84      2       81

PRECIPITATION (IN)
  YESTERDAY        0.00          1.52 1908   0.06  -0.06     0.00
  MONTH TO DATE    0.00                      0.39  -0.39      T
  SINCE JUN 1      5.97                      3.82   2.15     8.31
  SINCE JAN 1     27.31                     18.71   8.60    19.45

DEGREE DAYS
 HEATING
  YESTERDAY        0                         0      0        0
  MONTH TO DATE    0                         0      0        0
  SINCE JUN 1      0                         0      0        0
  SINCE JUL 1      0                         0      0        0

 COOLING
  YESTERDAY       21                        19      2       16
  MONTH TO DATE  114                       114      0      100
  SINCE JUN 1    618                       602     16      581
  SINCE JAN 1   1053                      1054     -1      968
..................................................................


WIND (MPH)
  HIGHEST WIND SPEED    28   HIGHEST WIND DIRECTION     S (170)
  HIGHEST GUST SPEED    33   HIGHEST GUST DIRECTION     S (180)
  AVERAGE WIND SPEED    18.6


SKY COVER
  POSSIBLE SUNSHINE  MM
  AVERAGE SKY COVER 0.4


WEATHER CONDITIONS
 THE FOLLOWING WEATHER WAS RECORDED YESTERDAY.
  NO SIGNIFICANT WEATHER WAS OBSERVED.


RELATIVE HUMIDITY (PERCENT)
 HIGHEST    88           600 AM
 LOWEST     41           200 PM
 AVERAGE    65

..........................................................


THE WACO CLIMATE NORMALS FOR TODAY
                         NORMAL    RECORD    YEAR
 MAXIMUM TEMPERATURE (F)   95       105      1998
 MINIMUM TEMPERATURE (F)   74        64      1968


SUNRISE AND SUNSET
JULY  7 2015..........SUNRISE   630 AM CDT   SUNSET   837 PM CDT
JULY  8 2015..........SUNRISE   630 AM CDT   SUNSET   837 PM CDT


-  INDICATES NEGATIVE NUMBERS.
R  INDICATES RECORD WAS SET OR TIED.
MM INDICATES DATA IS MISSING.
T  INDICATES TRACE AMOUNT.




$$
