000
CDUS44 KFWD 230643
CLIACT

CLIMATE REPORT
NATIONAL WEATHER SERVICE FORT WORTH TX
140 AM CDT THU OCT 23 2014


...THE WACO CLIMATE SUMMARY FOR OCTOBER 22 2014...

CLIMATE NORMAL PERIOD 1981 TO 2010
CLIMATE RECORD PERIOD 1901 TO 2014


WEATHER ITEM   OBSERVED TIME   RECORD YEAR NORMAL DEPARTURE LAST
                VALUE   (LST)  VALUE       VALUE  FROM      YEAR
                                                  NORMAL
..................................................................
TEMPERATURE (F)
 YESTERDAY
  MAXIMUM         82    209 PM  94    1999  78      4       76
  MINIMUM         58    654 AM  38    1911  55      3       47
  AVERAGE         70                        66      4       62

PRECIPITATION (IN)
  YESTERDAY        0.00          3.60 2004   0.13  -0.13     0.00
  MONTH TO DATE    5.00                      2.84   2.16     4.87
  SINCE SEP 1      6.28                      5.90   0.38    10.30
  SINCE JAN 1     26.86                     28.06  -1.20    31.73

SNOWFALL (IN)
  YESTERDAY        0.0           0.0         0.0    0.0      0.0
  MONTH TO DATE    0.0                       0.0    0.0      0.0
  SINCE SEP 1      0.0                       0.0    0.0      0.0
  SINCE JUL 1      0.0                       0.0    0.0      0.0
  SNOW DEPTH       0

DEGREE DAYS
 HEATING
  YESTERDAY        0                         3     -3        3
  MONTH TO DATE    3                        31    -28       43
  SINCE SEP 1      3                        37    -34       43
  SINCE JUL 1      3                        37    -34       43

 COOLING
  YESTERDAY        5                         4      1        0
  MONTH TO DATE  177                       130     47      120
  SINCE SEP 1    616                       529     87      616
  SINCE JAN 1   2691                      2724    -33     2827
..................................................................


WIND (MPH)
  HIGHEST WIND SPEED    14   HIGHEST WIND DIRECTION     E (110)
  HIGHEST GUST SPEED    17   HIGHEST GUST DIRECTION    SE (130)
  AVERAGE WIND SPEED     4.9


SKY COVER
    AVERAGE SKY COVER 0.1


WEATHER CONDITIONS
 THE FOLLOWING WEATHER WAS RECORDED YESTERDAY.
  FOG
  HAZE


RELATIVE HUMIDITY (PERCENT)
 HIGHEST    93           700 AM
 LOWEST     45           200 PM
 AVERAGE    69

..........................................................


THE WACO CLIMATE NORMALS FOR TODAY
                         NORMAL    RECORD    YEAR
 MAXIMUM TEMPERATURE (F)   78        89      2003
                                             2001
                                             1991
 MINIMUM TEMPERATURE (F)   55        36      2006


SUNRISE AND SUNSET
OCTOBER 23 2014.......SUNRISE   738 AM CDT   SUNSET   648 PM CDT
OCTOBER 24 2014.......SUNRISE   739 AM CDT   SUNSET   647 PM CDT


-  INDICATES NEGATIVE NUMBERS.
R  INDICATES RECORD WAS SET OR TIED.
MM INDICATES DATA IS MISSING.
T  INDICATES TRACE AMOUNT.




$$
