000
CDUS44 KFWD 190647
CLIACT


CLIMATE REPORT
NATIONAL WEATHER SERVICE FORT WORTH TX
1247 AM CST MON FEB 19 2018


...................................

...THE WACO CLIMATE SUMMARY FOR FEBRUARY 18 2018...

CLIMATE NORMAL PERIOD 1981 TO 2010
CLIMATE RECORD PERIOD 1901 TO 2018


WEATHER ITEM   OBSERVED TIME   RECORD YEAR NORMAL DEPARTURE LAST
                VALUE   (LST)  VALUE       VALUE  FROM      YEAR
                                                  NORMAL
..................................................................
TEMPERATURE (F)
 YESTERDAY
  MAXIMUM         69    934 PM  86    1986  62      7       82
  MINIMUM         40    242 AM  12    1910  41     -1       58
  AVERAGE         55                        51      4       70

PRECIPITATION (IN)
  YESTERDAY        T             1.68 2012   0.10  -0.10     0.00
  MONTH TO DATE    0.30                      1.63  -1.33     2.09
  SINCE DEC 1      2.39                      6.50  -4.11     6.47
  SINCE JAN 1      0.61                      3.75  -3.14     5.20

SNOWFALL (IN)
  YESTERDAY        0.0           0.0    MM   0.0    0.0      0.0
  MONTH TO DATE    T                         0.3   -0.3      0.0
  SINCE DEC 1      T                         0.6   -0.6       T
  SINCE JUL 1      T                         0.7   -0.7       T
  SNOW DEPTH       0

DEGREE DAYS
 HEATING
  YESTERDAY       10                        14     -4        0
  MONTH TO DATE  296                       278     18      120
  SINCE DEC 1   1461                      1358    103      979
  SINCE JUL 1   1702                      1686     16     1122

 COOLING
  YESTERDAY        0                         0      0        5
  MONTH TO DATE    6                         0      6       26
  SINCE DEC 1     15                         8      7       58
  SINCE JAN 1      6                         3      3       35
..................................................................


WIND (MPH)
  HIGHEST WIND SPEED    23   HIGHEST WIND DIRECTION     S (170)
  HIGHEST GUST SPEED    30   HIGHEST GUST DIRECTION     S (170)
  AVERAGE WIND SPEED     6.5


SKY COVER
  POSSIBLE SUNSHINE  MM
  AVERAGE SKY COVER 0.6


WEATHER CONDITIONS
 THE FOLLOWING WEATHER WAS RECORDED YESTERDAY.
  LIGHT RAIN
  FOG
  FOG W/VISIBILITY <= 1/4 MILE
  HAZE


RELATIVE HUMIDITY (PERCENT)
 HIGHEST   100           500 AM
 LOWEST     76          1000 PM
 AVERAGE    88

..........................................................


THE WACO CLIMATE NORMALS FOR TODAY
                         NORMAL    RECORD    YEAR
 MAXIMUM TEMPERATURE (F)   63        88      1986
 MINIMUM TEMPERATURE (F)   41        12      1910


SUNRISE AND SUNSET
FEBRUARY 19 2018......SUNRISE   707 AM CST   SUNSET   619 PM CST
FEBRUARY 20 2018......SUNRISE   706 AM CST   SUNSET   620 PM CST


-  INDICATES NEGATIVE NUMBERS.
R  INDICATES RECORD WAS SET OR TIED.
MM INDICATES DATA IS MISSING.
T  INDICATES TRACE AMOUNT.




$$
