000
CDUS44 KFWD 180651
CLIACT


CLIMATE REPORT
NATIONAL WEATHER SERVICE FORT WORTH TX
151 AM CDT SAT APR 18 2015

...THE WACO CLIMATE SUMMARY FOR APRIL 17 2015...

CLIMATE NORMAL PERIOD 1981 TO 2010
CLIMATE RECORD PERIOD 1901 TO 2015


WEATHER ITEM   OBSERVED TIME   RECORD YEAR NORMAL DEPARTURE LAST
                VALUE   (LST)  VALUE       VALUE  FROM      YEAR
                                                  NORMAL
..................................................................
TEMPERATURE (F)
 YESTERDAY
  MAXIMUM         76    204 PM  97    2006  78     -2       69
  MINIMUM         63   1231 AM  35    1999  55      8       52
  AVERAGE         70                        66      4       61

PRECIPITATION (IN)
  YESTERDAY        0.02          2.89 2010   0.09  -0.07     0.01
  MONTH TO DATE    1.07                      1.32  -0.25     1.67
  SINCE MAR 1      3.92                      4.47  -0.55     2.54
  SINCE JAN 1      8.65                      9.22  -0.57     3.30

SNOWFALL (IN)
  YESTERDAY        0.0           0.0    MM   0.0    0.0      0.0
  MONTH TO DATE    0.0                       0.2   -0.2      0.0
  SINCE MAR 1      0.7                       0.3    0.4      0.1
  SINCE JUL 1      1.4                       1.2    0.2      0.1
  SNOW DEPTH       0

DEGREE DAYS
 HEATING
  YESTERDAY        0                         2     -2        4
  MONTH TO DATE   33                        60    -27       87
  SINCE MAR 1    328                       306     22      437
  SINCE JUL 1   2282                      2118    164     2580

 COOLING
  YESTERDAY        5                         4      1        0
  MONTH TO DATE   80                        48     32       59
  SINCE MAR 1    107                        82     25       74
  SINCE JAN 1    107                        91     16       74
..................................................................


WIND (MPH)
  HIGHEST WIND SPEED    22   HIGHEST WIND DIRECTION     E (100)
  HIGHEST GUST SPEED    26   HIGHEST GUST DIRECTION     E (100)
  AVERAGE WIND SPEED     7.7


SKY COVER
  POSSIBLE SUNSHINE  MM
  AVERAGE SKY COVER 0.8


WEATHER CONDITIONS
 THE FOLLOWING WEATHER WAS RECORDED YESTERDAY.
  LIGHT RAIN


RELATIVE HUMIDITY (PERCENT)
 HIGHEST    93          1200 AM
 LOWEST     73          1100 AM
 AVERAGE    83

..........................................................


THE WACO CLIMATE NORMALS FOR TODAY
                         NORMAL    RECORD    YEAR
 MAXIMUM TEMPERATURE (F)   78        98      2006
 MINIMUM TEMPERATURE (F)   55        39      1921


SUNRISE AND SUNSET
APRIL 18 2015.........SUNRISE   657 AM CDT   SUNSET   800 PM CDT
APRIL 19 2015.........SUNRISE   656 AM CDT   SUNSET   800 PM CDT


-  INDICATES NEGATIVE NUMBERS.
R  INDICATES RECORD WAS SET OR TIED.
MM INDICATES DATA IS MISSING.
T  INDICATES TRACE AMOUNT.




$$
