000
CDUS44 KFWD 260637
CLIACT


CLIMATE REPORT
NATIONAL WEATHER SERVICE FORT WORTH TX
137 AM CDT WED JUL 26 2017


...................................

...THE WACO CLIMATE SUMMARY FOR JULY 25 2017...

CLIMATE NORMAL PERIOD 1981 TO 2010
CLIMATE RECORD PERIOD 1901 TO 2017


WEATHER ITEM   OBSERVED TIME   RECORD YEAR NORMAL DEPARTURE LAST
                VALUE   (LST)  VALUE       VALUE  FROM      YEAR
                                                  NORMAL
..................................................................
TEMPERATURE (F)
 YESTERDAY
  MAXIMUM        100    346 PM 108    1954  97      3      103
  MINIMUM         77    630 AM  65    1911  75      2       74
  AVERAGE         89                        86      3       89

PRECIPITATION (IN)
  YESTERDAY        0.00          2.86 1971   0.06  -0.06     0.06
  MONTH TO DATE    2.09                      1.45   0.64     0.06
  SINCE JUN 1      6.83                      4.88   1.95     4.65
  SINCE JAN 1     26.14                     19.77   6.37    27.29

DEGREE DAYS
 HEATING
  YESTERDAY        0                         0      0        0
  MONTH TO DATE    0                         0      0        0
  SINCE JUN 1      0                         0      0        0
  SINCE JUL 1      0                         0      0        0

 COOLING
  YESTERDAY       24                        21      3       24
  MONTH TO DATE  523                       500     23      571
  SINCE JUN 1   1040                       988     52     1100
  SINCE JAN 1   1609                      1440    169     1491
..................................................................


WIND (MPH)
  HIGHEST WIND SPEED    21   HIGHEST WIND DIRECTION     S (170)
  HIGHEST GUST SPEED    28   HIGHEST GUST DIRECTION     S (160)
  AVERAGE WIND SPEED    13.3


SKY COVER
  POSSIBLE SUNSHINE  MM
  AVERAGE SKY COVER 0.1


WEATHER CONDITIONS
 THE FOLLOWING WEATHER WAS RECORDED YESTERDAY.
  NO SIGNIFICANT WEATHER WAS OBSERVED.


RELATIVE HUMIDITY (PERCENT)
 HIGHEST    91          1200 AM
 LOWEST     38           300 PM
 AVERAGE    65

..........................................................


THE WACO CLIMATE NORMALS FOR TODAY
                         NORMAL    RECORD    YEAR
 MAXIMUM TEMPERATURE (F)   97       105      1964
                                             1954
 MINIMUM TEMPERATURE (F)   75        65      1911


SUNRISE AND SUNSET
JULY 26 2017..........SUNRISE   641 AM CDT   SUNSET   829 PM CDT
JULY 27 2017..........SUNRISE   642 AM CDT   SUNSET   828 PM CDT


-  INDICATES NEGATIVE NUMBERS.
R  INDICATES RECORD WAS SET OR TIED.
MM INDICATES DATA IS MISSING.
T  INDICATES TRACE AMOUNT.




$$
