000
CDUS44 KFWD 250659
CLIACT


CLIMATE REPORT
NATIONAL WEATHER SERVICE FORT WORTH TX
158 AM CDT SAT JUN 25 2016


...................................

...THE WACO CLIMATE SUMMARY FOR JUNE 24 2016...

CLIMATE NORMAL PERIOD 1981 TO 2010
CLIMATE RECORD PERIOD 1901 TO 2016


WEATHER ITEM   OBSERVED TIME   RECORD YEAR NORMAL DEPARTURE LAST
                VALUE   (LST)  VALUE       VALUE  FROM      YEAR
                                                  NORMAL
..................................................................
TEMPERATURE (F)
 YESTERDAY
  MAXIMUM         94    438 PM 106    2009  93      1       93
  MINIMUM         75    553 AM  63    1974  72      3       73
  AVERAGE         85                        83      2       83

PRECIPITATION (IN)
  YESTERDAY        0.00          1.55 1976   0.09  -0.09     0.00
  MONTH TO DATE    4.59                      2.97   1.62     3.96
  SINCE JUN 1      4.59                      2.97   1.62     3.96
  SINCE JAN 1     27.23                     17.86   9.37    25.30

DEGREE DAYS
 HEATING
  YESTERDAY        0                         0      0        0
  MONTH TO DATE    0                         0      0        0
  SINCE JUN 1      0                         0      0        0
  SINCE JUL 1   1691                      2142   -451     2306

 COOLING
  YESTERDAY       20                        18      2       18
  MONTH TO DATE  410                       378     32      397
  SINCE JUN 1    410                       378     32      397
  SINCE JAN 1    801                       830    -29      832
..................................................................


WIND (MPH)
  HIGHEST WIND SPEED    21   HIGHEST WIND DIRECTION    SE (150)
  HIGHEST GUST SPEED    24   HIGHEST GUST DIRECTION    SW (210)
  AVERAGE WIND SPEED    12.5


SKY COVER
  POSSIBLE SUNSHINE  MM
  AVERAGE SKY COVER 0.2


WEATHER CONDITIONS
 THE FOLLOWING WEATHER WAS RECORDED YESTERDAY.
  NO SIGNIFICANT WEATHER WAS OBSERVED.


RELATIVE HUMIDITY (PERCENT)
 HIGHEST    87           400 AM
 LOWEST     41           300 PM
 AVERAGE    64

..........................................................


THE WACO CLIMATE NORMALS FOR TODAY
                         NORMAL    RECORD    YEAR
 MAXIMUM TEMPERATURE (F)   94       105      2009
                                             1980
 MINIMUM TEMPERATURE (F)   72        57      1974


SUNRISE AND SUNSET
JUNE 25 2016..........SUNRISE   625 AM CDT   SUNSET   838 PM CDT
JUNE 26 2016..........SUNRISE   626 AM CDT   SUNSET   838 PM CDT


-  INDICATES NEGATIVE NUMBERS.
R  INDICATES RECORD WAS SET OR TIED.
MM INDICATES DATA IS MISSING.
T  INDICATES TRACE AMOUNT.




$$
