016
CDUS44 KFWD 012124
CLIACT


CLIMATE REPORT
NATIONAL WEATHER SERVICE FORT WORTH TX
424 PM CDT SUN MAY 1 2016


...................................

...THE WACO CLIMATE SUMMARY FOR MAY 1 2016...
VALID AS OF 0400 PM LOCAL TIME.

CLIMATE NORMAL PERIOD 1981 TO 2010
CLIMATE RECORD PERIOD 1901 TO 2016


WEATHER ITEM   OBSERVED TIME   RECORD YEAR NORMAL DEPARTURE LAST
                VALUE   (LST)  VALUE       VALUE  FROM      YEAR
                                                  NORMAL
..................................................................
TEMPERATURE (F)
 TODAY
  MAXIMUM         77    243 PM  94    2002  81     -4       82
                                      1902
  MINIMUM         59    607 AM  35    2014  59      0       52
  AVERAGE         68

PRECIPITATION (IN)
  TODAY            0.00          3.34 1956   0.13  -0.13     0.00
  MONTH TO DATE    0.00                      0.13  -0.13     0.00
  SINCE MAR 1     11.88                      5.97   5.91     7.34
  SINCE JAN 1     14.33                     10.72   3.61    12.07

..................................................................


WIND (MPH)
  HIGHEST WIND SPEED    22   HIGHEST WIND DIRECTION     N (20)
  HIGHEST GUST SPEED    27   HIGHEST GUST DIRECTION    NE (30)
  AVERAGE WIND SPEED    11.9




..........................................................


THE WACO CLIMATE NORMALS FOR TOMORROW
                         NORMAL    RECORD    YEAR
 MAXIMUM TEMPERATURE (F)   82        95      1943
 MINIMUM TEMPERATURE (F)   60        38      1903


SUNRISE AND SUNSET
MAY  1 2016...........SUNRISE   643 AM CDT   SUNSET   809 PM CDT
MAY  2 2016...........SUNRISE   642 AM CDT   SUNSET   810 PM CDT


-  INDICATES NEGATIVE NUMBERS.
R  INDICATES RECORD WAS SET OR TIED.
MM INDICATES DATA IS MISSING.
T  INDICATES TRACE AMOUNT.




$$
