000
CDUS44 KFWD 200640
CLIACT

CLIMATE REPORT
NATIONAL WEATHER SERVICE FORT WORTH TX
140 AM CDT SUN APR 20 2014


...THE WACO CLIMATE SUMMARY FOR APRIL 19 2014...

CLIMATE NORMAL PERIOD 1981 TO 2010
CLIMATE RECORD PERIOD 1901 TO 2014


WEATHER ITEM   OBSERVED TIME   RECORD YEAR NORMAL DEPARTURE LAST
                VALUE   (LST)  VALUE       VALUE  FROM      YEAR
                                                  NORMAL
..................................................................
TEMPERATURE (F)
 YESTERDAY
  MAXIMUM         77   1258 PM  97    1996  79     -2       65
  MINIMUM         46    434 AM  34    2013  56    -10       34
  AVERAGE         62                        67     -5       50

PRECIPITATION (IN)
  YESTERDAY        0.00          1.78 1957   0.10  -0.10     0.00
  MONTH TO DATE    1.68                      1.52   0.16     1.62
  SINCE MAR 1      2.55                      4.67  -2.12     3.45
  SINCE JAN 1      3.31                      9.42  -6.11    10.60

SNOWFALL (IN)
  YESTERDAY        0.0           0.0         0.0    0.0      0.0
  MONTH TO DATE    0.0                       0.2   -0.2      0.0
  SINCE MAR 1      0.1                       0.3   -0.2      0.0
  SINCE JUL 1      0.1                       1.2   -1.1       T
  SNOW DEPTH       0

DEGREE DAYS
 HEATING
  YESTERDAY        3                         2      1       15
  MONTH TO DATE   91                        64     27       94
  SINCE MAR 1    441                       310    131      376
  SINCE JUL 1   2584                      2122    462     1942

 COOLING
  YESTERDAY        0                         4     -4        0
  MONTH TO DATE   59                        56      3       66
  SINCE MAR 1     74                        90    -16       92
  SINCE JAN 1     74                        99    -25      109
..................................................................


WIND (MPH)
  HIGHEST WIND SPEED    16   HIGHEST WIND DIRECTION    SE (130)
  HIGHEST GUST SPEED    18   HIGHEST GUST DIRECTION    SE (130)
  AVERAGE WIND SPEED     5.0


SKY COVER
  POSSIBLE SUNSHINE  MM
  AVERAGE SKY COVER 0.1


WEATHER CONDITIONS
 THE FOLLOWING WEATHER WAS RECORDED YESTERDAY.
  FOG
  HAZE


RELATIVE HUMIDITY (PERCENT)
 HIGHEST   100           400 AM
 LOWEST     46           300 PM
 AVERAGE    73

..........................................................


THE WACO CLIMATE NORMALS FOR TODAY
                         NORMAL    RECORD    YEAR
 MAXIMUM TEMPERATURE (F)   79        94      1925
 MINIMUM TEMPERATURE (F)   56        38      2013
                                             1953


SUNRISE AND SUNSET
APRIL 20 2014.........SUNRISE   655 AM CDT   SUNSET   801 PM CDT
APRIL 21 2014.........SUNRISE   654 AM CDT   SUNSET   802 PM CDT


-  INDICATES NEGATIVE NUMBERS.
R  INDICATES RECORD WAS SET OR TIED.
MM INDICATES DATA IS MISSING.
T  INDICATES TRACE AMOUNT.




$$
