000
CDUS44 KFWD 250637
CLIACT

CLIMATE REPORT
NATIONAL WEATHER SERVICE FORT WORTH TX
1235 AM CST TUE NOV 25 2014


...................................

...THE WACO CLIMATE SUMMARY FOR NOVEMBER 24 2014...

CLIMATE NORMAL PERIOD 1981 TO 2010
CLIMATE RECORD PERIOD 1901 TO 2014


WEATHER ITEM   OBSERVED TIME   RECORD YEAR NORMAL DEPARTURE LAST
                VALUE   (LST)  VALUE       VALUE  FROM      YEAR
                                                  NORMAL
..................................................................
TEMPERATURE (F)
 YESTERDAY
  MAXIMUM         63    153 PM  87    1965  65     -2       38
  MINIMUM         34   1045 PM  24    1970  43     -9       33
  AVERAGE         49                        54     -5       36

PRECIPITATION (IN)
  YESTERDAY        0.00          2.35 1913   0.08  -0.08     0.16
  MONTH TO DATE    2.68                      2.30   0.38     1.89
  SINCE SEP 1      8.97                      9.26  -0.29    14.62
  SINCE JAN 1     29.55                     31.42  -1.87    36.05

SNOWFALL (IN)
  YESTERDAY        0.0           T    2013   0.0    0.0       T
                                      1957
  MONTH TO DATE    0.0                       0.1   -0.1       T
  SINCE SEP 1      0.0                       0.1   -0.1       T
  SINCE JUL 1      0.0                       0.1   -0.1       T
  SNOW DEPTH       0

DEGREE DAYS
 HEATING
  YESTERDAY       16                        11      5       29
  MONTH TO DATE  312                       185    127      229
  SINCE SEP 1    324                       252     72      278
  SINCE JUL 1    324                       252     72      278

 COOLING
  YESTERDAY        0                         0      0        0
  MONTH TO DATE    1                        35    -34       18
  SINCE SEP 1    669                       596     73      659
  SINCE JAN 1   2744                      2791    -47     2870
..................................................................


WIND (MPH)
  HIGHEST WIND SPEED    15   HIGHEST WIND DIRECTION    NW (330)
  HIGHEST GUST SPEED    21   HIGHEST GUST DIRECTION     N (340)
  AVERAGE WIND SPEED     5.3


SKY COVER
  POSSIBLE SUNSHINE  MM
  AVERAGE SKY COVER 0.0


WEATHER CONDITIONS
 THE FOLLOWING WEATHER WAS RECORDED YESTERDAY.
  HAZE


RELATIVE HUMIDITY (PERCENT)
 HIGHEST    92           600 AM
 LOWEST     20           200 PM
 AVERAGE    56

..........................................................


THE WACO CLIMATE NORMALS FOR TODAY
                         NORMAL    RECORD    YEAR
 MAXIMUM TEMPERATURE (F)   65        85      1905
 MINIMUM TEMPERATURE (F)   43        23      1916


SUNRISE AND SUNSET
NOVEMBER 25 2014......SUNRISE   706 AM CST   SUNSET   526 PM CST
NOVEMBER 26 2014......SUNRISE   706 AM CST   SUNSET   526 PM CST


-  INDICATES NEGATIVE NUMBERS.
R  INDICATES RECORD WAS SET OR TIED.
MM INDICATES DATA IS MISSING.
T  INDICATES TRACE AMOUNT.




$$
