000
CDUS44 KFWD 260645
CLIACT

CLIMATE REPORT
NATIONAL WEATHER SERVICE FORT WORTH TX
143 AM CDT SUN OCT 26 2014

...THE WACO CLIMATE SUMMARY FOR OCTOBER 25 2014...

CLIMATE NORMAL PERIOD 1981 TO 2010
CLIMATE RECORD PERIOD 1901 TO 2014


WEATHER ITEM   OBSERVED TIME   RECORD YEAR NORMAL DEPARTURE LAST
                VALUE   (LST)  VALUE       VALUE  FROM      YEAR
                                                  NORMAL
..................................................................
TEMPERATURE (F)
 YESTERDAY
  MAXIMUM         87    343 PM  94    1992  77     10       73
  MINIMUM         58    634 AM  33    2005  54      4       50
                                      1982
                                      1917
  AVERAGE         73                        66      7       62

PRECIPITATION (IN)
  YESTERDAY        0.00          3.04 1904   0.12  -0.12     0.00
  MONTH TO DATE    5.01                      3.21   1.80     4.87
  SINCE SEP 1      6.29                      6.27   0.02    10.30
  SINCE JAN 1     26.87                     28.43  -1.56    31.73

SNOWFALL (IN)
  YESTERDAY        0.0           0.0    MM   0.0    0.0      0.0
  MONTH TO DATE    0.0                       0.0    0.0      0.0
  SINCE SEP 1      0.0                       0.0    0.0      0.0
  SINCE JUL 1      0.0                       0.0    0.0      0.0
  SNOW DEPTH       0

DEGREE DAYS
 HEATING
  YESTERDAY        0                         3     -3        3
  MONTH TO DATE    3                        40    -37       47
  SINCE SEP 1      3                        46    -43       47
  SINCE JUL 1      3                        46    -43       47

 COOLING
  YESTERDAY        8                         4      4        0
  MONTH TO DATE  198                       142     56      120
  SINCE SEP 1    637                       541     96      616
  SINCE JAN 1   2712                      2736    -24     2827
..................................................................


WIND (MPH)
  HIGHEST WIND SPEED    13   HIGHEST WIND DIRECTION    SW (220)
  HIGHEST GUST SPEED    16   HIGHEST GUST DIRECTION     S (190)
  AVERAGE WIND SPEED     7.3


SKY COVER
  POSSIBLE SUNSHINE  MM
  AVERAGE SKY COVER 0.0


WEATHER CONDITIONS
 THE FOLLOWING WEATHER WAS RECORDED YESTERDAY.
  NO SIGNIFICANT WEATHER WAS OBSERVED.


RELATIVE HUMIDITY (PERCENT)
 HIGHEST    90           600 AM
 LOWEST     42           200 PM
 AVERAGE    66

..........................................................


THE WACO CLIMATE NORMALS FOR TODAY
                         NORMAL    RECORD    YEAR
 MAXIMUM TEMPERATURE (F)   77        94      1992
 MINIMUM TEMPERATURE (F)   54        35      2007


SUNRISE AND SUNSET
OCTOBER 26 2014.......SUNRISE   740 AM CDT   SUNSET   645 PM CDT
OCTOBER 27 2014.......SUNRISE   741 AM CDT   SUNSET   644 PM CDT


-  INDICATES NEGATIVE NUMBERS.
R  INDICATES RECORD WAS SET OR TIED.
MM INDICATES DATA IS MISSING.
T  INDICATES TRACE AMOUNT.




$$
