000
CDUS44 KFWD 222229
CLIACT


CLIMATE REPORT
NATIONAL WEATHER SERVICE FORT WORTH TX
428 PM CST MON JAN 22 2018


...................................

...THE WACO CLIMATE SUMMARY FOR JANUARY 22 2018...
VALID AS OF 0400 PM LOCAL TIME.

CLIMATE NORMAL PERIOD 1981 TO 2010
CLIMATE RECORD PERIOD 1901 TO 2018


WEATHER ITEM   OBSERVED TIME   RECORD YEAR NORMAL DEPARTURE LAST
                VALUE   (LST)  VALUE       VALUE  FROM      YEAR
                                                  NORMAL
..................................................................
TEMPERATURE (F)
 TODAY
  MAXIMUM         64    353 PM  88    1943  59      5       66
  MINIMUM         35    632 AM  11    1930  36     -1       47
  AVERAGE         50

PRECIPITATION (IN)
  TODAY            0.00          1.31 2015   0.07  -0.07     0.00
  MONTH TO DATE    0.25                      1.44  -1.19     3.11
  SINCE DEC 1      2.03                      4.19  -2.16     4.38
  SINCE JAN 1      0.25                      1.44  -1.19     3.11

SNOWFALL (IN)
  TODAY            0.0           2.8  1940   0.0    0.0      0.0
  MONTH TO DATE    T                         0.2   -0.2      0.0
  SINCE DEC 1      T                         0.2   -0.2       T
  SINCE JUL 1      T                         0.3   -0.3       T
  SNOW DEPTH       0

..................................................................


WIND (MPH)
  HIGHEST WIND SPEED    29   HIGHEST WIND DIRECTION     W (290)
  HIGHEST GUST SPEED    36   HIGHEST GUST DIRECTION     W (280)
  AVERAGE WIND SPEED    12.0




..........................................................


THE WACO CLIMATE NORMALS FOR TOMORROW
                         NORMAL    RECORD    YEAR
 MAXIMUM TEMPERATURE (F)   59        90      1943
 MINIMUM TEMPERATURE (F)   36         7      1940


SUNRISE AND SUNSET
JANUARY 22 2018.......SUNRISE   727 AM CST   SUNSET   554 PM CST
JANUARY 23 2018.......SUNRISE   726 AM CST   SUNSET   555 PM CST


-  INDICATES NEGATIVE NUMBERS.
R  INDICATES RECORD WAS SET OR TIED.
MM INDICATES DATA IS MISSING.
T  INDICATES TRACE AMOUNT.




$$
