000
CDUS44 KFWD 240643
CLIACT

CLIMATE REPORT
NATIONAL WEATHER SERVICE FORT WORTH TX
143 AM CDT THU APR 24 2014

...................................

...THE WACO CLIMATE SUMMARY FOR APRIL 23 2014...

CLIMATE NORMAL PERIOD 1981 TO 2010
CLIMATE RECORD PERIOD 1901 TO 2014


WEATHER ITEM   OBSERVED TIME   RECORD YEAR NORMAL DEPARTURE LAST
                VALUE   (LST)  VALUE       VALUE  FROM      YEAR
                                                  NORMAL
..................................................................
TEMPERATURE (F)
 YESTERDAY
  MAXIMUM         86    331 PM  94    2000  80      6       71
                                      1940
  MINIMUM         53    458 AM  40    1984  57     -4       43
  AVERAGE         70                        68      2       57

PRECIPITATION (IN)
  YESTERDAY        0.00          2.84 1957   0.10  -0.10     0.10
  MONTH TO DATE    1.70                      1.93  -0.23     1.72
  SINCE MAR 1      2.57                      5.08  -2.51     3.55
  SINCE JAN 1      3.33                      9.83  -6.50    10.70

SNOWFALL (IN)
  YESTERDAY        0.0           0.0    MM   0.0    0.0      0.0
  MONTH TO DATE    0.0                       0.2   -0.2      0.0
  SINCE MAR 1      0.1                       0.3   -0.2      0.0
  SINCE JUL 1      0.1                       1.2   -1.1       T
  SNOW DEPTH       0

DEGREE DAYS
 HEATING
  YESTERDAY        0                         1     -1        8
  MONTH TO DATE   91                        71     20      118
  SINCE MAR 1    441                       317    124      400
  SINCE JUL 1   2584                      2129    455     1966

 COOLING
  YESTERDAY        5                         5      0        0
  MONTH TO DATE   79                        73      6       69
  SINCE MAR 1     94                       107    -13       95
  SINCE JAN 1     94                       116    -22      112
..................................................................


WIND (MPH)
  HIGHEST WIND SPEED    24   HIGHEST WIND DIRECTION     S (170)
  HIGHEST GUST SPEED    33   HIGHEST GUST DIRECTION     S (160)
  AVERAGE WIND SPEED    10.7


SKY COVER
  POSSIBLE SUNSHINE  MM
  AVERAGE SKY COVER 0.0


WEATHER CONDITIONS
 THE FOLLOWING WEATHER WAS RECORDED YESTERDAY.
  FOG


RELATIVE HUMIDITY (PERCENT)
 HIGHEST   100           300 AM
 LOWEST     40           300 PM
 AVERAGE    70

..........................................................


THE WACO CLIMATE NORMALS FOR TODAY
                         NORMAL    RECORD    YEAR
 MAXIMUM TEMPERATURE (F)   80        92      2003
                                             1984
 MINIMUM TEMPERATURE (F)   57        39      2013
                                             1995


SUNRISE AND SUNSET
APRIL 24 2014.........SUNRISE   650 AM CDT   SUNSET   804 PM CDT
APRIL 25 2014.........SUNRISE   649 AM CDT   SUNSET   805 PM CDT


-  INDICATES NEGATIVE NUMBERS.
R  INDICATES RECORD WAS SET OR TIED.
MM INDICATES DATA IS MISSING.
T  INDICATES TRACE AMOUNT.


$$

58
