295
CXUS54 KFWD 010838
CLMACT


CLIMATE REPORT
NATIONAL WEATHER SERVICE FORT WORTH TX
334 AM CDT WED JUN 1 2016

...................................

...THE WACO CLIMATE SUMMARY FOR THE MONTH OF MAY 2016...

CLIMATE NORMAL PERIOD 1981 TO 2010
CLIMATE RECORD PERIOD 1901 TO 2016

WEATHER         OBSERVED          NORMAL  DEPART  LAST YEAR`S
                 VALUE   DATE(S)  VALUE   FROM    VALUE  DATE(S)
                                          NORMAL
................................................................
TEMPERATURE (F)
RECORD
 HIGH             102   05/31/1985
 LOW               34   05/04/2013
HIGHEST            92   05/10        94      -2       89  05/20
                                                          05/18
LOWEST             47   05/03        50      -3       52  05/01
AVG. MAXIMUM     82.3              85.0    -2.7     82.5
AVG. MINIMUM     62.6              63.8    -1.2     64.5
MEAN             72.4              74.4    -2.0     73.5
DAYS MAX >= 90      4               6.5    -2.5        0
DAYS MAX <= 32      0               0.0     0.0        0
DAYS MAX >= 100     0                                  0
DAYS MIN <= 32      0               0.0     0.0        0
DAYS MIN <= 0       0               0.0     0.0        0
DAYS MIN >= 80      0                                  0

PRECIPITATION (INCHES)
RECORD
 MAXIMUM        15.00   1965
 MINIMUM         0.08   1934
TOTALS           8.31              4.30    4.01     9.27
DAILY AVG.       0.27              0.14    0.13     0.30
DAYS >= .01        12               8.1     3.9       22
DAYS >= .10        10               5.2     4.8       12
DAYS >= .50         6               2.9     3.1        6
DAYS >= 1.00        4               1.4     2.6        4
GREATEST
 24 HR. TOTAL    3.18   05/26 TO 05/27              2.86

DEGREE_DAYS
HEATING TOTAL      11                 6       5        2
 SINCE 7/1       1691              2142    -451     2306
COOLING TOTAL     247               298     -51      274
 SINCE 1/1        391               452     -61      435
.................................................................

WIND (MPH)
AVERAGE WIND SPEED              9.8
HIGHEST WIND SPEED/DIRECTION    53/290    DATE  05/10
HIGHEST GUST SPEED/DIRECTION    74/290    DATE  05/10

SKY COVER
POSSIBLE SUNSHINE (PERCENT)   MM
AVERAGE SKY COVER           0.40
NUMBER OF DAYS FAIR           11
NUMBER OF DAYS PC             14
NUMBER OF DAYS CLOUDY          6

AVERAGE RH (PERCENT)     72

WEATHER CONDITIONS. NUMBER OF DAYS WITH
THUNDERSTORM              9     MIXED PRECIP               0
HEAVY RAIN                9     RAIN                      11
LIGHT RAIN               14     FREEZING RAIN              0
LT FREEZING RAIN          0     HAIL                       0
HEAVY SNOW                0     SNOW                       0
LIGHT SNOW                0     SLEET                      0
FOG                      19     FOG W/VIS <= 1/4 MILE      2
HAZE                      6

-  INDICATES NEGATIVE NUMBERS.
R  INDICATES RECORD WAS SET OR TIED.
MM INDICATES DATA IS MISSING.
T  INDICATES TRACE AMOUNT.

$$
