000
CXUS54 KFWD 011645 CCA
CLMACT

CLIMATE REPORT...CORRECTED
NATIONAL WEATHER SERVICE FORT WORTH TX
1145 AM CDT TUE APR 1 2014

CORRECTED THUNDERSTORM DAYS

...................................

...THE WACO CLIMATE SUMMARY FOR THE MONTH OF MARCH 2014...

CLIMATE NORMAL PERIOD 1981 TO 2010
CLIMATE RECORD PERIOD 1901 TO 2014

WEATHER         OBSERVED          NORMAL  DEPART  LAST YEAR`S
                 VALUE   DATE(S)  VALUE   FROM    VALUE  DATE(S)
                                          NORMAL
................................................................
TEMPERATURE (F)
RECORD
 HIGH             100   03/28/1971
 LOW               15   03/11/1948
                        03/03/1943
HIGHEST            82   03/31        86      -4       82  03/16
LOWEST             17   03/03        29     -12       22  03/26
AVG. MAXIMUM     67.2              69.2    -2.0     70.1
AVG. MINIMUM     40.6              47.1    -6.5     42.9
MEAN             53.9              58.2    -4.3     56.5
DAYS MAX >= 90      0               0.1    -0.1        0
DAYS MAX <= 32      0               0.0     0.0        0
DAYS MAX >= 100     0                                  0
DAYS MIN <= 32      6               1.8     4.2        7
DAYS MIN <= 0       0               0.0     0.0        0
DAYS MIN >= 80      0                                  0

PRECIPITATION (INCHES)
RECORD
 MAXIMUM         9.76   2007
 MINIMUM            T   1925
TOTALS           0.87              3.15   -2.28     1.83
DAILY AVG.       0.03              0.10   -0.07     0.06
DAYS >= .01         8               8.3    -0.3        6
DAYS >= .10         3               4.8    -1.8        3
DAYS >= .50         0               2.3    -2.3        1
DAYS >= 1.00        0               0.9    -0.9        1
GREATEST
 24 HR. TOTAL    0.36   03/15 TO 03/15              1.33

SNOWFALL (INCHES)
RECORDS
 TOTAL            2.5   1915
 24 HR TOTAL      2.5   03/09/1915 TO 03/09/1915
TOTALS            0.1               0.1     0.0      0.0
SINCE 7/1         0.1               1.0    -0.9        T
SNOWDEPTH AVG.      0                MM      MM        0
DAYS >= TRACE       1                                  0
DAYS >= 1.0         0               0.1    -0.1        0
GREATEST
 SNOW DEPTH         T   03/03                          0  MM
 24 HR TOTAL      0.1   MM                           0.0

DEGREE_DAYS
HEATING TOTAL     350               246     104      282
 SINCE 7/1       2493              2058     435     1848
COOLING TOTAL      15                34     -19       26
 SINCE 1/1         15                43     -28       43
.................................................................

WIND (MPH)
AVERAGE WIND SPEED              11.1
HIGHEST WIND SPEED/DIRECTION    38/230    DATE  03/28
HIGHEST GUST SPEED/DIRECTION    49/220    DATE  03/28

SKY COVER
POSSIBLE SUNSHINE (PERCENT)   MM
AVERAGE SKY COVER           0.40
NUMBER OF DAYS FAIR           15
NUMBER OF DAYS PC             11
NUMBER OF DAYS CLOUDY          5

AVERAGE RH (PERCENT)     67

WEATHER CONDITIONS. NUMBER OF DAYS WITH
THUNDERSTORM              3     MIXED PRECIP               0
HEAVY RAIN                2     RAIN                       2
LIGHT RAIN               11     FREEZING RAIN              1
LT FREEZING RAIN          1     HAIL                       0
HEAVY SNOW                0     SNOW                       0
LIGHT SNOW                1     SLEET                      0
FOG                      14     FOG W/VIS <= 1/4 MILE      2
HAZE                      9

-  INDICATES NEGATIVE NUMBERS.
R  INDICATES RECORD WAS SET OR TIED.
MM INDICATES DATA IS MISSING.
T  INDICATES TRACE AMOUNT.

$$
