000
CXUS54 KFWD 011105
CLMACT


CLIMATE REPORT
NATIONAL WEATHER SERVICE FORT WORTH TX
555 AM CDT WED APR 1 2015

...................................

...THE WACO CLIMATE SUMMARY FOR THE MONTH OF MARCH 2015...

CLIMATE NORMAL PERIOD 1981 TO 2010
CLIMATE RECORD PERIOD 1901 TO 2015

WEATHER         OBSERVED          NORMAL  DEPART  LAST YEAR`S
                 VALUE   DATE(S)  VALUE   FROM    VALUE  DATE(S)
                                          NORMAL
................................................................
TEMPERATURE (F)
RECORD
 HIGH             100   03/28/1971
 LOW               15   03/11/1948
                        03/03/1943
HIGHEST            84   03/28        86      -2       82  03/31
LOWEST             20   03/06        29      -9       17  03/03
AVG. MAXIMUM     65.9              69.2    -3.3     67.2
AVG. MINIMUM     46.3              47.1    -0.8     40.6
MEAN             56.1              58.2    -2.1     53.9
DAYS MAX >= 90      0               0.1    -0.1        0
DAYS MAX <= 32      0               0.0     0.0        0
DAYS MAX >= 100     0                                  0
DAYS MIN <= 32      4               1.8     2.2        6
DAYS MIN <= 0       0               0.0     0.0        0
DAYS MIN >= 80      0                                  0

PRECIPITATION (INCHES)
RECORD
 MAXIMUM         9.76   2007
 MINIMUM            T   1925
TOTALS           2.85              3.15   -0.30     0.87
DAILY AVG.       0.09              0.10   -0.01     0.03
DAYS >= .01        11               8.3     2.7        8
DAYS >= .10         8               4.8     3.2        3
DAYS >= .50         1               2.3    -1.3        0
DAYS >= 1.00        1               0.9     0.1        0
GREATEST
 24 HR. TOTAL    1.01   03/09 TO 03/09              0.36

SNOWFALL (INCHES)
RECORDS
 TOTAL            2.5   1915
 24 HR TOTAL      2.5   03/09/1915 TO 03/09/1915
TOTALS            0.7               0.1     0.6      0.1
SINCE 7/1         1.4               1.0     0.4      0.1
SNOWDEPTH AVG.      0                MM      MM        0
DAYS >= TRACE       2                                  1
DAYS >= 1.0         0               0.1    -0.1        0
GREATEST
 SNOW DEPTH         1   03/05                         -1  03/03
 24 HR TOTAL      0.7   MM                           0.1

DEGREE_DAYS
HEATING TOTAL     295               246      49      350
 SINCE 7/1       2249              2058     191     2493
COOLING TOTAL      27                34      -7       15
 SINCE 1/1         27                43     -16       15
.................................................................

WIND (MPH)
AVERAGE WIND SPEED              8.8
HIGHEST WIND SPEED/DIRECTION    32/360    DATE  03/04
HIGHEST GUST SPEED/DIRECTION    40/010    DATE  03/04

SKY COVER
POSSIBLE SUNSHINE (PERCENT)   MM
AVERAGE SKY COVER           0.60
NUMBER OF DAYS FAIR           10
NUMBER OF DAYS PC             10
NUMBER OF DAYS CLOUDY         11

AVERAGE RH (PERCENT)     77

WEATHER CONDITIONS. NUMBER OF DAYS WITH
THUNDERSTORM              0     MIXED PRECIP               0
HEAVY RAIN                3     RAIN                       5
LIGHT RAIN               13     FREEZING RAIN              2
LT FREEZING RAIN          2     HAIL                       0
HEAVY SNOW                0     SNOW                       0
LIGHT SNOW                2     SLEET                      1
FOG                      18     FOG W/VIS <= 1/4 MILE      5
HAZE                      1

-  INDICATES NEGATIVE NUMBERS.
R  INDICATES RECORD WAS SET OR TIED.
MM INDICATES DATA IS MISSING.
T  INDICATES TRACE AMOUNT.

$$
