000
CDUS44 KFWD 190713
CLIDFW


CLIMATE REPORT
NATIONAL WEATHER SERVICE FORT WORTH TX
113 AM CST FRI JAN 19 2018


...................................

...THE DALLAS FORT WORTH CLIMATE SUMMARY FOR JANUARY 18 2018...

CLIMATE NORMAL PERIOD 1981 TO 2010
CLIMATE RECORD PERIOD 1898 TO 2018


WEATHER ITEM   OBSERVED TIME   RECORD YEAR NORMAL DEPARTURE LAST
                VALUE   (LST)  VALUE       VALUE  FROM      YEAR
                                                  NORMAL
..................................................................
TEMPERATURE (F)
 YESTERDAY
  MAXIMUM         48    322 PM  80    1923  56     -8       54
                                      1914
  MINIMUM         18    726 AM  -1    1930  35    -17       48
  AVERAGE         33                        46    -13       51

PRECIPITATION (IN)
  YESTERDAY        0.00          1.99 1990   0.07  -0.07     0.12
  MONTH TO DATE    0.18                      1.14  -0.96     4.37
  SINCE DEC 1      4.74                      3.69   1.05     4.97
  SINCE JAN 1      0.18                      1.14  -0.96     4.37

SNOWFALL (IN)
  YESTERDAY        0.0           3.8  1956   0.0    0.0      0.0
  MONTH TO DATE    T                         0.1   -0.1      0.1
  SINCE DEC 1      T                         0.4   -0.4      0.1
  SINCE JUL 1      T                         0.4   -0.4      0.1
  SNOW DEPTH       0

DEGREE DAYS
 HEATING
  YESTERDAY       32                        19     13       14
  MONTH TO DATE  448                       353     95      305
  SINCE DEC 1    924                       911     13      789
  SINCE JUL 1   1127                      1265   -138      891

 COOLING
  YESTERDAY        0                         0      0        0
  MONTH TO DATE    0                         0      0        6
  SINCE DEC 1     12                         4      8       22
  SINCE JAN 1      0                         0      0        6
..................................................................


WIND (MPH)
  HIGHEST WIND SPEED    17   HIGHEST WIND DIRECTION     S (180)
  HIGHEST GUST SPEED    19   HIGHEST GUST DIRECTION     S (190)
  AVERAGE WIND SPEED     9.2


SKY COVER
  POSSIBLE SUNSHINE  MM
  AVERAGE SKY COVER 0.3


WEATHER CONDITIONS
 THE FOLLOWING WEATHER WAS RECORDED YESTERDAY.
  NO SIGNIFICANT WEATHER WAS OBSERVED.


RELATIVE HUMIDITY (PERCENT)
 HIGHEST    67           600 AM
 LOWEST     21           300 PM
 AVERAGE    44

..........................................................


THE DALLAS FORT WORTH CLIMATE NORMALS FOR TODAY
                         NORMAL    RECORD    YEAR
 MAXIMUM TEMPERATURE (F)   57        84      1952
 MINIMUM TEMPERATURE (F)   35         5      1943


SUNRISE AND SUNSET
JANUARY 19 2018.......SUNRISE   730 AM CST   SUNSET   548 PM CST
JANUARY 20 2018.......SUNRISE   729 AM CST   SUNSET   549 PM CST


-  INDICATES NEGATIVE NUMBERS.
R  INDICATES RECORD WAS SET OR TIED.
MM INDICATES DATA IS MISSING.
T  INDICATES TRACE AMOUNT.




$$
