000
CDUS44 KFWD 242229
CLIDFW

CLIMATE REPORT
NATIONAL WEATHER SERVICE FORT WORTH TX
528 PM CDT TUE MAY 24 2016


...................................

...THE DALLAS FORT WORTH CLIMATE SUMMARY FOR MAY 24 2016...
VALID AS OF 0500 PM LOCAL TIME.

CLIMATE NORMAL PERIOD 1981 TO 2010
CLIMATE RECORD PERIOD 1898 TO 2016


WEATHER ITEM   OBSERVED TIME   RECORD YEAR NORMAL DEPARTURE LAST
                VALUE   (LST)  VALUE       VALUE  FROM      YEAR
                                                  NORMAL
..................................................................
TEMPERATURE (F)
 TODAY
  MAXIMUM         87    359 PM  96    1996  86      1       76
  MINIMUM         74    750 AM  54    1940  67      7       63
  AVERAGE         81

PRECIPITATION (IN)
  TODAY            0.01          3.30 2015   0.16  -0.15     3.30
  MONTH TO DATE    2.95                      3.81  -0.86    11.45
  SINCE MAR 1     10.22                     10.37  -0.15    19.54
  SINCE JAN 1     13.46                     15.16  -1.70    26.12

..................................................................


WIND (MPH)
  HIGHEST WIND SPEED    21   HIGHEST WIND DIRECTION     S (180)
  HIGHEST GUST SPEED    25   HIGHEST GUST DIRECTION     S (170)
  AVERAGE WIND SPEED    14.0




..........................................................


THE DALLAS FORT WORTH CLIMATE NORMALS FOR TOMORROW
                         NORMAL    RECORD    YEAR
 MAXIMUM TEMPERATURE (F)   86        97      1980
 MINIMUM TEMPERATURE (F)   67        51      1979


SUNRISE AND SUNSET
MAY 24 2016...........SUNRISE   623 AM CDT   SUNSET   827 PM CDT
MAY 25 2016...........SUNRISE   623 AM CDT   SUNSET   828 PM CDT


-  INDICATES NEGATIVE NUMBERS.
R  INDICATES RECORD WAS SET OR TIED.
MM INDICATES DATA IS MISSING.
T  INDICATES TRACE AMOUNT.




$$
