000
CDUS44 KFWD 272120
CLIDFW


CLIMATE REPORT
NATIONAL WEATHER SERVICE FORT WORTH TX
420 PM CDT MON JUN 27 2016


...................................

...THE DALLAS FORT WORTH CLIMATE SUMMARY FOR JUNE 27 2016...
VALID AS OF 0400 PM LOCAL TIME.

CLIMATE NORMAL PERIOD 1981 TO 2010
CLIMATE RECORD PERIOD 1898 TO 2016


WEATHER ITEM   OBSERVED TIME   RECORD YEAR NORMAL DEPARTURE LAST
                VALUE   (LST)  VALUE       VALUE  FROM      YEAR
                                                  NORMAL
..................................................................
TEMPERATURE (F)
 TODAY
  MAXIMUM         99    205 PM 113    1980  94      5       90
  MINIMUM         79    545 AM  59    1974  73      6       74
  AVERAGE         89

PRECIPITATION (IN)
  TODAY            0.00          2.82 1962   0.10  -0.10     0.20
  MONTH TO DATE    3.60                      3.49   0.11     3.92
  SINCE JUN 1      3.60                      3.49   0.11     3.92
  SINCE JAN 1     20.36                     19.74   0.62    35.55

..................................................................


WIND (MPH)
  HIGHEST WIND SPEED    12   HIGHEST WIND DIRECTION     W (270)
  HIGHEST GUST SPEED    15   HIGHEST GUST DIRECTION     W (280)
  AVERAGE WIND SPEED     5.6




..........................................................


THE DALLAS FORT WORTH CLIMATE NORMALS FOR TOMORROW
                         NORMAL    RECORD    YEAR
 MAXIMUM TEMPERATURE (F)   94       112      1980
 MINIMUM TEMPERATURE (F)   74        61      1958


SUNRISE AND SUNSET
JUNE 27 2016..........SUNRISE   622 AM CDT   SUNSET   840 PM CDT
JUNE 28 2016..........SUNRISE   622 AM CDT   SUNSET   841 PM CDT


-  INDICATES NEGATIVE NUMBERS.
R  INDICATES RECORD WAS SET OR TIED.
MM INDICATES DATA IS MISSING.
T  INDICATES TRACE AMOUNT.




$$
