000
CDUS44 KFWD 220650
CLIDFW

CLIMATE REPORT
NATIONAL WEATHER SERVICE FORT WORTH TX
150 AM CDT FRI AUG 22 2014


...................................

...THE DALLAS FORT WORTH CLIMATE SUMMARY FOR AUGUST 21 2014...

CLIMATE NORMAL PERIOD 1981 TO 2010
CLIMATE RECORD PERIOD 1898 TO 2014


WEATHER ITEM   OBSERVED TIME   RECORD YEAR NORMAL DEPARTURE LAST
                VALUE   (LST)  VALUE       VALUE  FROM      YEAR
                                                  NORMAL
..................................................................
TEMPERATURE (F)
 YESTERDAY
  MAXIMUM         99    402 PM 105    1948  96      3       95
  MINIMUM         79    636 AM  62    1940  75      4       73
                                      1927
  AVERAGE         89                        85      4       84

PRECIPITATION (IN)
  YESTERDAY        0.00          2.25 1919   0.07  -0.07     0.00
  MONTH TO DATE    3.94                      1.17   2.77     1.18
  SINCE JUN 1      8.18                      7.12   1.06     5.37
  SINCE JAN 1     15.51                     23.37  -7.86    18.53

DEGREE DAYS
 HEATING
  YESTERDAY        0                         0      0        0
  MONTH TO DATE    0                         0      0        0
  SINCE JUN 1      0                         0      0        0
  SINCE JUL 1      0                         0      0        0

 COOLING
  YESTERDAY       24                        20      4       19
  MONTH TO DATE  444                       440      4      461
  SINCE JUN 1   1560                      1562     -2     1608
  SINCE JAN 1   2036                      1984     52     1997
..................................................................


WIND (MPH)
  HIGHEST WIND SPEED    24   HIGHEST WIND DIRECTION     S (200)
  HIGHEST GUST SPEED    32   HIGHEST GUST DIRECTION     S (180)
  AVERAGE WIND SPEED    15.7


SKY COVER
  POSSIBLE SUNSHINE  MM
  AVERAGE SKY COVER 0.2


WEATHER CONDITIONS
 THE FOLLOWING WEATHER WAS RECORDED YESTERDAY.
  NO SIGNIFICANT WEATHER WAS OBSERVED.


RELATIVE HUMIDITY (PERCENT)
 HIGHEST    79           600 AM
 LOWEST     33           400 PM
 AVERAGE    56

..........................................................


THE DALLAS FORT WORTH CLIMATE NORMALS FOR TODAY
                         NORMAL    RECORD    YEAR
 MAXIMUM TEMPERATURE (F)   96       105      2010
                                             1980
 MINIMUM TEMPERATURE (F)   75        61      1956


SUNRISE AND SUNSET
AUGUST 22 2014........SUNRISE   656 AM CDT   SUNSET   805 PM CDT
AUGUST 23 2014........SUNRISE   657 AM CDT   SUNSET   804 PM CDT


-  INDICATES NEGATIVE NUMBERS.
R  INDICATES RECORD WAS SET OR TIED.
MM INDICATES DATA IS MISSING.
T  INDICATES TRACE AMOUNT.




$$
