000
CDUS44 KFWD 222210
CLIDFW


CLIMATE REPORT
NATIONAL WEATHER SERVICE FORT WORTH TX
509 PM CDT THU JUN 22 2017


...................................

...THE DALLAS FORT WORTH CLIMATE SUMMARY FOR JUNE 22 2017...
VALID AS OF 0500 PM LOCAL TIME.

CLIMATE NORMAL PERIOD 1981 TO 2010
CLIMATE RECORD PERIOD 1898 TO 2017


WEATHER ITEM   OBSERVED TIME   RECORD YEAR NORMAL DEPARTURE LAST
                VALUE   (LST)  VALUE       VALUE  FROM      YEAR
                                                  NORMAL
..................................................................
TEMPERATURE (F)
 TODAY
  MAXIMUM         92    409 PM 103    1953  93     -1       97
                                      1936
  MINIMUM         75    536 AM  58    1902  73      2       80
  AVERAGE         84

PRECIPITATION (IN)
  TODAY            0.00          1.22 1991   0.12  -0.12     0.00
  MONTH TO DATE    3.95                      2.93   1.02     3.60
  SINCE JUN 1      3.95                      2.93   1.02     3.60
  SINCE JAN 1     15.81                     19.18  -3.37    20.36

..................................................................


WIND (MPH)
  HIGHEST WIND SPEED    15   HIGHEST WIND DIRECTION     N (10)
  HIGHEST GUST SPEED    18   HIGHEST GUST DIRECTION     N (10)
  AVERAGE WIND SPEED     7.9




..........................................................


THE DALLAS FORT WORTH CLIMATE NORMALS FOR TOMORROW
                         NORMAL    RECORD    YEAR
 MAXIMUM TEMPERATURE (F)   93       104      1980
 MINIMUM TEMPERATURE (F)   73        63      1903


SUNRISE AND SUNSET
JUNE 22 2017..........SUNRISE   621 AM CDT   SUNSET   840 PM CDT
JUNE 23 2017..........SUNRISE   621 AM CDT   SUNSET   840 PM CDT


-  INDICATES NEGATIVE NUMBERS.
R  INDICATES RECORD WAS SET OR TIED.
MM INDICATES DATA IS MISSING.
T  INDICATES TRACE AMOUNT.




$$
