000
CDUS44 KFWD 170641
CLIDFW

CLIMATE REPORT
NATIONAL WEATHER SERVICE FORT WORTH TX
1241 AM CST WED DEC 17 2014


...................................

...THE DALLAS FORT WORTH CLIMATE SUMMARY FOR DECEMBER 16 2014...

CLIMATE NORMAL PERIOD 1981 TO 2010
CLIMATE RECORD PERIOD 1898 TO 2014


WEATHER ITEM   OBSERVED TIME   RECORD YEAR NORMAL DEPARTURE LAST
                VALUE   (LST)  VALUE       VALUE  FROM      YEAR
                                                  NORMAL
..................................................................
TEMPERATURE (F)
 YESTERDAY
  MAXIMUM         53    359 PM  83    1908  57     -4       66
  MINIMUM         39    747 AM  12    1989  37      2       32
  AVERAGE         46                        47     -1       49

PRECIPITATION (IN)
  YESTERDAY        0.00          3.39 1928   0.08  -0.08     0.00
  MONTH TO DATE    0.14                      1.36  -1.22     1.26
  SINCE DEC 1      0.14                      1.36  -1.22     1.26
  SINCE JAN 1     20.33                     34.95 -14.62    27.90

SNOWFALL (IN)
  YESTERDAY        0.0           2.0  1983   0.0    0.0      0.0
  MONTH TO DATE    0.0                       0.1   -0.1      2.1
  SINCE DEC 1      0.0                       0.1   -0.1      2.1
  SINCE JUL 1      T                         0.1   -0.1      2.1
  SNOW DEPTH       0

DEGREE DAYS
 HEATING
  YESTERDAY       19                        18      1       16
  MONTH TO DATE  175                       268    -93      371
  SINCE DEC 1    175                       268    -93      371
  SINCE JUL 1    593                       622    -29      772

 COOLING
  YESTERDAY        0                         0      0        0
  MONTH TO DATE    1                         0      1        0
  SINCE DEC 1      1                         0      1        0
  SINCE JAN 1   2952                      2752    200     2930
..................................................................


WIND (MPH)
  HIGHEST WIND SPEED    25   HIGHEST WIND DIRECTION    NW (330)
  HIGHEST GUST SPEED    31   HIGHEST GUST DIRECTION    NW (330)
  AVERAGE WIND SPEED    11.0


SKY COVER
  POSSIBLE SUNSHINE  MM
  AVERAGE SKY COVER 0.6


WEATHER CONDITIONS
 THE FOLLOWING WEATHER WAS RECORDED YESTERDAY.
  NO SIGNIFICANT WEATHER WAS OBSERVED.


RELATIVE HUMIDITY (PERCENT)
 HIGHEST    70          1100 PM
 LOWEST     41           400 PM
 AVERAGE    56

..........................................................


THE DALLAS FORT WORTH CLIMATE NORMALS FOR TODAY
                         NORMAL    RECORD    YEAR
 MAXIMUM TEMPERATURE (F)   56        81      1908
 MINIMUM TEMPERATURE (F)   37        14      1932


SUNRISE AND SUNSET
DECEMBER 17 2014......SUNRISE   725 AM CST   SUNSET   524 PM CST
DECEMBER 18 2014......SUNRISE   725 AM CST   SUNSET   524 PM CST


-  INDICATES NEGATIVE NUMBERS.
R  INDICATES RECORD WAS SET OR TIED.
MM INDICATES DATA IS MISSING.
T  INDICATES TRACE AMOUNT.




$$
