000
CDUS44 KFWD 240641
CLIDFW


CLIMATE REPORT
NATIONAL WEATHER SERVICE FORT WORTH TX
1240 AM CST TUE JAN 24 2017


...................................

...THE DALLAS FORT WORTH CLIMATE SUMMARY FOR JANUARY 23 2017...

CLIMATE NORMAL PERIOD 1981 TO 2010
CLIMATE RECORD PERIOD 1898 TO 2017


WEATHER ITEM   OBSERVED TIME   RECORD YEAR NORMAL DEPARTURE LAST
                VALUE   (LST)  VALUE       VALUE  FROM      YEAR
                                                  NORMAL
..................................................................
TEMPERATURE (F)
 YESTERDAY
  MAXIMUM         68    350 PM  88    1943  57     11       50
  MINIMUM         41    654 AM   9    1966  36      5       27
  AVERAGE         55                        46      9       39

PRECIPITATION (IN)
  YESTERDAY        0.00          1.47 1938   0.08  -0.08     0.00
  MONTH TO DATE    4.39                      1.51   2.88     1.04
  SINCE DEC 1      4.99                      4.06   0.93     4.87
  SINCE JAN 1      4.39                      1.51   2.88     1.04

SNOWFALL (IN)
  YESTERDAY        0.0           1.0  1926   0.0    0.0      0.0
  MONTH TO DATE    0.1                       0.1    0.0      0.0
  SINCE DEC 1      0.1                       0.4   -0.3       T
  SINCE JUL 1      0.1                       0.4   -0.3       T
  SNOW DEPTH       0

DEGREE DAYS
 HEATING
  YESTERDAY       10                        19     -9       26
  MONTH TO DATE  336                       448   -112      456
  SINCE DEC 1    820                      1006   -186      812
  SINCE JUL 1    922                      1360   -438     1027

 COOLING
  YESTERDAY        0                         0      0        0
  MONTH TO DATE    6                         0      6        0
  SINCE DEC 1     22                         4     18        9
  SINCE JAN 1      6                         0      6        0
..................................................................


WIND (MPH)
  HIGHEST WIND SPEED    17   HIGHEST WIND DIRECTION     S (190)
  HIGHEST GUST SPEED    20   HIGHEST GUST DIRECTION     S (180)
  AVERAGE WIND SPEED     7.5


SKY COVER
  POSSIBLE SUNSHINE  MM
  AVERAGE SKY COVER 0.0


WEATHER CONDITIONS
 THE FOLLOWING WEATHER WAS RECORDED YESTERDAY.
  NO SIGNIFICANT WEATHER WAS OBSERVED.


RELATIVE HUMIDITY (PERCENT)
 HIGHEST    73           700 AM
 LOWEST     24           200 PM
 AVERAGE    49

..........................................................


THE DALLAS FORT WORTH CLIMATE NORMALS FOR TODAY
                         NORMAL    RECORD    YEAR
 MAXIMUM TEMPERATURE (F)   57        82      1943
 MINIMUM TEMPERATURE (F)   36         9      1963


SUNRISE AND SUNSET
JANUARY 24 2017.......SUNRISE   728 AM CST   SUNSET   553 PM CST
JANUARY 25 2017.......SUNRISE   727 AM CST   SUNSET   554 PM CST


-  INDICATES NEGATIVE NUMBERS.
R  INDICATES RECORD WAS SET OR TIED.
MM INDICATES DATA IS MISSING.
T  INDICATES TRACE AMOUNT.




$$
