000
CDUS44 KFWD 312138
CLIDFW


CLIMATE REPORT
NATIONAL WEATHER SERVICE FORT WORTH TX
438 PM CDT TUE MAR 31 2015


...................................

...THE DALLAS FORT WORTH CLIMATE SUMMARY FOR MARCH 31 2015...
VALID AS OF 0400 PM LOCAL TIME.

CLIMATE NORMAL PERIOD 1981 TO 2010
CLIMATE RECORD PERIOD 1898 TO 2015


WEATHER ITEM   OBSERVED TIME   RECORD YEAR NORMAL DEPARTURE LAST
                VALUE   (LST)  VALUE       VALUE  FROM      YEAR
                                                  NORMAL
..................................................................
TEMPERATURE (F)
 TODAY
  MAXIMUM         83    251 PM  96    1974  73     10       81
  MINIMUM         63    625 AM  28    1987  51     12       57
  AVERAGE         73

PRECIPITATION (IN)
  TODAY            0.00          1.92 1916   0.11  -0.11     0.00
  MONTH TO DATE    2.53                      3.49  -0.96     1.45
  SINCE MAR 1      2.53                      3.49  -0.96     1.45
  SINCE JAN 1      9.11                      8.28   0.83     2.19

SNOWFALL (IN)
  TODAY            0.0           0.0    MM   0.0    0.0      0.0
  MONTH TO DATE    3.5                       0.2    3.3      0.1
  SINCE MAR 1      3.5                       0.2    3.3      0.1
  SINCE JUL 1      5.8                       1.2    4.6      2.9
  SNOW DEPTH       0

..................................................................


WIND (MPH)
  HIGHEST WIND SPEED    24   HIGHEST WIND DIRECTION    SW (230)
  HIGHEST GUST SPEED    30   HIGHEST GUST DIRECTION    SW (210)
  AVERAGE WIND SPEED    12.6




..........................................................


THE DALLAS FORT WORTH CLIMATE NORMALS FOR TOMORROW
                         NORMAL    RECORD    YEAR
 MAXIMUM TEMPERATURE (F)   73        93      1918
 MINIMUM TEMPERATURE (F)   51        31      1899


SUNRISE AND SUNSET
MARCH 31 2015.........SUNRISE   718 AM CDT   SUNSET   747 PM CDT
APRIL  1 2015.........SUNRISE   716 AM CDT   SUNSET   748 PM CDT


-  INDICATES NEGATIVE NUMBERS.
R  INDICATES RECORD WAS SET OR TIED.
MM INDICATES DATA IS MISSING.
T  INDICATES TRACE AMOUNT.




$$
