000
CDUS44 KFWD 232123
CLIDFW


CLIMATE REPORT
NATIONAL WEATHER SERVICE FORT WORTH TX
423 PM CDT TUE MAY 23 2017


...................................

...THE DALLAS FORT WORTH CLIMATE SUMMARY FOR MAY 23 2017...
VALID AS OF 0400 PM LOCAL TIME.

CLIMATE NORMAL PERIOD 1981 TO 2010
CLIMATE RECORD PERIOD 1898 TO 2017


WEATHER ITEM   OBSERVED TIME   RECORD YEAR NORMAL DEPARTURE LAST
                VALUE   (LST)  VALUE       VALUE  FROM      YEAR
                                                  NORMAL
..................................................................
TEMPERATURE (F)
 TODAY
  MAXIMUM         78   1210 PM  96    1996  86     -8       82
                                      1962
  MINIMUM         64    555 AM  50    1917  66     -2       66
  AVERAGE         71

PRECIPITATION (IN)
  TODAY            0.05          3.91 1908   0.15  -0.10     0.19
  MONTH TO DATE    0.53                      3.65  -3.12     2.94
  SINCE MAR 1      4.97                     10.21  -5.24    10.21
  SINCE JAN 1     11.69                     15.00  -3.31    13.45

..................................................................


WIND (MPH)
  HIGHEST WIND SPEED    25   HIGHEST WIND DIRECTION    NW (330)
  HIGHEST GUST SPEED    31   HIGHEST GUST DIRECTION    NW (330)
  AVERAGE WIND SPEED     8.5




..........................................................


THE DALLAS FORT WORTH CLIMATE NORMALS FOR TOMORROW
                         NORMAL    RECORD    YEAR
 MAXIMUM TEMPERATURE (F)   86        96      1996
 MINIMUM TEMPERATURE (F)   67        54      1940


SUNRISE AND SUNSET
MAY 23 2017...........SUNRISE   624 AM CDT   SUNSET   826 PM CDT
MAY 24 2017...........SUNRISE   624 AM CDT   SUNSET   827 PM CDT


-  INDICATES NEGATIVE NUMBERS.
R  INDICATES RECORD WAS SET OR TIED.
MM INDICATES DATA IS MISSING.
T  INDICATES TRACE AMOUNT.




$$
