000
CDUS44 KFWD 022123
CLIDFW

CLIMATE REPORT
NATIONAL WEATHER SERVICE FORT WORTH TX
422 PM CDT TUE SEP 2 2014


...................................

...THE DALLAS FORT WORTH CLIMATE SUMMARY FOR SEPTEMBER 2 2014...
VALID AS OF 0400 PM LOCAL TIME.

CLIMATE NORMAL PERIOD 1981 TO 2010
CLIMATE RECORD PERIOD 1898 TO 2014


WEATHER ITEM   OBSERVED TIME   RECORD YEAR NORMAL DEPARTURE LAST
                VALUE   (LST)  VALUE       VALUE  FROM      YEAR
                                                  NORMAL
..................................................................
TEMPERATURE (F)
 TODAY
  MAXIMUM         96    259 PM 109    2000  93      3       90
  MINIMUM         79    654 AM  58    1915  72      7       75
  AVERAGE         88

PRECIPITATION (IN)
  TODAY            0.00          1.40 1986   0.09  -0.09     0.25
  MONTH TO DATE    0.00                      0.19  -0.19     0.26
  SINCE SEP 1      0.00                      0.19  -0.19     0.26
  SINCE JAN 1     15.91                     24.30  -8.39    18.93

..................................................................


WIND (MPH)
  HIGHEST WIND SPEED    21   HIGHEST WIND DIRECTION     S (200)
  HIGHEST GUST SPEED    26   HIGHEST GUST DIRECTION     S (180)
  AVERAGE WIND SPEED    13.8




..........................................................


THE DALLAS FORT WORTH CLIMATE NORMALS FOR TOMORROW
                         NORMAL    RECORD    YEAR
 MAXIMUM TEMPERATURE (F)   93       109      2000
 MINIMUM TEMPERATURE (F)   72        60      1974


SUNRISE AND SUNSET
SEPTEMBER  2 2014.....SUNRISE   703 AM CDT   SUNSET   752 PM CDT
SEPTEMBER  3 2014.....SUNRISE   704 AM CDT   SUNSET   750 PM CDT


-  INDICATES NEGATIVE NUMBERS.
R  INDICATES RECORD WAS SET OR TIED.
MM INDICATES DATA IS MISSING.
T  INDICATES TRACE AMOUNT.




$$
