436
CDUS44 KFWD 060657
CLIDFW


CLIMATE REPORT
NATIONAL WEATHER SERVICE FORT WORTH TX
1255 AM CST SAT FEB 6 2016


...................................

...THE DALLAS FORT WORTH CLIMATE SUMMARY FOR FEBRUARY 5 2016...

CLIMATE NORMAL PERIOD 1981 TO 2010
CLIMATE RECORD PERIOD 1898 TO 2016


WEATHER ITEM   OBSERVED TIME   RECORD YEAR NORMAL DEPARTURE LAST
                VALUE   (LST)  VALUE       VALUE  FROM      YEAR
                                                  NORMAL
..................................................................
TEMPERATURE (F)
 YESTERDAY
  MAXIMUM         59    318 PM  85    1942  59      0       37
  MINIMUM         32    726 AM  12    1912  37     -5       29
  AVERAGE         46                        48     -2       33

PRECIPITATION (IN)
  YESTERDAY        T             1.46 1904   0.08  -0.08      T
  MONTH TO DATE    T                         0.40  -0.40     0.10
  SINCE DEC 1      4.87                      5.08  -0.21     4.85
  SINCE JAN 1      1.04                      2.53  -1.49     3.72

SNOWFALL (IN)
  YESTERDAY        0.0             3.5  2002 0.1   -0.1      0.0
  MONTH TO DATE    0.0                       0.2   -0.2      0.0
  SINCE DEC 1      T                         0.7   -0.7       T
  SINCE JUL 1      T                         0.7   -0.7       T
  SNOW DEPTH       0

DEGREE DAYS
 HEATING
  YESTERDAY       19                        17      2       32
  MONTH TO DATE   78                        88    -10      123
  SINCE DEC 1    984                      1239   -255     1204
  SINCE JUL 1   1199                      1593   -394     1622

 COOLING
  YESTERDAY        0                         0      0        0
  MONTH TO DATE    0                         0      0        0
  SINCE DEC 1      9                         6      3        1
  SINCE JAN 1      0                         2     -2        0
..................................................................


WIND (MPH)
  HIGHEST WIND SPEED    21   HIGHEST WIND DIRECTION     S (160)
  HIGHEST GUST SPEED    24   HIGHEST GUST DIRECTION    SE (150)
  AVERAGE WIND SPEED    10.3


SKY COVER
  POSSIBLE SUNSHINE  MM
  AVERAGE SKY COVER 0.4


WEATHER CONDITIONS
 THE FOLLOWING WEATHER WAS RECORDED YESTERDAY.
  NO SIGNIFICANT WEATHER WAS OBSERVED.


RELATIVE HUMIDITY (PERCENT)
 HIGHEST    64           800 AM
 LOWEST     25           400 PM
 AVERAGE    45

..........................................................


THE DALLAS FORT WORTH CLIMATE NORMALS FOR TODAY
                         NORMAL    RECORD    YEAR
 MAXIMUM TEMPERATURE (F)   59        83      1925
 MINIMUM TEMPERATURE (F)   37        14      1982


SUNRISE AND SUNSET
FEBRUARY  6 2016......SUNRISE   720 AM CST   SUNSET   605 PM CST
FEBRUARY  7 2016......SUNRISE   719 AM CST   SUNSET   606 PM CST


-  INDICATES NEGATIVE NUMBERS.
R  INDICATES RECORD WAS SET OR TIED.
MM INDICATES DATA IS MISSING.
T  INDICATES TRACE AMOUNT.




$$
