000
CDUS44 KFWD 232124
CLIDFW


CLIMATE REPORT
NATIONAL WEATHER SERVICE FORT WORTH TX
423 PM CDT SUN APR 23 2017


...................................

...THE DALLAS FORT WORTH CLIMATE SUMMARY FOR APRIL 23 2017...
VALID AS OF 0400 PM LOCAL TIME.

CLIMATE NORMAL PERIOD 1981 TO 2010
CLIMATE RECORD PERIOD 1898 TO 2017


WEATHER ITEM   OBSERVED TIME   RECORD YEAR NORMAL DEPARTURE LAST
                VALUE   (LST)  VALUE       VALUE  FROM      YEAR
                                                  NORMAL
..................................................................
TEMPERATURE (F)
 TODAY
  MAXIMUM         75    304 PM  90    1934  78     -3       82
  MINIMUM         49    328 AM  41    2013  57     -8       57
                                      1907
  AVERAGE         62

PRECIPITATION (IN)
  TODAY            0.00          2.31 1953   0.12  -0.12     0.00
  MONTH TO DATE    3.32                      2.17   1.15     3.80
  SINCE MAR 1      4.38                      5.66  -1.28     6.47
  SINCE JAN 1     11.10                     10.45   0.65     9.71

SNOWFALL (IN)
  TODAY            0.0           0.0    MM   0.0    0.0      0.0
  MONTH TO DATE    0.0                       0.0    0.0      0.0
  SINCE MAR 1      0.0                       0.2   -0.2      0.0
  SINCE JUL 1      0.1                       1.6   -1.5       T
  SNOW DEPTH       0

..................................................................


WIND (MPH)
  HIGHEST WIND SPEED    18   HIGHEST WIND DIRECTION     N (360)
  HIGHEST GUST SPEED    24   HIGHEST GUST DIRECTION     N (350)
  AVERAGE WIND SPEED    12.0




..........................................................


THE DALLAS FORT WORTH CLIMATE NORMALS FOR TOMORROW
                         NORMAL    RECORD    YEAR
 MAXIMUM TEMPERATURE (F)   78        91      1984
                                             1950
                                             1901
 MINIMUM TEMPERATURE (F)   57        37      2013


SUNRISE AND SUNSET
APRIL 23 2017.........SUNRISE   649 AM CDT   SUNSET   804 PM CDT
APRIL 24 2017.........SUNRISE   648 AM CDT   SUNSET   805 PM CDT


-  INDICATES NEGATIVE NUMBERS.
R  INDICATES RECORD WAS SET OR TIED.
MM INDICATES DATA IS MISSING.
T  INDICATES TRACE AMOUNT.




$$
