000
CDUS44 KFWD 280654
CLIDFW


CLIMATE REPORT
NATIONAL WEATHER SERVICE FORT WORTH TX
154 AM CDT WED SEP 28 2016


...................................

...THE DALLAS FORT WORTH CLIMATE SUMMARY FOR SEPTEMBER 27 2016...

CLIMATE NORMAL PERIOD 1981 TO 2010
CLIMATE RECORD PERIOD 1898 TO 2016


WEATHER ITEM   OBSERVED TIME   RECORD YEAR NORMAL DEPARTURE LAST
                VALUE   (LST)  VALUE       VALUE  FROM      YEAR
                                                  NORMAL
..................................................................
TEMPERATURE (F)
 YESTERDAY
  MAXIMUM         79    149 PM 103    1953  84     -5       91
  MINIMUM         64   1159 PM  40    1942  63      1       67
  AVERAGE         72                        74     -2       79

PRECIPITATION (IN)
  YESTERDAY        0.00          2.98 1936   0.08  -0.08     0.00
  MONTH TO DATE    0.98                      2.33  -1.35     2.14
  SINCE SEP 1      0.98                      2.33  -1.35     2.14
  SINCE JAN 1     29.65                     26.44   3.21    39.10

DEGREE DAYS
 HEATING
  YESTERDAY        0                         1     -1        0
  MONTH TO DATE    0                         1     -1        0
  SINCE SEP 1      0                         1     -1        0
  SINCE JUL 1      0                         1     -1        0

 COOLING
  YESTERDAY        7                         9     -2       14
  MONTH TO DATE  481                       369    112      490
  SINCE SEP 1    481                       369    112      490
  SINCE JAN 1   2832                      2551    281     2722
..................................................................


WIND (MPH)
  HIGHEST WIND SPEED    10   HIGHEST WIND DIRECTION     W (250)
  HIGHEST GUST SPEED    15   HIGHEST GUST DIRECTION     N (20)
  AVERAGE WIND SPEED     6.5


SKY COVER
  POSSIBLE SUNSHINE  MM
  AVERAGE SKY COVER 0.7


WEATHER CONDITIONS
 THE FOLLOWING WEATHER WAS RECORDED YESTERDAY.
  NO SIGNIFICANT WEATHER WAS OBSERVED.


RELATIVE HUMIDITY (PERCENT)
 HIGHEST    76          1200 AM
 LOWEST     31           100 PM
 AVERAGE    54

..........................................................


THE DALLAS FORT WORTH CLIMATE NORMALS FOR TODAY
                         NORMAL    RECORD    YEAR
 MAXIMUM TEMPERATURE (F)   84       105      1953
 MINIMUM TEMPERATURE (F)   63        40      1908


SUNRISE AND SUNSET
SEPTEMBER 28 2016.....SUNRISE   721 AM CDT   SUNSET   716 PM CDT
SEPTEMBER 29 2016.....SUNRISE   721 AM CDT   SUNSET   715 PM CDT


-  INDICATES NEGATIVE NUMBERS.
R  INDICATES RECORD WAS SET OR TIED.
MM INDICATES DATA IS MISSING.
T  INDICATES TRACE AMOUNT.




$$
