000
CDUS44 KFWD 180647
CLIDFW


CLIMATE REPORT
NATIONAL WEATHER SERVICE FORT WORTH TX
1246 AM CST SAT NOV 18 2017

...THE DALLAS FORT WORTH CLIMATE SUMMARY FOR NOVEMBER 17 2017...

CLIMATE NORMAL PERIOD 1981 TO 2010
CLIMATE RECORD PERIOD 1898 TO 2017


WEATHER ITEM   OBSERVED TIME   RECORD YEAR NORMAL DEPARTURE LAST
                VALUE   (LST)  VALUE       VALUE  FROM      YEAR
                                                  NORMAL
..................................................................
TEMPERATURE (F)
 YESTERDAY
  MAXIMUM         85    318 PM  87    2013  66     19       80
                                      1938
  MINIMUM         69   1231 AM  20    1959  46     23       58
  AVERAGE         77                        56     21       69

PRECIPITATION (IN)
  YESTERDAY        0.00          1.71 2004   0.08  -0.08     0.00
  MONTH TO DATE    0.81                      1.72  -0.91     2.36
  SINCE SEP 1      3.40                      8.49  -5.09     5.35
  SINCE JAN 1     32.06                     32.60  -0.54    34.02

SNOWFALL (IN)
  YESTERDAY        0.0           0.0    MM   0.0    0.0      0.0
  MONTH TO DATE    0.0                       0.0    0.0      0.0
  SINCE SEP 1      0.0                       0.0    0.0      0.0
  SINCE JUL 1      0.0                       0.0    0.0      0.0
  SNOW DEPTH       0

DEGREE DAYS
 HEATING
  YESTERDAY        0                        10    -10        0
  MONTH TO DATE   53                       122    -69       13
  SINCE SEP 1    112                       194    -82       14
  SINCE JUL 1    112                       194    -82       14

 COOLING
  YESTERDAY       12                         1     11        4
  MONTH TO DATE   71                        25     46       60
  SINCE SEP 1    756                       566    190      852
  SINCE JAN 1   3257                      2748    509     3203
..................................................................


WIND (MPH)
  HIGHEST WIND SPEED    30   HIGHEST WIND DIRECTION     S (190)
  HIGHEST GUST SPEED    36   HIGHEST GUST DIRECTION     S (190)
  AVERAGE WIND SPEED    18.8


SKY COVER
  POSSIBLE SUNSHINE  MM
  AVERAGE SKY COVER 0.7


WEATHER CONDITIONS
 THE FOLLOWING WEATHER WAS RECORDED YESTERDAY.
  NO SIGNIFICANT WEATHER WAS OBSERVED.


RELATIVE HUMIDITY (PERCENT)
 HIGHEST    90           700 AM
 LOWEST     51           400 PM
 AVERAGE    71

..........................................................


THE DALLAS FORT WORTH CLIMATE NORMALS FOR TODAY
                         NORMAL    RECORD    YEAR
 MAXIMUM TEMPERATURE (F)   66        83      1973
 MINIMUM TEMPERATURE (F)   45        20      1903


SUNRISE AND SUNSET
NOVEMBER 18 2017......SUNRISE   701 AM CST   SUNSET   525 PM CST
NOVEMBER 19 2017......SUNRISE   702 AM CST   SUNSET   525 PM CST


-  INDICATES NEGATIVE NUMBERS.
R  INDICATES RECORD WAS SET OR TIED.
MM INDICATES DATA IS MISSING.
T  INDICATES TRACE AMOUNT.




$$
