000
CXUS54 KFWD 010838
CLMDFW


CLIMATE REPORT
NATIONAL WEATHER SERVICE FORT WORTH TX
336 AM CDT WED NOV 1 2017

...................................

...THE DALLAS FORT WORTH CLIMATE SUMMARY FOR THE MONTH OF OCTOBER 2017...

CLIMATE NORMAL PERIOD 1981 TO 2010
CLIMATE RECORD PERIOD 1898 TO 2017

WEATHER         OBSERVED          NORMAL  DEPART  LAST YEAR`S
                 VALUE   DATE(S)  VALUE   FROM    VALUE  DATE(S)
                                          NORMAL
................................................................
TEMPERATURE (F)
RECORD
 HIGH             106   10/03/1951
 LOW               24   10/30/1917
HIGHEST            96   10/09        92       4       94  10/05
LOWEST             34   10/28        41      -7       51  10/22
AVG. MAXIMUM     82.5              78.3     4.2     84.9
AVG. MINIMUM     56.6              56.8    -0.2     63.4
MEAN             69.6              67.5     2.1     74.1
DAYS MAX >= 90      8               1.9     6.1        8
DAYS MAX <= 32      0               0.0     0.0        0
DAYS MAX >= 100     0                                  0
DAYS MIN <= 32      0               0.1    -0.1        0
DAYS MIN <= 0       0               0.0     0.0        0
DAYS MIN >= 80      0                                  0

PRECIPITATION (INCHES)
RECORD
 MAXIMUM        14.18   1981
 MINIMUM            T   1975
                        1924
TOTALS           2.12              4.22   -2.10     2.01
DAILY AVG.       0.07              0.14   -0.07     0.06
DAYS >= .01         7               7.4    -0.4        3
DAYS >= .10         4               4.9    -0.9        2
DAYS >= .50         1               2.7    -1.7        1
DAYS >= 1.00        1               1.4    -0.4        1
GREATEST
 24 HR. TOTAL    1.21   10/22 TO 10/22              1.64

SNOWFALL (INCHES)
RECORDS
 TOTAL              T   1993
                        1925
 24 HR TOTAL        T   10/29/1993 TO 10/29/1993
                        10/28/1925 TO 10/28/1925
TOTALS            0.0               0.0     0.0      0.0
SINCE 7/1         0.0               0.0     0.0      0.0
SNOWDEPTH AVG.      0                                  0
DAYS >= TRACE       0                                  0
DAYS >= 1.0         0               0.0     0.0        0
GREATEST
 SNOW DEPTH         0                                  0
 24 HR TOTAL      0.0   10/30 TO 10/30               0.0

DEGREE_DAYS
HEATING TOTAL      59                66      -7        1
 SINCE 7/1         59                72     -13        1
COOLING TOTAL     209               146      63      291
 SINCE 1/1       3186              2723     463     3143
.................................................................

WIND (MPH)
AVERAGE WIND SPEED              10.3
HIGHEST WIND SPEED/DIRECTION    36/360    DATE  10/27
HIGHEST GUST SPEED/DIRECTION    47/360    DATE  10/27

SKY COVER
POSSIBLE SUNSHINE (PERCENT)   MM
AVERAGE SKY COVER           0.30
NUMBER OF DAYS FAIR           19
NUMBER OF DAYS PC              9
NUMBER OF DAYS CLOUDY          3

AVERAGE RH (PERCENT)     54

WEATHER CONDITIONS. NUMBER OF DAYS WITH
THUNDERSTORM              5     MIXED PRECIP               0
HEAVY RAIN                4     RAIN                       4
LIGHT RAIN               10     FREEZING RAIN              0
LT FREEZING RAIN          0     HAIL                       0
HEAVY SNOW                0     SNOW                       0
LIGHT SNOW                0     SLEET                      0
FOG                       6     FOG W/VIS <= 1/4 MILE      0
HAZE                      4

-  INDICATES NEGATIVE NUMBERS.
R  INDICATES RECORD WAS SET OR TIED.
MM INDICATES DATA IS MISSING.
T  INDICATES TRACE AMOUNT.

$$
