000
CXUS54 KFWD 010900
CLMDFW


CLIMATE REPORT
NATIONAL WEATHER SERVICE FORT WORTH TX
300 AM CST WED FEB 1 2017

...................................

...THE DALLAS FORT WORTH CLIMATE SUMMARY FOR THE MONTH OF JANUARY 2017...

CLIMATE NORMAL PERIOD 1981 TO 2010
CLIMATE RECORD PERIOD 1898 TO 2017

WEATHER         OBSERVED          NORMAL  DEPART  LAST YEAR`S
                 VALUE   DATE(S)  VALUE   FROM    VALUE  DATE(S)
                                          NORMAL
................................................................
TEMPERATURE (F)
RECORD
 HIGH              93   01/31/1911
 LOW               -2   01/31/1949
HIGHEST            80   01/31        77       3       77  01/29
                        01/24
                        01/11
LOWEST             14   01/07        17      -3       27  01/23
                                                          01/18
AVG. MAXIMUM     62.0              56.4     5.6     57.5
AVG. MINIMUM     40.4              35.5     4.9     36.5
MEAN             51.2              45.9     5.3     47.0
DAYS MAX >= 90      0               0.0     0.0        0
DAYS MAX <= 32      1               0.8     0.2        0
DAYS MAX >= 100     0                                  0
DAYS MIN <= 32      5              11.0    -6.0       10
DAYS MIN <= 0       0               0.0     0.0        0
DAYS MIN >= 80      0                                  0

PRECIPITATION (INCHES)
RECORD
 MAXIMUM         9.07   1932
 MINIMUM            T   1986
TOTALS           4.39              2.13    2.26     1.04
DAILY AVG.       0.14              0.07    0.07     0.03
DAYS >= .01        10               6.6     3.4        4
DAYS >= .10         5               3.7     1.3        2
DAYS >= .50         2               1.4     0.6        1
DAYS >= 1.00        1               0.4     0.6        0
GREATEST
 24 HR. TOTAL    3.17   01/15 TO 01/16              0.84

SNOWFALL (INCHES)
RECORDS
 TOTAL           12.1   1964
 24 HR TOTAL     12.1   01/15/1964 TO 01/16/1964
TOTALS            0.1               0.2    -0.1      0.0
SINCE 7/1         0.1               0.5    -0.4        T
SNOWDEPTH AVG.      0                MM      MM        0
DAYS >= TRACE       1                                  0
DAYS >= 1.0         0               0.1    -0.1        0
GREATEST
 SNOW DEPTH         0                                  0
 24 HR TOTAL      0.1   01/06                          0.0

DEGREE_DAYS
HEATING TOTAL     427               593    -166      550
 SINCE 7/1       1013              1505    -492     1121
COOLING TOTAL       6                 2       4        0
 SINCE 1/1          6                 0       6        0
.................................................................

WIND (MPH)
AVERAGE WIND SPEED              11.3
HIGHEST WIND SPEED/DIRECTION    44/290    DATE  01/15
HIGHEST GUST SPEED/DIRECTION    55/290    DATE  01/15

SKY COVER
POSSIBLE SUNSHINE (PERCENT)   MM
AVERAGE SKY COVER           0.50
NUMBER OF DAYS FAIR           10
NUMBER OF DAYS PC             12
NUMBER OF DAYS CLOUDY          9

AVERAGE RH (PERCENT)     62

WEATHER CONDITIONS. NUMBER OF DAYS WITH
THUNDERSTORM              3     MIXED PRECIP               0
HEAVY RAIN                1     RAIN                       5
LIGHT RAIN                9     FREEZING RAIN              0
LT FREEZING RAIN          0     HAIL                       1
HEAVY SNOW                0     SNOW                       0
LIGHT SNOW                1     SLEET                      0
FOG                      11     FOG W/VIS <= 1/4 MILE      3
HAZE                      2

-  INDICATES NEGATIVE NUMBERS.
R  INDICATES RECORD WAS SET OR TIED.
MM INDICATES DATA IS MISSING.
T  INDICATES TRACE AMOUNT.

$$
