000
CXUS54 KFWD 010945
CLMDFW
CLIMATE REPORT
NATIONAL WEATHER SERVICE FORT WORTH TX
445 AM CDT MON APR 01 2024
...................................
...THE DALLAS/FORT WORTH CLIMATE SUMMARY FOR THE MONTH OF MARCH 2024...
CLIMATE NORMAL PERIOD 1991 TO 2020
CLIMATE RECORD PERIOD 1898 TO 2024
WEATHER OBSERVED NORMAL DEPART LAST YEAR`S
VALUE DATE(S) VALUE FROM VALUE DATE(S)
NORMAL
................................................................
TEMPERATURE (F)
RECORD
HIGH 100 03/21/1916
03/09/1911
LOW 10 03/03/1943
HIGHEST 83 03/02 85 -2 88 03/11
03/04
03/31
LOWEST 39 03/01 28 11 31 03/19
03/26
AVG. MAXIMUM 71.6 68.6 3.0 70.9
AVG. MINIMUM 52.1 47.8 4.3 50.4
MEAN 61.8 58.2 3.6 60.7
DAYS MAX >= 90 0 0.1 -0.1 0
DAYS MAX <= 32 0 0.0 0.0 0
DAYS MAX >= 100 0 0
DAYS MIN <= 32 0 1.9 -1.9 1
DAYS MIN <= 0 0 0.0 0.0 0
DAYS MIN >= 80 0 0
PRECIPITATION (INCHES)
RECORD
MAXIMUM 7.39 2002
MINIMUM 0.02 1925
TOTALS 5.66 3.30 2.36 2.76
DAILY AVG. 0.18 0.11 0.07 0.09
DAYS >= .01 10 7.8 2.2 10
DAYS >= .10 6 4.8 1.2 5
DAYS >= .50 4 2.3 1.7 3
DAYS >= 1.00 1 0.9 0.1 0
GREATEST
24 HR. TOTAL 2.74 03/07 TO 03/08 0.95
SNOWFALL (INCHES)
RECORDS
TOTAL 6.1 1942
24 HR TOTAL 6.0 03/13/1924 TO 03/13/1924
TOTALS 0.0 0.3 -0.3 0.0
SINCE 7/1 1.5 1.6 -0.1 MM
SNOWDEPTH AVG. 0 0
DAYS >= TRACE 0 0
DAYS >= 1.0 0 0.2 -0.2 0
GREATEST
SNOW DEPTH 0 0
24 HR TOTAL MM MM
DEGREE DAYS
HEATING TOTAL 147 246 -99 185
SINCE 7/1 1766 2127 -361 MM
COOLING TOTAL 57 35 22 58
SINCE 1/1 91 45 46 MM
................................................................
WIND (MPH)
AVERAGE WIND SPEED 11.3
HIGHEST WIND SPEED/DIRECTION 46/190 DATE 03/06
HIGHEST GUST SPEED/DIRECTION 59/200 DATE 03/06
SKY COVER
POSSIBLE SUNSHINE (PERCENT) MM
AVERAGE SKY COVER 0.66
NUMBER OF DAYS FAIR 4
NUMBER OF DAYS PC 15
NUMBER OF DAYS CLOUDY 12
AVERAGE RH (PERCENT) 68
WEATHER CONDITIONS. NUMBER OF DAYS WITH
THUNDERSTORM 7 MIXED PRECIP 0
HEAVY RAIN 5 RAIN 5
LIGHT RAIN 12 FREEZING RAIN 0
LT FREEZING RAIN 0 HAIL 0
HEAVY SNOW 0 SNOW 0
LIGHT SNOW 0 SLEET 0
FOG 9 FOG W/VIS <= 1/4 MILE 0
HAZE 3
- INDICATES NEGATIVE NUMBERS.
R INDICATES RECORD WAS SET OR TIED.
MM INDICATES DATA IS MISSING.
T INDICATES TRACE AMOUNT.
$$