000
CXUS53 KBIS 010930
CF6DIK
PRELIMINARY LOCAL CLIMATOLOGICAL DATA (WS FORM: F-6)
STATION: DICKINSON ND
MONTH: NOVEMBER
YEAR: 2022
LATITUDE: 46 47 N
LONGITUDE: 102 48 W
TEMPERATURE IN F: :PCPN: SNOW: WIND :SUNSHINE: SKY :PK WND
================================================================================
1 2 3 4 5 6A 6B 7 8 9 10 11 12 13 14 15 16 17 18
12Z AVG MX 2MIN
DY MAX MIN AVG DEP HDD CDD WTR SNW DPTH SPD SPD DIR MIN PSBL S-S WX SPD DR
================================================================================
1 73 41 57 21 8 0 0.00 M M 13.1 25 160 M M 0 8 34 160
2 71 35 53 17 12 0 0.00 M M 15.0 29 300 M M 0 8 36 310
3 36 18 27 -8 38 0 T M M 17.0 37 300 M M 5 47 300
4 49 16 33 -2 32 0 0.00 M M 11.1 23 220 M M 0 28 230
5 54 28 41 7 24 0 T M M 21.3 41 280 M M 7 55 280
6 33 10 22 -12 43 0 0.00 M M 25.8 52 280 M M 4 8 70 290
7 27 4 16 -18 49 0 T M M 17.3 35 130 M M 5 18 44 130
8 32 18 25 -8 40 0 0.00 M M 13.1 23 300 M M 4 30 300
9 21 16 19 -14 46 0 T M M 12.0 20 20 M M 10 16 27 30
10 18 0 9 -23 56 0 M M M 17.4 26 310 M M 10 1269 35 310
11 4 -11 -3 -35 68 0 T M M 7.2 18 320 M M 6 12689 23 320
12 13 -11 1 -31 64 0 T M M 6.6 21 160 M M 6 126 27 160
13 15 6 11 -20 54 0 T M M 9.3 21 150 M M 10 18 25 160
14 22 8 15 -16 50 0 T M M 5.9 16 330 M M 10 12 20 340
15 14 -9 3 -27 62 0 T M M 6.9 12 310 M M 8 18 15 10
16 28 12 20 -10 45 0 T M M 20.4 32 310 M M 10 1 41 310
17 18 5 12 -18 53 0 M M M 23.0 32 300 M M 9 18 41 320
18 18 -1 9 -20 56 0 T M M 25.2 38 270 M M 5 18 48 270
19 22 12 17 -12 48 0 T M M 16.0 24 300 M M 3 18 32 300
20 34 19 27 -1 38 0 0.00 M M 17.3 25 270 M M 0 31 280
21 30 17 24 -4 41 0 0.00 M M 8.8 18 270 M M 2 22 270
22 37 21 29 1 36 0 0.00 M M 11.7 18 280 M M 0 22 280
23 39 22 31 4 34 0 0.00 M M 12.5 23 300 M M 2 29 290
24 39 21 30 3 35 0 0.00 M M 15.1 23 310 M M 0 28 310
25 46 33 40 13 25 0 0.00 M M 13.3 22 250 M M 0 28 240
26 39 21 30 4 35 0 0.00 M M 10.9 20 310 M M 0 24 310
27 37 19 28 2 37 0 T M M 11.5 25 190 M M 3 32 200
28 35 13 24 -2 41 0 T M M 26.2 40 280 M M 6 53 280
29 15 7 11 -14 54 0 T M M 24.9 36 290 M M 8 18 46 280
30 17 5 11 -14 54 0 T M M 14.6 28 300 M M 4 18 36 310
================================================================================
SM 936 395 1278 0 T M 450.4 M 137
================================================================================
AV 31.2 13.2 15.0 FASTST M M 5 MAX(MPH)
MISC ----> 52 280 70 290
================================================================================
NOTES:
# LAST OF SEVERAL OCCURRENCES
COLUMN 17 PEAK WIND IN M.P.H.
PRELIMINARY LOCAL CLIMATOLOGICAL DATA (WS FORM: F-6) , PAGE 2
STATION: DICKINSON ND
MONTH: NOVEMBER
YEAR: 2022
LATITUDE: 46 47 N
LONGITUDE: 102 48 W
[TEMPERATURE DATA] [PRECIPITATION DATA] SYMBOLS USED IN COLUMN 16
AVERAGE MONTHLY: 22.2 TOTAL FOR MONTH: T 1 = FOG OR MIST
DPTR FM NORMAL: -8.1 DPTR FM NORMAL: -0.47 2 = FOG REDUCING VISIBILITY
HIGHEST: 73 ON 1 GRTST 24HR 0.04 ON 9-10 TO 1/4 MILE OR LESS
LOWEST: -11 ON 12,11 3 = THUNDER
SNOW, ICE PELLETS, HAIL 4 = ICE PELLETS
TOTAL MONTH: M 5 = HAIL
GRTST 24HR M ON M 6 = FREEZING RAIN OR DRIZZLE
GRTST DEPTH: M ON M 7 = DUSTSTORM OR SANDSTORM:
VSBY 1/2 MILE OR LESS
8 = SMOKE OR HAZE
[NO. OF DAYS WITH] [WEATHER - DAYS WITH] 9 = BLOWING SNOW
X = TORNADO
MAX 32 OR BELOW: 16 0.01 INCH OR MORE: 0
MAX 90 OR ABOVE: 0 0.10 INCH OR MORE: 0
MIN 32 OR BELOW: 27 0.50 INCH OR MORE: 0
MIN 0 OR BELOW: 5 1.00 INCH OR MORE: 0
[HDD (BASE 65) ]
TOTAL THIS MO. 1278 CLEAR (SCALE 0-3) 11
DPTR FM NORMAL 237 PTCLDY (SCALE 4-7) 12
TOTAL FM JUL 1 1982 CLOUDY (SCALE 8-10) 7
DPTR FM NORMAL -29
[CDD (BASE 65) ]
TOTAL THIS MO. 0
DPTR FM NORMAL 0 [PRESSURE DATA]
TOTAL FM JAN 1 557 HIGHEST SLP 30.57 ON 15
DPTR FM NORMAL 139 LOWEST SLP 29.12 ON 5
[REMARKS]
#FINAL-11-22#