000
CXUS54 KJAN 281410
CF6HBG
PRELIMINARY LOCAL CLIMATOLOGICAL DATA (WS FORM: F-6)
STATION: HATTIESBURG
MONTH: MARCH
YEAR: 2024
LATITUDE: 31 16 N
LONGITUDE: 89 15 W
TEMPERATURE IN F: :PCPN: SNOW: WIND :SUNSHINE: SKY :PK WND
================================================================================
1 2 3 4 5 6A 6B 7 8 9 10 11 12 13 14 15 16 17 18
12Z AVG MX 2MIN
DY MAX MIN AVG DEP HDD CDD WTR SNW DPTH SPD SPD DIR MIN PSBL S-S WX SPD DR
================================================================================
1 58 47 53 -4 12 0 3.47 0.0 M 5.0 21 150 M M 10 13 27 140
2 61 52 57 0 8 0 0.00 0.0 M 3.6 8 360 M M 10 12 14 70
3 77 58 68 11 0 3 0.00 0.0 M 3.5 12 140 M M 8 12 14 140
4 73 58 66 9 0 1 0.26 0.0 0 4.7 12 70 M M 9 12 16 100
5 68 62 65 7 0 0 0.50 0.0 0 5.7 25 310 M M 9 13 39 310
6 80 57 69 11 0 4 0.00 0.0 0 4.5 13 360 M M 5 1 19 320
7 79 51 65 7 0 0 0.00 0.0 0 3.4 12 130 M M 2 12 16 160
8 75 57 66 8 0 1 2.19 0.0 M 7.8 25 180 M M 7 13 36 170
9 68 54 61 3 4 0 0.00 0.0 M 9.1 20 330 M M 8 1 27 320
10 66 43 55 -4 10 0 0.00 0.0 0 5.8 16 320 M M 1 25 340
11 68 45 57 -2 8 0 0.00 0.0 0 0.9 8 320 M M 0 13 60
12 76 40 58 -1 7 0 0.00 0.0 0 3.0 13 180 M M 0 19 170
13 75 52 64 5 1 0 0.00 0.0 0 5.9 17 190 M M 3 23 190
14 84 54 69 9 0 4 0.00 0.0 0 7.7 18 170 M M 7 12 27 170
15 84 62 73 13 0 8 0.98 0.0 0 5.8 20 350 M M 6 13 32 360
16 73 58 66 6 0 1 0.00 0.0 0 2.8 15 100 M M 5 1 19 110
17 63 57 60 0 5 0 0.85 0.0 0 3.9 12 110 M M 8 13 14 50
18 65 43 54 -6 11 0 0.00 0.0 0 10.0 25 320 M M 5 37 310
19 63 32 48 -12 17 0 0.00 0.0 0 1.9 8 300 M M 0 14 220
20 74 37 56 -5 9 0 0.00 0.0 0 2.3 12 260 M M 1 15 250
21 72 46 59 -2 6 0 0.00 0.0 0 2.8 14 140 M M 2 8 18 110
22 73 51 62 1 3 0 0.01 0.0 0 5.5 21 70 M M 8 31 90
23 74 50 62 1 3 0 0.02 0.0 M 9.3 17 330 M M 5 18 27 10
24 70 41 56 -5 9 0 0.00 0.0 0 5.3 17 150 M M 0 8 22 140
25 73 56 65 3 0 0 0.04 0.0 0 13.8 33 140 M M 9 18 46 140
26 76 54 65 3 0 0 1.01 0.0 0 4.3 22 330 M M 5 13 32 320
27 69 50 60 -2 5 0 0.00 0.0 0 6.7 16 360 M M 0 23 330
================================================================================
SM 1937 1367 118 22 9.33 0.0 145.0 M 133
================================================================================
AV 71.7 50.6 5.4 FASTST M M 5 MAX(MPH)
MISC ----> 33 140 46 140
================================================================================
NOTES:
# LAST OF SEVERAL OCCURRENCES
COLUMN 17 PEAK WIND IN M.P.H.
PRELIMINARY LOCAL CLIMATOLOGICAL DATA (WS FORM: F-6) , PAGE 2
STATION: HATTIESBURG
MONTH: MARCH
YEAR: 2024
LATITUDE: 31 16 N
LONGITUDE: 89 15 W
[TEMPERATURE DATA] [PRECIPITATION DATA] SYMBOLS USED IN COLUMN 16
AVERAGE MONTHLY: 61.2 TOTAL FOR MONTH: 9.33 1 = FOG OR MIST
DPTR FM NORMAL: 1.7 DPTR FM NORMAL: 4.43 2 = FOG REDUCING VISIBILITY
HIGHEST: 84 ON 15,14 GRTST 24HR 3.47 ON 1- 1 TO 1/4 MILE OR LESS
LOWEST: 32 ON 19 3 = THUNDER
SNOW, ICE PELLETS, HAIL 4 = ICE PELLETS
TOTAL MONTH: 0.0 INCH 5 = HAIL
GRTST 24HR 0.0 6 = FREEZING RAIN OR DRIZZLE
GRTST DEPTH: 0 7 = DUSTSTORM OR SANDSTORM:
VSBY 1/2 MILE OR LESS
8 = SMOKE OR HAZE
[NO. OF DAYS WITH] [WEATHER - DAYS WITH] 9 = BLOWING SNOW
X = TORNADO
MAX 32 OR BELOW: 0 0.01 INCH OR MORE: 10
MAX 90 OR ABOVE: 0 0.10 INCH OR MORE: 7
MIN 32 OR BELOW: 1 0.50 INCH OR MORE: 6
MIN 0 OR BELOW: 0 1.00 INCH OR MORE: 3
[HDD (BASE 65) ]
TOTAL THIS MO. 118 CLEAR (SCALE 0-3) 10
DPTR FM NORMAL -68 PTCLDY (SCALE 4-7) 12
TOTAL FM JUL 1 1558 CLOUDY (SCALE 8-10) 5
DPTR FM NORMAL -262
[CDD (BASE 65) ]
TOTAL THIS MO. 22
DPTR FM NORMAL -14 [PRESSURE DATA]
TOTAL FM JAN 1 50 HIGHEST SLP M ON M
DPTR FM NORMAL -9 LOWEST SLP 29.63 ON 8
[REMARKS]