000
CXUS53 KGLD 230800
CF6HLC
PRELIMINARY LOCAL CLIMATOLOGICAL DATA (WS FORM: F-6)
STATION: HILL CITY KS
MONTH: APRIL
YEAR: 2024
LATITUDE: 39 22 N
LONGITUDE: 99 50 W
TEMPERATURE IN F: :PCPN: SNOW: WIND :SUNSHINE: SKY :PK WND
================================================================================
1 2 3 4 5 6A 6B 7 8 9 10 11 12 13 14 15 16 17 18
12Z AVG MX 2MIN
DY MAX MIN AVG DEP HDD CDD WTR SNW DPTH SPD SPD DIR MIN PSBL S-S WX SPD DR
================================================================================
1 54 38 46 -2 19 0 T M M 17.9 28 350 M M 8 37 360
2 65 36 51 2 14 0 0.00 M M 19.7 35 350 M M 4 47 350
3 64 33 49 0 16 0 0.00 M M 10.7 24 340 M M 2 8 35 350
4 68 28 48 -1 17 0 0.00 M M 6.0 13 120 M M 0 17 100
5 76 36 56 7 9 0 0.00 M M 14.2 26 130 M M 0 8 40 130
6 74 41 58 8 7 0 0.00 M M 20.5 43 180 M M 2 8 62 180
7 65 39 52 2 13 0 T M M 24.7 47 300 M M 5 8 72 270
8 69 31 50 0 15 0 0.00 M M 9.3 24 290 M M 0 34 300
9 70 30 50 0 15 0 0.00 M M 3.5 10 300 M M 0 15 270
10 71 32 52 1 13 0 0.00 M M 13.6 31 340 M M 1 41 350
11 65 35 50 -1 15 0 0.00 M M 12.7 29 340 M M 0 39 340
12 78 28 53 2 12 0 0.00 M M 8.7 20 170 M M 0 30 150
13 91 50 71 20 0 6 0.00 M M 10.4 22 210 M M 0 30 200
14 90 50 70 18 0 5 0.00 M M 8.8 16 70 M M 0 23 80
15 87 53 70 18 0 5 0.03 M M 18.1 33 140 M M 1 138 51 150
16 70 47 59 7 6 0 0.06 M M 15.3 36 300 M M 4 3 58 310
17 79 38 59 7 6 0 0.00 M M 11.6 32 20 M M 0 47 20
18 56 40 48 -5 17 0 0.00 M M 18.9 39 20 M M 9 8 54 20
19 55 42 49 -4 16 0 T M M 6.2 17 10 M M 10 22 20
20 45 35 40 -13 25 0 T M M 6.9 15 50 M M 10 21 50
21 62 30 46 -8 19 0 0.00 M M 5.8 14 250 M M 2 19 250
22 84 45 65 11 0 0 T M M 13.0 26 200 M M 1 37 210
================================================================================
SM 1538 837 254 16 0.09 M 276.5 M 59
================================================================================
AV 69.9 38.0 12.6 FASTST M M 3 MAX(MPH)
MISC ----> 47 300 72 270
================================================================================
NOTES:
# LAST OF SEVERAL OCCURRENCES
COLUMN 17 PEAK WIND IN M.P.H.
PRELIMINARY LOCAL CLIMATOLOGICAL DATA (WS FORM: F-6) , PAGE 2
STATION: HILL CITY KS
MONTH: APRIL
YEAR: 2024
LATITUDE: 39 22 N
LONGITUDE: 99 50 W
[TEMPERATURE DATA] [PRECIPITATION DATA] SYMBOLS USED IN COLUMN 16
AVERAGE MONTHLY: 54.0 TOTAL FOR MONTH: 0.09 1 = FOG OR MIST
DPTR FM NORMAL: 2.9 DPTR FM NORMAL: -1.29 2 = FOG REDUCING VISIBILITY
HIGHEST: 91 ON 13 GRTST 24HR 0.09 ON 15-16 TO 1/4 MILE OR LESS
LOWEST: 28 ON 12, 4 3 = THUNDER
SNOW, ICE PELLETS, HAIL 4 = ICE PELLETS
TOTAL MONTH: M 5 = HAIL
GRTST 24HR M ON M 6 = FREEZING RAIN OR DRIZZLE
GRTST DEPTH: M ON M 7 = DUSTSTORM OR SANDSTORM:
VSBY 1/2 MILE OR LESS
8 = SMOKE OR HAZE
[NO. OF DAYS WITH] [WEATHER - DAYS WITH] 9 = BLOWING SNOW
X = TORNADO
MAX 32 OR BELOW: 0 0.01 INCH OR MORE: 2
MAX 90 OR ABOVE: 2 0.10 INCH OR MORE: 0
MIN 32 OR BELOW: 6 0.50 INCH OR MORE: 0
MIN 0 OR BELOW: 0 1.00 INCH OR MORE: 0
[HDD (BASE 65) ]
TOTAL THIS MO. 254 CLEAR (SCALE 0-3) 15
DPTR FM NORMAL -60 PTCLDY (SCALE 4-7) 3
TOTAL FM JUL 1 4316 CLOUDY (SCALE 8-10) 4
DPTR FM NORMAL -831
[CDD (BASE 65) ]
TOTAL THIS MO. 16
DPTR FM NORMAL 16 [PRESSURE DATA]
TOTAL FM JAN 1 16 HIGHEST SLP M ON M
DPTR FM NORMAL 15 LOWEST SLP 29.27 ON 6
[REMARKS]