000
CXUS53 KJKL 271310
CF6JKL
PRELIMINARY LOCAL CLIMATOLOGICAL DATA (WS FORM: F-6)
STATION: JACKSON KY
MONTH: MARCH
YEAR: 2024
LATITUDE: 37 35 N
LONGITUDE: 83 19 W
TEMPERATURE IN F: :PCPN: SNOW: WIND :SUNSHINE: SKY :PK WND
================================================================================
1 2 3 4 5 6A 6B 7 8 9 10 11 12 13 14 15 16 17 18
12Z AVG MX 2MIN
DY MAX MIN AVG DEP HDD CDD WTR SNW DPTH SPD SPD DIR MIN PSBL S-S WX SPD DR
================================================================================
1 45 32 39 -4 26 0 0.06 0.0 0 2.7 10 310 M M 6 1 14 310
2 54 44 49 5 16 0 0.35 0.0 0 0.6 6 270 M M 10 12 8 70
3 71 42 57 13 8 0 0.00 0.0 0 2.3 8 200 M M 2 12 12 210
4 78 56 67 23 0 2 0.00 0.0 0 4.0 10 170 M M 3 17 180
5 76 57 67 23 0 2 0.07 0.0 0 3.9 13 190 M M 5 1 20 210
6 58 51 55 10 10 0 0.43 0.0 0 3.3 10 350 M M 10 12 17 40
7 54 45 50 5 15 0 0.01 0.0 0 1.6 8 340 M M 9 12 16 10
8 61 47 54 9 11 0 0.06 0.0 0 3.8 12 140 M M 6 1 19 140
9 57 41 49 3 16 0 0.94 0.0 0 5.5 16 300 M M 10 12 26 300
10 47 35 41 -5 24 0 0.00 0.0 0 10.0 22 310 M M 5 37 310
11 57 31 44 -2 21 0 0.00 0.0 0 3.6 10 250 M M 0 17 210
12 69 41 55 9 10 0 0.00 0.0 0 5.9 13 300 M M 0 20 300
13 73 51 62 15 3 0 0.00 0.0 0 4.6 15 250 M M 1 23 220
14 79 55 67 20 0 2 0.00 0.0 0 6.5 15 180 M M 2 27 200
15 69 47 58 11 7 0 0.37 0.0 0 5.3 22 320 M M 8 13 45 300
16 66 39 53 5 12 0 0.00 0.0 0 3.3 12 270 M M 4 12 20 260
17 60 39 50 2 15 0 0.00 0.0 0 7.1 17 280 M M 1 27 260
18 41 31 36 -12 29 0 T T 0 6.7 17 330 M M 5 29 300
19 55 29 42 -7 23 0 0.00 0.0 0 6.4 16 210 M M 3 29 240
20 62 42 52 3 13 0 0.00 0.0 0 8.7 20 280 M M 1 35 250
21 57 29 43 -6 22 0 0.00 0.0 0 2.6 8 60 M M 0 15 20
22 70 40 55 5 10 0 0.04 0.0 0 2.9 10 190 M M 4 1 21 170
23 53 31 42 -8 23 0 0.17 0.0 0 4.8 13 330 M M 6 12 23 20
24 59 28 44 -6 21 0 0.00 0.0 0 5.0 9 140 M M 0 16 130
25 74 46 60 9 5 0 0.00 0.0 0 6.9 14 140 M M 0 26 130
26 60 53 57 6 8 0 0.38 0.0 0 4.8 17 150 M M 6 13 28 140
================================================================================
SM 1605 1082 348 6 2.88 T 122.8 M 107
================================================================================
AV 61.7 41.6 4.7 FASTST M M 4 MAX(MPH)
MISC ----> # 22 310 45 300
================================================================================
NOTES:
# LAST OF SEVERAL OCCURRENCES
COLUMN 17 PEAK WIND IN M.P.H.
PRELIMINARY LOCAL CLIMATOLOGICAL DATA (WS FORM: F-6) , PAGE 2
STATION: JACKSON KY
MONTH: MARCH
YEAR: 2024
LATITUDE: 37 35 N
LONGITUDE: 83 19 W
[TEMPERATURE DATA] [PRECIPITATION DATA] SYMBOLS USED IN COLUMN 16
AVERAGE MONTHLY: 51.7 TOTAL FOR MONTH: 2.88 1 = FOG OR MIST
DPTR FM NORMAL: 4.7 DPTR FM NORMAL: -1.09 2 = FOG REDUCING VISIBILITY
HIGHEST: 79 ON 14 GRTST 24HR 0.94 ON 9- 9 TO 1/4 MILE OR LESS
LOWEST: 28 ON 24 3 = THUNDER
SNOW, ICE PELLETS, HAIL 4 = ICE PELLETS
TOTAL MONTH: T 5 = HAIL
GRTST 24HR T ON 18-18 6 = FREEZING RAIN OR DRIZZLE
GRTST DEPTH: 0 7 = DUSTSTORM OR SANDSTORM:
VSBY 1/2 MILE OR LESS
8 = SMOKE OR HAZE
[NO. OF DAYS WITH] [WEATHER - DAYS WITH] 9 = BLOWING SNOW
X = TORNADO
MAX 32 OR BELOW: 0 0.01 INCH OR MORE: 11
MAX 90 OR ABOVE: 0 0.10 INCH OR MORE: 6
MIN 32 OR BELOW: 7 0.50 INCH OR MORE: 1
MIN 0 OR BELOW: 0 1.00 INCH OR MORE: 0
[HDD (BASE 65) ]
TOTAL THIS MO. 348 CLEAR (SCALE 0-3) 11
DPTR FM NORMAL -126 PTCLDY (SCALE 4-7) 11
TOTAL FM JUL 1 3061 CLOUDY (SCALE 8-10) 4
DPTR FM NORMAL -597
[CDD (BASE 65) ]
TOTAL THIS MO. 6
DPTR FM NORMAL 6 [PRESSURE DATA]
TOTAL FM JAN 1 6 HIGHEST SLP M ON M
DPTR FM NORMAL 5 LOWEST SLP 29.66 ON 9
[REMARKS]