000
CXUS53 KARX 230900
CF6OVS
PRELIMINARY LOCAL CLIMATOLOGICAL DATA (WS FORM: F-6)
STATION: BOSCOBEL_(ASOS) WI
MONTH: APRIL
YEAR: 2024
LATITUDE: 43 9 N
LONGITUDE: 90 41 W
TEMPERATURE IN F: :PCPN: SNOW: WIND :SUNSHINE: SKY :PK WND
================================================================================
1 2 3 4 5 6A 6B 7 8 9 10 11 12 13 14 15 16 17 18
12Z AVG MX 2MIN
DY MAX MIN AVG DEP HDD CDD WTR SNW DPTH SPD SPD DIR MIN PSBL S-S WX SPD DR
================================================================================
1 48 34 41 -2 24 0 0.24 0.0 0 5.8 14 80 M M 7 1 27 70
2 39 34 37 -6 28 0 0.46 M 0 9.0 17 320 M M 10 1 28 310
3 38 34 36 -7 29 0 0.02 M M 14.7 26 330 M M 10 1 40 320
4 45 36 41 -3 24 0 0.00 0.0 M 10.4 18 350 M M 10 30 340
5 55 28 42 -2 23 0 0.00 0.0 0 2.8 14 360 M M 2 18 23 10
6 59 24 42 -3 23 0 0.00 0.0 0 6.2 16 90 M M 0 1 27 100
7 51 43 47 2 18 0 0.16 0.0 0 9.5 20 120 M M 8 34 120
8 63 44 54 9 11 0 T 0.0 0 5.7 18 250 M M 5 28 230
9 63 39 51 5 14 0 0.00 0.0 0 5.5 15 270 M M 4 8 24 260
10 72 33 53 7 12 0 T 0.0 0 2.9 15 200 M M 3 18 25 190
11 68 38 53 7 12 0 0.51 0.0 0 3.1 16 330 M M 6 3 25 330
12 65 38 52 5 13 0 0.02 0.0 0 9.1 23 330 M M 3 8 34 340
13 77 32 55 8 10 0 T 0.0 0 5.2 17 200 M M 0 1 27 210
14 84 48 66 18 0 1 0.00 0.0 0 6.3 17 300 M M 0 26 270
15 80 38 59 11 6 0 0.00 0.0 0 3.0 10 90 M M 0 17 80
16 72 51 62 14 3 0 0.74 0.0 0 8.7 23 80 M M 5 13 41 90
17 63 42 53 4 12 0 0.93 0.0 0 8.4 23 270 M M 9 13 32 270
18 54 40 47 -2 18 0 0.17 0.0 0 2.8 12 290 M M 5 1 17 310
19 53 35 44 -6 21 0 T 0.0 0 12.5 29 280 M M 3 45 280
20 41 27 34 -16 31 0 0.00 0.0 0 6.9 15 300 M M 6 8 24 290
21 61 27 44 -6 21 0 0.00 0.0 0 5.8 18 300 M M 0 8 27 300
22 69 28 49 -2 16 0 T M M 8.8 20 200 M M 2 36 210
================================================================================
SM 1320 793 369 1 3.25 0.0 153.1 M 98
================================================================================
AV 60.0 36.0 7.0 FASTST M M 4 MAX(MPH)
MISC ----> 29 280 45 280
================================================================================
NOTES:
# LAST OF SEVERAL OCCURRENCES
COLUMN 17 PEAK WIND IN M.P.H.
PRELIMINARY LOCAL CLIMATOLOGICAL DATA (WS FORM: F-6) , PAGE 2
STATION: BOSCOBEL_(ASOS) WI
MONTH: APRIL
YEAR: 2024
LATITUDE: 43 9 N
LONGITUDE: 90 41 W
[TEMPERATURE DATA] [PRECIPITATION DATA] SYMBOLS USED IN COLUMN 16
AVERAGE MONTHLY: 48.0 TOTAL FOR MONTH: 3.25 1 = FOG OR MIST
DPTR FM NORMAL: 1.3 DPTR FM NORMAL: 0.72 2 = FOG REDUCING VISIBILITY
HIGHEST: 84 ON 14 GRTST 24HR 1.67 ON 16-17 TO 1/4 MILE OR LESS
LOWEST: 24 ON 6 3 = THUNDER
SNOW, ICE PELLETS, HAIL 4 = ICE PELLETS
TOTAL MONTH: 0.0 INCH 5 = HAIL
GRTST 24HR 0.0 6 = FREEZING RAIN OR DRIZZLE
GRTST DEPTH: 0 7 = DUSTSTORM OR SANDSTORM:
VSBY 1/2 MILE OR LESS
8 = SMOKE OR HAZE
[NO. OF DAYS WITH] [WEATHER - DAYS WITH] 9 = BLOWING SNOW
X = TORNADO
MAX 32 OR BELOW: 0 0.01 INCH OR MORE: 9
MAX 90 OR ABOVE: 0 0.10 INCH OR MORE: 7
MIN 32 OR BELOW: 6 0.50 INCH OR MORE: 3
MIN 0 OR BELOW: 0 1.00 INCH OR MORE: 0
[HDD (BASE 65) ]
TOTAL THIS MO. 369 CLEAR (SCALE 0-3) 9
DPTR FM NORMAL -36 PTCLDY (SCALE 4-7) 9
TOTAL FM JUL 1 5353 CLOUDY (SCALE 8-10) 4
DPTR FM NORMAL -1177
[CDD (BASE 65) ]
TOTAL THIS MO. 1
DPTR FM NORMAL 1 [PRESSURE DATA]
TOTAL FM JAN 1 1 HIGHEST SLP M ON M
DPTR FM NORMAL -1 LOWEST SLP 29.39 ON 3
[REMARKS]