000
CXUS56 KPQR 011557
CLMEUG
CLIMATE REPORT
NATIONAL WEATHER SERVICE PORTLAND OREGON
857 AM PDT MON APR 01 2024
...................................
...THE EUGENE OR CLIMATE SUMMARY FOR THE MONTH OF MARCH 2024...
CLIMATE NORMAL PERIOD 1991 TO 2020
CLIMATE RECORD PERIOD 1892 TO 2024
WEATHER OBSERVED NORMAL DEPART LAST YEAR`S
VALUE DATE(S) VALUE FROM VALUE DATE(S)
NORMAL
................................................................
TEMPERATURE (F)
HIGHEST 74 63 03/22
LOWEST 27 29 03/03
03/16
AVG. MAXIMUM 56.7 56.6 0.1 52.3
AVG. MINIMUM 37.9 37.2 0.7 33.9
MEAN 47.3 46.9 0.4 43.1
DAYS MAX >= 90 0 0.0 0.0 0
DAYS MAX <= 32 0 0.0 0.0 0
DAYS MIN <= 32 6 6.4 -0.4 13
DAYS MIN <= 0 0 0.0 0.0 0
PRECIPITATION (INCHES)
RECORD
MAXIMUM 12.46 1974
MINIMUM 0.40 1926
TOTALS 4.04 4.64 -0.60 4.50
DAYS >= .01 17 17.6 -0.6 19
DAYS >= .10 10 11.0 -1.0 12
DAYS >= .50 3 2.9 0.1 2
DAYS >= 1.00 0 0.6 -0.6 0
GREATEST
24 HR. TOTAL 0.80 03/01 TO 03/02
DEGREE DAYS
HEATING TOTAL 541 561 -20 674
SINCE 7/1 3287 3757 -470 MM
COOLING TOTAL 0 0 0 0
SINCE 1/1 0 0 0 MM
................................................................
WIND (MPH)
AVERAGE WIND SPEED 7.7
RESULTANT WIND SPEED/DIRECTION 3/140
HIGHEST WIND SPEED/DIRECTION 30/120 DATE 03/10
HIGHEST GUST SPEED/DIRECTION 40/190 DATE 03/09
SKY COVER
POSSIBLE SUNSHINE (PERCENT) MM
AVERAGE SKY COVER 0.63
NUMBER OF DAYS FAIR 9
NUMBER OF DAYS PC 7
NUMBER OF DAYS CLOUDY 15
AVERAGE RH (PERCENT) 75
WEATHER CONDITIONS. NUMBER OF DAYS WITH
THUNDERSTORM 0 MIXED PRECIP 0
HEAVY RAIN 0 RAIN 7
LIGHT RAIN 17 FREEZING RAIN 0
LT FREEZING RAIN 0 HAIL 0
HEAVY SNOW 0 SNOW 0
LIGHT SNOW 4 SLEET 0
FOG 20 FOG W/VIS <= 1/4 MILE 1
HAZE 0
- INDICATES NEGATIVE NUMBERS.
R INDICATES RECORD WAS SET OR TIED.
MM INDICATES DATA IS MISSING.
T INDICATES TRACE AMOUNT.
$$