000
CXUS53 KGRR 011620
CLMJXN
CLIMATE REPORT
NATIONAL WEATHER SERVICE GRAND RAPIDS, MICHIGAN
1220 PM EDT MON APR 01 2024
...................................
...THE JACKSON CLIMATE SUMMARY FOR THE MONTH OF MARCH 2024...
CLIMATE NORMAL PERIOD: 1991 TO 2020
CLIMATE RECORD PERIOD: 1944 TO 2024
WEATHER OBSERVED NORMAL DEPART LAST YEAR`S
VALUE DATE(S) VALUE FROM VALUE DATE(S)
NORMAL
................................................................
TEMPERATURE (F)
HIGHEST 71 03/13 MM MM 58 03/31
LOWEST 15 03/21 MM MM 16 03/15
03/19
03/30
AVG. MAXIMUM 50.8 45.3 5.5 44.5
AVG. MINIMUM 30.7 26.7 4.0 27.8
MEAN 40.8 36.0 4.8 36.2
DAYS MAX >= 90 0 0.0 0.0 0
DAYS MAX <= 32 0 4.7 -4.7 2
DAYS MIN <= 32 19 23.2 -4.2 22
DAYS MIN <= 0 0 0.3 -0.3 0
PRECIPITATION (INCHES)
TOTALS 2.34 1.93 0.41 4.07
DAILY AVG. 0.08 0.06 0.02 0.14
DAYS >= .01 11 10.9 0.1 16
DAYS >= .10 6 5.0 1.0 8
DAYS >= .50 2 1.1 0.9 2
DAYS >= 1.00 0 0.1 -0.1 1
GREATEST
24 HR. TOTAL 0.62 03/08 TO 03/09
DEGREE DAYS
HEATING TOTAL 743 900 -157 885
SINCE 7/1 4903 5669 -766 MM
COOLING TOTAL 0 1 -1 0
SINCE 1/1 0 1 -1 MM
................................................................
WIND (MPH)
AVERAGE WIND SPEED 9.2
RESULTANT WIND SPEED/DIRECTION 3/210
HIGHEST WIND SPEED/DIRECTION 31/210 DATE 03/19
HIGHEST GUST SPEED/DIRECTION 48/220 DATE 03/26
SKY COVER
POSSIBLE SUNSHINE (PERCENT) MM
AVERAGE SKY COVER 0.55
NUMBER OF DAYS FAIR 11
NUMBER OF DAYS PC 8
NUMBER OF DAYS CLOUDY 12
AVERAGE RH (PERCENT) 69
WEATHER CONDITIONS. NUMBER OF DAYS WITH
THUNDERSTORM 4 MIXED PRECIP 0
HEAVY RAIN 3 RAIN 4
LIGHT RAIN 8 FREEZING RAIN 0
LT FREEZING RAIN 0 HAIL 0
HEAVY SNOW 1 SNOW 1
LIGHT SNOW 6 SLEET 0
FOG 17 FOG W/VIS <= 1/4 MILE 1
HAZE 2
- INDICATES NEGATIVE NUMBERS.
R INDICATES RECORD WAS SET OR TIED.
MM INDICATES DATA IS MISSING.
T INDICATES TRACE AMOUNT.
$$