000
CXUS56 KBOI 011002
CF6BKE
PRELIMINARY LOCAL CLIMATOLOGICAL DATA (WS FORM: F-6)
STATION: BAKER OR
MONTH: NOVEMBER
YEAR: 2022
LATITUDE: 44 50 N
LONGITUDE: 117 49 W
TEMPERATURE IN F: :PCPN: SNOW: WIND :SUNSHINE: SKY :PK WND
================================================================================
1 2 3 4 5 6A 6B 7 8 9 10 11 12 13 14 15 16 17 18
12Z AVG MX 2MIN
DY MAX MIN AVG DEP HDD CDD WTR SNW DPTH SPD SPD DIR MIN PSBL S-S WX SPD DR
================================================================================
1 52 33 43 2 22 0 0.10 M M 9.7 25 330 M M 8 1 36 320
2 42 19 31 -10 34 0 T M M 4.9 22 160 M M 4 1 28 160
3 40 16 28 -12 37 0 T M M 1.7 15 190 M M 6 1 21 200
4 35 32 34 -6 31 0 0.36 M M 10.0 20 90 M M 10 1 25 90
5 48 30 39 -1 26 0 0.05 M M 10.9 28 330 M M 4 1 40 350
6 46 22 34 -5 31 0 0.02 M M 12.3 24 150 M M 4 34 120
7 46 27 37 -2 28 0 0.02 M M 10.0 24 200 M M 6 1 29 180
8 42 22 32 -7 33 0 0.00 M M 8.1 21 320 M M 5 28 320
9 35 27 31 -7 34 0 0.00 M M 21.7 30 320 M M 9 44 330
10 41 12 27 -11 38 0 0.00 M M 1.8 7 120 M M 0 10 50
11 33 12 23 -15 42 0 T M M 8.5 20 110 M M 3 1 27 110
12 40 22 31 -6 34 0 T M M 5.9 14 150 M M 5 19 150
13 43 17 30 -7 35 0 0.00 M M 9.6 25 330 M M 1 34 320
14 29 16 23 -14 42 0 0.00 M M 6.1 13 310 M M 7 8 16 310
15 34 14 24 -12 41 0 0.00 M M 2.0 9 290 M M 5 18 13 280
16 39 10 25 -11 40 0 0.00 M M 1.3 6 240 M M 1 128 9 40
17 29 11 20 -16 45 0 0.00 M M 5.9 15 340 M M 9 128 20 330
18 34 6 20 -15 45 0 0.00 M M 3.5 8 50 M M 0 11 320
19 35 4 20 -15 45 0 0.00 M M 4.7 18 110 M M 0 24 120
20 38 5 22 -13 43 0 0.00 M M 2.3 13 130 M M 0 18 130
21 41 9 25 -9 40 0 0.00 M M 2.3 12 110 M M 1 15 80
22 36 12 24 -10 41 0 T M M 7.5 26 110 M M 4 1 37 120
23 46 12 29 -5 36 0 0.00 M M 1.7 8 230 M M 0 1 12 50
24 50 14 32 -1 33 0 0.00 M M 7.2 20 130 M M 0 27 120
25 43 31 37 4 28 0 0.00 M M 10.5 22 100 M M 2 30 120
26 42 16 29 -4 36 0 T M M 5.7 18 360 M M 3 25 350
27 42 16 29 -3 36 0 0.03 M M 6.4 28 340 M M 8 1 39 340
28 33 4 19 -13 46 0 0.14 M M 4.7 20 340 M M 8 12 27 340
29 27 8 18 -14 47 0 0.01 M M 6.5 24 110 M M 9 1 32 120
30 38 25 32 0 33 0 T M M 18.0 29 130 M M 9 1 37 120
================================================================================
SM 1179 504 1102 0 0.73 M 211.4 M 131
================================================================================
AV 39.3 16.8 7.0 FASTST M M 4 MAX(MPH)
MISC ----> 30 320 44 330
================================================================================
NOTES:
# LAST OF SEVERAL OCCURRENCES
COLUMN 17 PEAK WIND IN M.P.H.
PRELIMINARY LOCAL CLIMATOLOGICAL DATA (WS FORM: F-6) , PAGE 2
STATION: BAKER OR
MONTH: NOVEMBER
YEAR: 2022
LATITUDE: 44 50 N
LONGITUDE: 117 49 W
[TEMPERATURE DATA] [PRECIPITATION DATA] SYMBOLS USED IN COLUMN 16
AVERAGE MONTHLY: 28.1 TOTAL FOR MONTH: 0.73 1 = FOG OR MIST
DPTR FM NORMAL: -8.2 DPTR FM NORMAL: -0.00 2 = FOG REDUCING VISIBILITY
HIGHEST: 52 ON 1 GRTST 24HR 0.36 ON 4- 4 TO 1/4 MILE OR LESS
LOWEST: 4 ON 28,19 3 = THUNDER
SNOW, ICE PELLETS, HAIL 4 = ICE PELLETS
TOTAL MONTH: M 5 = HAIL
GRTST 24HR M ON M 6 = FREEZING RAIN OR DRIZZLE
GRTST DEPTH: M ON M 7 = DUSTSTORM OR SANDSTORM:
VSBY 1/2 MILE OR LESS
8 = SMOKE OR HAZE
[NO. OF DAYS WITH] [WEATHER - DAYS WITH] 9 = BLOWING SNOW
X = TORNADO
MAX 32 OR BELOW: 3 0.01 INCH OR MORE: 8
MAX 90 OR ABOVE: 0 0.10 INCH OR MORE: 3
MIN 32 OR BELOW: 29 0.50 INCH OR MORE: 0
MIN 0 OR BELOW: 0 1.00 INCH OR MORE: 0
[HDD (BASE 65) ]
TOTAL THIS MO. 1102 CLEAR (SCALE 0-3) 11
DPTR FM NORMAL 238 PTCLDY (SCALE 4-7) 13
TOTAL FM JUL 1 1834 CLOUDY (SCALE 8-10) 6
DPTR FM NORMAL 139
[CDD (BASE 65) ]
TOTAL THIS MO. 0
DPTR FM NORMAL 0 [PRESSURE DATA]
TOTAL FM JAN 1 341 HIGHEST SLP 30.79 ON 16
DPTR FM NORMAL 16 LOWEST SLP 29.36 ON 7
[REMARKS]
#FINAL-11-22#