000
CXUS53 KGID 011614
CF6EAR
PRELIMINARY LOCAL CLIMATOLOGICAL DATA (WS FORM: F-6)
STATION: KEARNEY
MONTH: SEPTEMBER
YEAR: 2020
LATITUDE: 40 43 N
LONGITUDE: 99 0 W
TEMPERATURE IN F: :PCPN: SNOW: WIND :SUNSHINE: SKY :PK WND
================================================================================
1 2 3 4 5 6A 6B 7 8 9 10 11 12 13 14 15 16 17 18
12Z AVG MX 2MIN
DY MAX MIN AVG DEP HDD CDD WTR SNW DPTH SPD SPD DIR MIN PSBL S-S WX SPD DR
================================================================================
1 82 53 68 -1 0 3 0.00 M M 6.1 12 250 M M 0 17 250
2 88 52 70 1 0 5 0.00 M M 7.2 13 190 M M 0 M M
3 78 57 68 -1 0 3 0.00 M M 12.8 24 10 M M 0 37 360
4 88 53 71 3 0 6 0.00 M M 8.7 14 210 M M 0 8 20 220
5 96 58 77 9 0 12 0.00 M M 9.7 17 180 M M 0 24 190
6 95 61 78 10 0 13 0.00 M M 13.3 21 210 M M 0 8 27 210
7 75 51 63 -4 2 0 0.00 M M 15.3 29 20 M M 4 38 20
8 51 39 45 -22 20 0 0.53 M M 23.0 28 20 M M 10 13 39 10
9 48 38 43 -23 22 0 M M M 14.9 21 30 M M 10 3 23 360
10 57 43 50 -16 15 0 T M M 8.1 14 30 M M 10 1 M M
11 63 50 57 -9 8 0 0.02 M M 6.3 12 170 M M 8 1 M M
12 75 53 64 -1 1 0 0.00 M M 8.2 15 320 M M 3 21 300
13 85 47 66 1 0 1 0.00 M M 4.0 10 160 M M 0 1 M M
14 82 52 67 3 0 2 0.00 M M 7.4 15 170 M M 0 M M
15 82 53 68 4 0 3 0.00 M M 11.5 21 200 M M 0 24 200
16 74 51 63 0 2 0 0.00 M M 11.7 23 10 M M 0 30 10
17 76 44 60 -3 5 0 0.00 M M 7.2 13 200 M M 0 M M
18 74 50 62 0 3 0 0.00 M M 11.1 20 120 M M 3 23 120
19 78 54 66 4 0 1 0.00 M M 18.0 27 170 M M 0 32 170
20 85 58 72 10 0 7 0.00 M M 18.3 25 170 M M 0 31 180
21 84 58 71 10 0 6 0.00 M M 13.2 20 170 M M 0 28 190
22 84 52 68 7 0 3 0.00 M M 9.9 16 170 M M 0 M M
23 85 55 70 10 0 5 0.00 M M 12.2 20 200 M M 2 1 24 180
24 87 53 70 10 0 5 0.00 M M 6.9 15 10 M M 0 M M
25 86 53 70 11 0 5 0.00 M M 6.2 12 10 M M 0 M M
26 93 54 74 15 0 9 0.00 M M 7.1 17 20 M M 0 38 10
27 68 46 57 -1 8 0 0.06 M M 8.9 17 320 M M 3 31 340
28 66 41 54 -4 11 0 0.00 M M 14.9 29 330 M M 1 38 350
29 83 34 59 1 6 0 0.00 M M 7.3 15 280 M M 0 21 260
30 69 48 59 2 6 0 0.00 M M 13.6 24 350 M M 0 36 350
================================================================================
SM 2337 1511 109 89 M M 323.0 M 54
================================================================================
AV 77.9 50.4 10.8 FASTST M M 2 MAX(MPH)
MISC ----> # 29 20 # M M
================================================================================
NOTES:
# LAST OF SEVERAL OCCURRENCES
COLUMN 17 PEAK WIND IN M.P.H.
PRELIMINARY LOCAL CLIMATOLOGICAL DATA (WS FORM: F-6) , PAGE 2
STATION: KEARNEY
MONTH: SEPTEMBER
YEAR: 2020
LATITUDE: 40 43 N
LONGITUDE: 99 0 W
[TEMPERATURE DATA] [PRECIPITATION DATA] SYMBOLS USED IN COLUMN 16
AVERAGE MONTHLY: 64.1 TOTAL FOR MONTH: M 1 = FOG OR MIST
DPTR FM NORMAL: 0.6 DPTR FM NORMAL: M 2 = FOG REDUCING VISIBILITY
HIGHEST: 96 ON 5 GRTST 24HR M ON M TO 1/4 MILE OR LESS
LOWEST: 34 ON 29 3 = THUNDER
SNOW, ICE PELLETS, HAIL 4 = ICE PELLETS
TOTAL MONTH: M 5 = HAIL
GRTST 24HR M ON M 6 = FREEZING RAIN OR DRIZZLE
GRTST DEPTH: M ON M 7 = DUSTSTORM OR SANDSTORM:
VSBY 1/2 MILE OR LESS
8 = SMOKE OR HAZE
[NO. OF DAYS WITH] [WEATHER - DAYS WITH] 9 = BLOWING SNOW
X = TORNADO
MAX 32 OR BELOW: 0 0.01 INCH OR MORE: M
MAX 90 OR ABOVE: 3 0.10 INCH OR MORE: M
MIN 32 OR BELOW: 0 0.50 INCH OR MORE: M
MIN 0 OR BELOW: 0 1.00 INCH OR MORE: M
[HDD (BASE 65) ]
TOTAL THIS MO. 109 CLEAR (SCALE 0-3) 25
DPTR FM NORMAL -23 PTCLDY (SCALE 4-7) 1
TOTAL FM JUL 1 110 CLOUDY (SCALE 8-10) 4
DPTR FM NORMAL -39
[CDD (BASE 65) ]
TOTAL THIS MO. 89
DPTR FM NORMAL 2 [PRESSURE DATA]
TOTAL FM JAN 1 1111 HIGHEST SLP 30.46 ON 10
DPTR FM NORMAL 246 LOWEST SLP 29.57 ON 26
[REMARKS]
#FINAL-09-20#