000
CXUS53 KGID 011701
CF6GRI
PRELIMINARY LOCAL CLIMATOLOGICAL DATA (WS FORM: F-6)
STATION: GRAND ISLAND NE
MONTH: JANUARY
YEAR: 2021
LATITUDE: 40 58 N
LONGITUDE: 98 19 W
TEMPERATURE IN F: :PCPN: SNOW: WIND :SUNSHINE: SKY :PK WND
================================================================================
1 2 3 4 5 6A 6B 7 8 9 10 11 12 13 14 15 16 17 18
12Z AVG MX 2MIN
DY MAX MIN AVG DEP HDD CDD WTR SNW DPTH SPD SPD DIR MIN PSBL S-S WX SPD DR
================================================================================
1 36 11 24 -1 41 0 0.00 0.0 3 5.6 10 320 M M 2 128 13 310
2 42 11 27 2 38 0 0.00 0.0 3 6.5 13 250 M M 0 18 17 250
3 43 20 32 7 33 0 0.00 0.0 2 8.1 13 260 M M 0 17 250
4 47 28 38 13 27 0 0.00 0.0 2 9.9 18 310 M M 1 24 330
5 47 27 37 12 28 0 0.03 0.0 T 11.0 20 160 M M 2 31 160
6 39 33 36 11 29 0 0.18 0.3 T 10.1 16 350 M M 10 18 21 330
7 35 28 32 7 33 0 0.02 T 0 6.1 12 110 M M 10 126 15 100
8 33 27 30 5 35 0 T T 0 2.0 7 180 M M 10 18 10 180
9 40 31 36 11 29 0 T T 0 2.7 8 40 M M 10 18 10 320
10 36 26 31 6 34 0 0.00 0.0 0 5.0 9 190 M M 8 18 12 350
11 48 26 37 12 28 0 0.00 0.0 0 12.3 21 240 M M 0 27 250
12 56 26 41 16 24 0 0.00 0.0 0 8.9 20 240 M M 0 24 240
13 64 30 47 22 18 0 0.00 0.0 0 11.7 39 330 M M 1 49 320
14 52 33 43 18 22 0 T T 0 30.7 46 320 M M 5 8 64 320
15 33 27 30 5 35 0 T T 0 30.9 48 340 M M 10 8 69 340
16 43 21 32 7 33 0 0.00 0.0 0 10.0 20 330 M M 2 26 320
17 47 29 38 13 27 0 0.00 0.0 0 12.2 25 310 M M 2 34 310
18 43 29 36 11 29 0 T 0.0 0 8.2 21 330 M M 7 28 330
19 46 25 36 11 29 0 0.00 0.0 0 14.7 33 310 M M 6 47 300
20 59 25 42 17 23 0 0.00 0.0 0 13.2 23 230 M M 0 32 220
21 51 21 36 11 29 0 0.00 0.0 0 9.8 25 10 M M 2 33 340
22 27 21 24 -1 41 0 0.04 1.4 0 6.5 12 160 M M 8 18 16 40
23 29 21 25 0 40 0 0.01 0.0 T 9.1 18 150 M M 9 18 23 170
24 28 25 27 2 38 0 0.01 0.2 T 10.1 17 360 M M 10 18 22 360
25 26 17 22 -3 43 0 0.97 10.2 2 17.2 25 20 M M 10 128 33 20
26 19 11 15 -10 50 0 0.01 0.2 10 12.0 24 20 M M 9 8 31 20
27 18 2 10 -16 55 0 0.05 0.3 9 5.9 16 40 M M 3 18 20 40
28 27 4 16 -10 49 0 T T 8 13.7 23 180 M M 9 18 29 180
29 29 19 24 -2 41 0 0.00 0.0 8 4.8 14 160 M M 8 128 17 160
30 34 21 28 2 37 0 0.00 0.0 7 17.9 37 340 M M 10 128 44 350
31 34 15 25 -1 40 0 0.00 0.0 6 13.5 26 340 M M 6 128 34 340
================================================================================
SM 1211 690 1058 0 1.32 12.6 340.3 M 170
================================================================================
AV 39.1 22.3 11.0 FASTST M M 5 MAX(MPH)
MISC ----> 48 340 69 340
================================================================================
NOTES:
# LAST OF SEVERAL OCCURRENCES
COLUMN 17 PEAK WIND IN M.P.H.
PRELIMINARY LOCAL CLIMATOLOGICAL DATA (WS FORM: F-6) , PAGE 2
STATION: GRAND ISLAND NE
MONTH: JANUARY
YEAR: 2021
LATITUDE: 40 58 N
LONGITUDE: 98 19 W
[TEMPERATURE DATA] [PRECIPITATION DATA] SYMBOLS USED IN COLUMN 16
AVERAGE MONTHLY: 30.7 TOTAL FOR MONTH: 1.32 1 = FOG OR MIST
DPTR FM NORMAL: 5.6 DPTR FM NORMAL: 0.79 2 = FOG REDUCING VISIBILITY
HIGHEST: 64 ON 13 GRTST 24HR 0.97 ON 25-25 TO 1/4 MILE OR LESS
LOWEST: 2 ON 27 3 = THUNDER
SNOW, ICE PELLETS, HAIL 4 = ICE PELLETS
TOTAL MONTH: 12.6 INCHES 5 = HAIL
GRTST 24HR 10.2 ON 25-25 6 = FREEZING RAIN OR DRIZZLE
GRTST DEPTH: 10 ON 26 7 = DUSTSTORM OR SANDSTORM:
VSBY 1/2 MILE OR LESS
8 = SMOKE OR HAZE
[NO. OF DAYS WITH] [WEATHER - DAYS WITH] 9 = BLOWING SNOW
X = TORNADO
MAX 32 OR BELOW: 8 0.01 INCH OR MORE: 9
MAX 90 OR ABOVE: 0 0.10 INCH OR MORE: 2
MIN 32 OR BELOW: 29 0.50 INCH OR MORE: 1
MIN 0 OR BELOW: 0 1.00 INCH OR MORE: 0
[HDD (BASE 65) ]
TOTAL THIS MO. 1058 CLEAR (SCALE 0-3) 12
DPTR FM NORMAL -179 PTCLDY (SCALE 4-7) 8
TOTAL FM JUL 1 3217 CLOUDY (SCALE 8-10) 11
DPTR FM NORMAL -538
[CDD (BASE 65) ]
TOTAL THIS MO. 0
DPTR FM NORMAL 0 [PRESSURE DATA]
TOTAL FM JAN 1 0 HIGHEST SLP 30.59 ON 27
DPTR FM NORMAL 0 LOWEST SLP 29.54 ON 13
[REMARKS]
#FINAL-01-21#