024
CXUS55 KMSO 061638
CF6MSO
PRELIMINARY LOCAL CLIMATOLOGICAL DATA (WS FORM: F-6)
STATION: MISSOULA MT
MONTH: MARCH
YEAR: 2020
LATITUDE: 46 55 N
LONGITUDE: 114 5 W
TEMPERATURE IN F: :PCPN: SNOW: WIND :SUNSHINE: SKY :PK WND
================================================================================
1 2 3 4 5 6A 6B 7 8 9 10 11 12 13 14 15 16 17 18
12Z AVG MX 2MIN
DY MAX MIN AVG DEP HDD CDD WTR SNW DPTH SPD SPD DIR MIN PSBL S-S WX SPD DR
================================================================================
1 42 25 34 0 31 0 0.01 T 0 5.7 21 290 M M 9 12 31 360
2 42 31 37 3 28 0 0.00 0.0 0 7.0 20 300 M M 10 25 300
3 52 36 44 10 21 0 0.00 0.0 0 6.8 26 280 M M 8 36 290
4 47 27 37 2 28 0 T T 0 12.2 32 270 M M 7 40 290
5 58 21 40 5 25 0 0.00 0.0 0 1.4 9 310 M M 0 11 320
6 65 27 46 10 19 0 0.00 0.0 0 3.9 23 270 M M 1 29 250
7 57 31 44 8 21 0 T 0.0 0 4.4 26 270 M M 5 34 260
8 48 26 37 1 28 0 0.00 0.0 0 5.9 15 290 M M 5 18 290
9 46 27 37 0 28 0 0.00 0.0 0 5.3 16 320 M M 7 21 310
10 53 19 36 -1 29 0 0.00 0.0 0 4.5 26 250 M M 4 35 250
11 51 29 40 3 25 0 0.04 T 0 11.6 32 270 M M 9 1 43 270
12 46 19 33 -5 32 0 0.00 0.0 0 4.4 21 280 M M 2 27 300
13 39 22 31 -7 34 0 T T 0 15.3 30 70 M M 7 42 70
14 29 15 22 -16 43 0 T T 0 17.7 31 80 M M 8 8 41 90
15 32 14 23 -16 42 0 T T 0 7.8 22 110 M M 6 8 27 110
16 47 13 30 -9 35 0 0.00 0.0 0 2.7 16 10 M M 0 21 10
17 54 18 36 -3 29 0 0.00 0.0 0 5.2 18 80 M M 1 24 90
18 50 31 41 1 24 0 0.00 0.0 0 6.7 18 90 M M 7 24 80
19 49 27 38 -2 27 0 0.00 0.0 0 14.3 26 120 M M 2 31 110
20 56 21 39 -1 26 0 0.00 0.0 0 3.2 13 190 M M 3 17 340
21 57 25 41 1 24 0 0.00 0.0 0 4.4 22 290 M M 6 30 280
22 57 27 42 1 23 0 T 0.0 0 5.9 30 270 M M 2 40 280
23 57 29 43 2 22 0 T 0.0 0 4.8 29 310 M M 5 37 290
24 43 27 35 -6 30 0 0.02 T 0 4.6 20 290 M M 6 18 23 300
25 46 25 36 -6 29 0 0.03 0.1 0 3.2 20 240 M M 7 128 22 310
26 44 28 36 -6 29 0 T T 0 7.2 22 270 M M 9 27 270
27 47 32 40 -2 25 0 0.00 0.0 0 6.1 21 320 M M 10 8 25 320
28 53 34 44 2 21 0 T T 0 4.4 18 230 M M 10 22 240
29 58 34 46 4 19 0 0.01 0.0 0 6.7 24 260 M M 8 28 300
30 57 36 47 4 18 0 0.07 0.0 0 10.7 39 290 M M 8 1 52 290
31 43 32 38 -5 27 0 0.03 T 0 5.7 28 290 M M 8 18 32 300
================================================================================
SM 1525 808 842 0 0.21 0.1 209.7 M 180
================================================================================
AV 49.2 26.1 6.8 FASTST M M 6 MAX(MPH)
MISC ----> 39 290 52 290
================================================================================
NOTES:
# LAST OF SEVERAL OCCURRENCES
COLUMN 17 PEAK WIND IN M.P.H.
PRELIMINARY LOCAL CLIMATOLOGICAL DATA (WS FORM: F-6) , PAGE 2
STATION: MISSOULA MT
MONTH: MARCH
YEAR: 2020
LATITUDE: 46 55 N
LONGITUDE: 114 5 W
[TEMPERATURE DATA] [PRECIPITATION DATA] SYMBOLS USED IN COLUMN 16
AVERAGE MONTHLY: 37.6 TOTAL FOR MONTH: 0.21 1 = FOG OR MIST
DPTR FM NORMAL: -1.2 DPTR FM NORMAL: -0.79 2 = FOG REDUCING VISIBILITY
HIGHEST: 65 ON 6 GRTST 24HR 0.11 ON 30-31 TO 1/4 MILE OR LESS
LOWEST: 13 ON 16 3 = THUNDER
SNOW, ICE PELLETS, HAIL 4 = ICE PELLETS
TOTAL MONTH: 0.3 INCH 5 = HAIL
GRTST 24HR 0.1 ON 25-25 6 = FREEZING RAIN OR DRIZZLE
GRTST DEPTH: 0 7 = DUSTSTORM OR SANDSTORM:
VSBY 1/2 MILE OR LESS
8 = SMOKE OR HAZE
[NO. OF DAYS WITH] [WEATHER - DAYS WITH] 9 = BLOWING SNOW
X = TORNADO
MAX 32 OR BELOW: 2 0.01 INCH OR MORE: 7
MAX 90 OR ABOVE: 0 0.10 INCH OR MORE: 0
MIN 32 OR BELOW: 27 0.50 INCH OR MORE: 0
MIN 0 OR BELOW: 0 1.00 INCH OR MORE: 0
[HDD (BASE 65) ]
TOTAL THIS MO. 842 CLEAR (SCALE 0-3) 8
DPTR FM NORMAL 28 PTCLDY (SCALE 4-7) 15
TOTAL FM JUL 1 6051 CLOUDY (SCALE 8-10) 8
DPTR FM NORMAL -130
[CDD (BASE 65) ]
TOTAL THIS MO. 0
DPTR FM NORMAL 0 [PRESSURE DATA]
TOTAL FM JAN 1 0 HIGHEST SLP 30.42 ON 16
DPTR FM NORMAL 0 LOWEST SLP 29.59 ON 7
[REMARKS]
#FINAL-03-20#