000
CXUS51 KGYX 010900
CF6PWM
PRELIMINARY LOCAL CLIMATOLOGICAL DATA (WS FORM: F-6)
STATION: PORTLAND ME
MONTH: JUNE
YEAR: 2022
LATITUDE: 43 39 N
LONGITUDE: 70 19 W
TEMPERATURE IN F: :PCPN: SNOW: WIND :SUNSHINE: SKY :PK WND
================================================================================
1 2 3 4 5 6A 6B 7 8 9 10 11 12 13 14 15 16 17 18
12Z AVG MX 2MIN
DY MAX MIN AVG DEP HDD CDD WTR SNW DPTH SPD SPD DIR MIN PSBL S-S WX SPD DR
================================================================================
1 59 50 55 -5 10 0 0.03 0.0 0 6.7 14 50 M M 9 17 50
2 64 51 58 -2 7 0 0.23 0.0 0 4.5 12 160 M M 9 1 16 90
3 55 50 53 -7 12 0 0.12 0.0 0 3.9 9 100 M M 10 12 13 80
4 60 52 56 -5 9 0 T 0.0 0 6.4 16 350 M M 9 1 20 180
5 71 49 60 -1 5 0 0.00 0.0 0 5.6 15 320 M M 5 12 22 300
6 76 45 61 0 4 0 0.00 0.0 0 5.4 17 160 M M 3 23 330
7 73 53 63 1 2 0 T 0.0 0 8.6 16 180 M M 3 24 170
8 78 57 68 6 0 3 0.38 0.0 0 8.1 22 170 M M 7 1 31 160
9 69 55 62 0 3 0 0.69 0.0 0 6.4 23 90 M M 6 1 30 90
10 75 52 64 1 1 0 0.00 0.0 0 9.3 23 290 M M 2 28 280
11 74 51 63 0 2 0 0.00 0.0 0 4.9 13 140 M M 4 16 150
12 75 53 64 1 1 0 0.00 0.0 0 8.1 16 190 M M 6 23 200
13 75 59 67 3 0 2 0.26 0.0 0 5.4 16 40 M M 7 13 23 40
14 78 54 66 2 0 1 0.00 0.0 0 9.5 20 320 M M 4 25 320
15 77 55 66 2 0 1 0.00 0.0 0 6.1 13 150 M M 3 16 140
16 69 51 60 -5 5 0 0.00 0.0 0 9.7 23 190 M M 7 31 180
17 84 61 73 8 0 8 0.76 0.0 0 5.8 30 250 M M 7 13 45 260
18 66 55 61 -4 4 0 0.00 0.0 0 11.5 25 340 M M 6 34 340
19 56 50 53 -13 12 0 0.07 0.0 0 11.8 26 350 M M 10 33 360
20 75 45 60 -6 5 0 0.00 0.0 0 8.1 22 350 M M 4 30 350
21 66 46 56 -10 9 0 0.00 0.0 0 7.1 16 140 M M 2 1 22 130
22 64 53 59 -7 6 0 0.00 0.0 0 7.4 15 150 M M 7 21 120
23 71 56 64 -3 1 0 0.00 0.0 0 6.8 15 160 M M 7 1 22 140
24 75 56 66 -1 0 1 T 0.0 0 5.7 14 190 M M 5 20 170
25 86 59 73 6 0 8 0.00 0.0 0 5.4 15 180 M M 2 19 190
26 86 64 75 7 0 10 0.00 0.0 0 7.6 18 190 M M 3 26 190
27 74 63 69 1 0 4 0.06 0.0 0 7.4 15 180 M M 7 1 20 180
28 76 56 66 -2 0 1 0.01 0.0 0 5.6 15 310 M M 4 18 330
29 78 54 66 -2 0 1 0.01 0.0 0 7.2 18 300 M M 5 26 200
30 79 57 68 0 0 3 0.00 0.0 0 6.5 24 310 M M 2 1 33 300
================================================================================
SM 2164 1612 98 43 2.62 0.0 212.5 M 165
================================================================================
AV 72.1 53.7 7.1 FASTST M M 6 MAX(MPH)
MISC ----> 30 250 45 260
================================================================================
NOTES:
# LAST OF SEVERAL OCCURRENCES
COLUMN 17 PEAK WIND IN M.P.H.
PRELIMINARY LOCAL CLIMATOLOGICAL DATA (WS FORM: F-6) , PAGE 2
STATION: PORTLAND ME
MONTH: JUNE
YEAR: 2022
LATITUDE: 43 39 N
LONGITUDE: 70 19 W
[TEMPERATURE DATA] [PRECIPITATION DATA] SYMBOLS USED IN COLUMN 16
AVERAGE MONTHLY: 62.9 TOTAL FOR MONTH: 2.62 1 = FOG OR MIST
DPTR FM NORMAL: -1.4 DPTR FM NORMAL: -1.53 2 = FOG REDUCING VISIBILITY
HIGHEST: 86 ON 26,25 GRTST 24HR 0.76 ON 17-17 TO 1/4 MILE OR LESS
LOWEST: 45 ON 20, 6 3 = THUNDER
SNOW, ICE PELLETS, HAIL 4 = ICE PELLETS
TOTAL MONTH: 0.0 INCH 5 = HAIL
GRTST 24HR 0.0 6 = FREEZING RAIN OR DRIZZLE
GRTST DEPTH: 0 7 = DUSTSTORM OR SANDSTORM:
VSBY 1/2 MILE OR LESS
8 = SMOKE OR HAZE
[NO. OF DAYS WITH] [WEATHER - DAYS WITH] 9 = BLOWING SNOW
X = TORNADO
MAX 32 OR BELOW: 0 0.01 INCH OR MORE: 11
MAX 90 OR ABOVE: 0 0.10 INCH OR MORE: 6
MIN 32 OR BELOW: 0 0.50 INCH OR MORE: 2
MIN 0 OR BELOW: 0 1.00 INCH OR MORE: 0
[HDD (BASE 65) ]
TOTAL THIS MO. 98 CLEAR (SCALE 0-3) 7
DPTR FM NORMAL 9 PTCLDY (SCALE 4-7) 18
TOTAL FM JUL 1 6498 CLOUDY (SCALE 8-10) 5
DPTR FM NORMAL -296
[CDD (BASE 65) ]
TOTAL THIS MO. 43
DPTR FM NORMAL -25 [PRESSURE DATA]
TOTAL FM JAN 1 54 HIGHEST SLP 30.23 ON 29
DPTR FM NORMAL -25 LOWEST SLP 29.43 ON 18
[REMARKS]
#FINAL-06-22#