000
CXUS53 KUNR 170930
CF62WX
PRELIMINARY LOCAL CLIMATOLOGICAL DATA (WS FORM: F-6)
STATION: BUFFALO SD
MONTH: APRIL
YEAR: 2024
LATITUDE: 45 35 N
LONGITUDE: 103 33 W
TEMPERATURE IN F: :PCPN: SNOW: WIND :SUNSHINE: SKY :PK WND
================================================================================
1 2 3 4 5 6A 6B 7 8 9 10 11 12 13 14 15 16 17 18
12Z AVG MX 2MIN
DY MAX MIN AVG DEP HDD CDD WTR SNW DPTH SPD SPD DIR MIN PSBL S-S WX SPD DR
================================================================================
1 44 28 36 -3 29 0 0.03 M M 8.7 13 260 M M 0 M M
2 58 32 45 6 20 0 0.00 M M 11.9 24 340 M M M 34 320
3 69 31 50 10 15 0 0.00 M M 7.5 15 150 M M M 20 180
4 68 36 52 12 13 0 0.00 M M 17.4 32 140 M M M 42 140
5 63 42 53 13 12 0 0.00 M M 23.6 37 140 M M M 49 150
6 57 40 49 8 16 0 0.06 M M 15.3 31 140 M M M 39 140
7 44 34 39 -2 26 0 0.27 M M 11.6 23 40 M M M 29 60
8 48 34 41 0 24 0 0.09 M M 13.6 29 290 M M M 36 290
9 60 33 47 6 18 0 0.00 M M 15.1 29 290 M M M 39 290
10 50 32 41 -1 24 0 0.00 M M 25.2 49 320 M M M 63 320
11 57 30 44 2 21 0 0.00 M M 12.3 24 320 M M M 38 320
12 74 30 52 10 13 0 0.00 M M 12.3 24 170 M M M 34 210
13 81 43 62 19 3 0 0.00 M M 12.4 32 290 M M M 43 320
14 76 43 60 17 5 0 0.00 M M 15.4 30 140 M M M 37 130
15 74 45 60 17 5 0 0.38 M M 14.8 31 120 M M M 42 120
16 67 43 55 11 10 0 0.19 M M 23.0 41 320 M M M 52 320
================================================================================
SM 990 576 254 0 1.02 M 240.1 M 0
================================================================================
AV 61.9 36.0 15.0 FASTST M M 0 MAX(MPH)
MISC ----> 49 320 63 320
================================================================================
NOTES:
# LAST OF SEVERAL OCCURRENCES
COLUMN 17 PEAK WIND IN M.P.H.
PRELIMINARY LOCAL CLIMATOLOGICAL DATA (WS FORM: F-6) , PAGE 2
STATION: BUFFALO SD
MONTH: APRIL
YEAR: 2024
LATITUDE: 45 35 N
LONGITUDE: 103 33 W
[TEMPERATURE DATA] [PRECIPITATION DATA] SYMBOLS USED IN COLUMN 16
AVERAGE MONTHLY: 48.9 TOTAL FOR MONTH: 1.02 1 = FOG OR MIST
DPTR FM NORMAL: 7.6 DPTR FM NORMAL: 0.34 2 = FOG REDUCING VISIBILITY
HIGHEST: 81 ON 13 GRTST 24HR 0.57 ON 15-16 TO 1/4 MILE OR LESS
LOWEST: 28 ON 1 3 = THUNDER
SNOW, ICE PELLETS, HAIL 4 = ICE PELLETS
TOTAL MONTH: M 5 = HAIL
GRTST 24HR M ON M 6 = FREEZING RAIN OR DRIZZLE
GRTST DEPTH: M ON M 7 = DUSTSTORM OR SANDSTORM:
VSBY 1/2 MILE OR LESS
8 = SMOKE OR HAZE
[NO. OF DAYS WITH] [WEATHER - DAYS WITH] 9 = BLOWING SNOW
X = TORNADO
MAX 32 OR BELOW: 0 0.01 INCH OR MORE: 6
MAX 90 OR ABOVE: 0 0.10 INCH OR MORE: 3
MIN 32 OR BELOW: 6 0.50 INCH OR MORE: 0
MIN 0 OR BELOW: 0 1.00 INCH OR MORE: 0
[HDD (BASE 65) ]
TOTAL THIS MO. 254 CLEAR (SCALE 0-3) 1
DPTR FM NORMAL -126 PTCLDY (SCALE 4-7) 0
TOTAL FM JUL 1 6049 CLOUDY (SCALE 8-10) 15
DPTR FM NORMAL -907
[CDD (BASE 65) ]
TOTAL THIS MO. 0
DPTR FM NORMAL 0 [PRESSURE DATA]
TOTAL FM JAN 1 0 HIGHEST SLP M ON M
DPTR FM NORMAL 0 LOWEST SLP 29.40 ON 6
[REMARKS]