000
CXUS56 KBOI 281002
CF6BKE
PRELIMINARY LOCAL CLIMATOLOGICAL DATA (WS FORM: F-6)
STATION: BAKER OR
MONTH: MARCH
YEAR: 2024
LATITUDE: 44 50 N
LONGITUDE: 117 49 W
TEMPERATURE IN F: :PCPN: SNOW: WIND :SUNSHINE: SKY :PK WND
================================================================================
1 2 3 4 5 6A 6B 7 8 9 10 11 12 13 14 15 16 17 18
12Z AVG MX 2MIN
DY MAX MIN AVG DEP HDD CDD WTR SNW DPTH SPD SPD DIR MIN PSBL S-S WX SPD DR
================================================================================
1 47 29 38 1 27 0 0.02 M M 11.9 30 190 M M 6 8 41 180
2 44 23 34 -4 31 0 0.10 M M 10.4 25 270 M M 4 1 32 190
3 39 18 29 -9 36 0 0.01 M M 5.0 13 50 M M 4 8 20 80
4 43 22 33 -5 32 0 0.04 M M 6.6 20 220 M M 5 1 28 230
5 44 25 35 -3 30 0 0.03 M M 4.0 12 340 M M 9 128 15 340
6 43 21 32 -7 33 0 0.00 M M 3.4 8 260 M M 2 11 240
7 45 19 32 -7 33 0 0.00 M M 5.9 20 340 M M 0 24 340
8 50 17 34 -5 31 0 0.00 M M 9.1 22 110 M M 0 29 120
9 48 29 39 -1 26 0 0.00 M M 12.4 26 130 M M 3 34 120
10 52 38 45 5 20 0 T M M 16.1 28 90 M M 5 36 90
11 54 33 44 4 21 0 0.00 M M 11.7 25 170 M M 9 38 160
12 56 33 45 5 20 0 0.03 M M 11.6 25 330 M M 6 34 200
13 48 29 39 -1 26 0 0.00 M M 13.4 23 350 M M 3 32 350
14 56 26 41 0 24 0 0.00 M M 9.8 22 330 M M 0 29 330
15 62 23 43 2 22 0 0.00 M M 4.8 14 320 M M 0 20 320
16 70 23 47 6 18 0 0.00 M M 1.6 9 270 M M 0 10 280
17 72 26 49 8 16 0 0.00 M M 2.3 10 70 M M 0 16 100
18 74 26 50 8 15 0 0.00 M M 3.5 12 120 M M 0 1 19 150
19 75 28 52 10 13 0 0.00 M M 3.1 14 120 M M 0 18 120
20 74 30 52 10 13 0 0.03 M M 6.8 25 300 M M 3 35 290
21 61 34 48 6 17 0 0.00 M M 3.9 14 330 M M 4 19 340
22 66 30 48 6 17 0 0.01 M M 7.3 28 240 M M 3 37 240
23 58 34 46 4 19 0 0.05 M M 8.6 24 220 M M 6 32 230
24 55 30 43 1 22 0 0.03 M M 6.7 26 350 M M 9 18 34 360
25 51 33 42 0 23 0 0.04 M M 5.0 21 340 M M 9 1 27 340
26 53 25 39 -4 26 0 0.01 M M 5.8 25 320 M M 6 1 35 320
27 44 25 35 -8 30 0 0.18 M M 10.7 22 90 M M 8 1 28 120
================================================================================
SM 1484 729 641 0 0.58 M 201.4 M 104
================================================================================
AV 55.0 27.0 7.5 FASTST M M 4 MAX(MPH)
MISC ----> 30 190 41 180
================================================================================
NOTES:
# LAST OF SEVERAL OCCURRENCES
COLUMN 17 PEAK WIND IN M.P.H.
PRELIMINARY LOCAL CLIMATOLOGICAL DATA (WS FORM: F-6) , PAGE 2
STATION: BAKER OR
MONTH: MARCH
YEAR: 2024
LATITUDE: 44 50 N
LONGITUDE: 117 49 W
[TEMPERATURE DATA] [PRECIPITATION DATA] SYMBOLS USED IN COLUMN 16
AVERAGE MONTHLY: 41.0 TOTAL FOR MONTH: 0.58 1 = FOG OR MIST
DPTR FM NORMAL: 0.5 DPTR FM NORMAL: -0.08 2 = FOG REDUCING VISIBILITY
HIGHEST: 75 ON 19 GRTST 24HR 0.18 ON 27-27 TO 1/4 MILE OR LESS
LOWEST: 17 ON 8 3 = THUNDER
SNOW, ICE PELLETS, HAIL 4 = ICE PELLETS
TOTAL MONTH: M 5 = HAIL
GRTST 24HR M ON M 6 = FREEZING RAIN OR DRIZZLE
GRTST DEPTH: M ON M 7 = DUSTSTORM OR SANDSTORM:
VSBY 1/2 MILE OR LESS
8 = SMOKE OR HAZE
[NO. OF DAYS WITH] [WEATHER - DAYS WITH] 9 = BLOWING SNOW
X = TORNADO
MAX 32 OR BELOW: 0 0.01 INCH OR MORE: 13
MAX 90 OR ABOVE: 0 0.10 INCH OR MORE: 2
MIN 32 OR BELOW: 21 0.50 INCH OR MORE: 0
MIN 0 OR BELOW: 0 1.00 INCH OR MORE: 0
[HDD (BASE 65) ]
TOTAL THIS MO. 641 CLEAR (SCALE 0-3) 13
DPTR FM NORMAL -20 PTCLDY (SCALE 4-7) 10
TOTAL FM JUL 1 5057 CLOUDY (SCALE 8-10) 4
DPTR FM NORMAL -433
[CDD (BASE 65) ]
TOTAL THIS MO. 0
DPTR FM NORMAL 0 [PRESSURE DATA]
TOTAL FM JAN 1 0 HIGHEST SLP M ON M
DPTR FM NORMAL 0 LOWEST SLP 29.24 ON 2
[REMARKS]