000
CXUS53 KDMX 280810
CF6EST
PRELIMINARY LOCAL CLIMATOLOGICAL DATA (WS FORM: F-6)
STATION: ESTHERVILLE IA
MONTH: MARCH
YEAR: 2024
LATITUDE: 43 24 N
LONGITUDE: 94 45 W
TEMPERATURE IN F: :PCPN: SNOW: WIND :SUNSHINE: SKY :PK WND
================================================================================
1 2 3 4 5 6A 6B 7 8 9 10 11 12 13 14 15 16 17 18
12Z AVG MX 2MIN
DY MAX MIN AVG DEP HDD CDD WTR SNW DPTH SPD SPD DIR MIN PSBL S-S WX SPD DR
================================================================================
1 59 30 45 20 20 0 0.00 0.0 M 20.5 31 190 M M 0 46 190
2 67 26 47 22 18 0 0.00 0.0 M 15.8 31 180 M M 0 1 38 180
3 70 24 47 21 18 0 0.00 0.0 M 19.4 33 180 M M 0 48 190
4 43 22 33 7 32 0 0.00 0.0 M 10.3 18 360 M M 6 24 30
5 53 14 34 7 31 0 0.00 0.0 M 6.3 14 360 M M 0 20 360
6 60 18 39 12 26 0 0.00 0.0 M 12.9 28 150 M M 3 37 170
7 49 28 39 11 26 0 0.00 0.0 M 14.4 24 10 M M 8 32 360
8 41 24 33 5 32 0 0.00 0.0 M 18.2 28 360 M M 4 36 360
9 44 16 30 2 35 0 0.00 0.0 M 12.3 24 340 M M 0 32 330
10 59 13 36 7 29 0 0.00 0.0 M 12.2 24 180 M M 0 32 180
11 78 32 55 25 10 0 0.00 0.0 M 12.8 25 230 M M 0 37 210
12 70 33 52 22 13 0 0.00 0.0 M 8.9 17 250 M M 0 23 240
13 72 26 49 19 16 0 0.07 0.0 M 10.6 21 130 M M 2 36 130
14 53 36 45 14 20 0 0.10 0.0 0 12.2 24 10 M M 6 1 33 10
15 55 31 43 11 22 0 0.00 0.0 M 12.2 20 280 M M 1 28 290
16 50 28 39 7 26 0 0.00 0.0 M 20.6 35 340 M M 4 46 340
17 33 20 27 -5 38 0 T M M 23.0 32 320 M M 9 43 320
18 39 18 29 -4 36 0 0.00 0.0 0 13.8 23 330 M M 5 29 330
19 61 31 46 13 19 0 0.00 0.0 0 19.6 32 340 M M 1 42 330
20 36 16 26 -8 39 0 T M 0 14.7 26 340 M M 2 36 350
21 38 25 32 -2 33 0 0.00 0.0 0 11.5 18 50 M M 9 21 110
22 33 16 25 -10 40 0 T M M 13.7 22 360 M M 8 1 28 360
23 32 10 21 -14 44 0 0.02 M M 9.5 17 120 M M 6 18 21 160
24 38 26 32 -4 33 0 1.36 M M 17.3 26 150 M M 10 16 32 140
25 44 33 39 3 26 0 0.89 M M 15.2 25 360 M M 10 12 34 360
26 33 21 27 -10 38 0 0.11 M M 24.7 35 320 M M 9 168 43 320
27 33 14 24 -13 41 0 0.00 0.0 M 12.3 18 250 M M 1 25 250
================================================================================
SM 1343 631 761 0 2.55 0.0 394.9 M 104
================================================================================
AV 49.7 23.4 14.6 FASTST M M 4 MAX(MPH)
MISC ----> # 35 340 48 190
================================================================================
NOTES:
# LAST OF SEVERAL OCCURRENCES
COLUMN 17 PEAK WIND IN M.P.H.
PRELIMINARY LOCAL CLIMATOLOGICAL DATA (WS FORM: F-6) , PAGE 2
STATION: ESTHERVILLE IA
MONTH: MARCH
YEAR: 2024
LATITUDE: 43 24 N
LONGITUDE: 94 45 W
[TEMPERATURE DATA] [PRECIPITATION DATA] SYMBOLS USED IN COLUMN 16
AVERAGE MONTHLY: 36.6 TOTAL FOR MONTH: 2.55 1 = FOG OR MIST
DPTR FM NORMAL: 5.6 DPTR FM NORMAL: 1.42 2 = FOG REDUCING VISIBILITY
HIGHEST: 78 ON 11 GRTST 24HR 1.90 ON 24-25 TO 1/4 MILE OR LESS
LOWEST: 10 ON 23 3 = THUNDER
SNOW, ICE PELLETS, HAIL 4 = ICE PELLETS
TOTAL MONTH: 0.0 INCH 5 = HAIL
GRTST 24HR 0.0 6 = FREEZING RAIN OR DRIZZLE
GRTST DEPTH: 0 7 = DUSTSTORM OR SANDSTORM:
VSBY 1/2 MILE OR LESS
8 = SMOKE OR HAZE
[NO. OF DAYS WITH] [WEATHER - DAYS WITH] 9 = BLOWING SNOW
X = TORNADO
MAX 32 OR BELOW: 1 0.01 INCH OR MORE: 6
MAX 90 OR ABOVE: 0 0.10 INCH OR MORE: 4
MIN 32 OR BELOW: 24 0.50 INCH OR MORE: 2
MIN 0 OR BELOW: 0 1.00 INCH OR MORE: 1
[HDD (BASE 65) ]
TOTAL THIS MO. 761 CLEAR (SCALE 0-3) 14
DPTR FM NORMAL -158 PTCLDY (SCALE 4-7) 8
TOTAL FM JUL 1 5472 CLOUDY (SCALE 8-10) 5
DPTR FM NORMAL -1424
[CDD (BASE 65) ]
TOTAL THIS MO. 0
DPTR FM NORMAL 0 [PRESSURE DATA]
TOTAL FM JAN 1 0 HIGHEST SLP M ON M
DPTR FM NORMAL 0 LOWEST SLP 29.39 ON 26
[REMARKS]