000
CXUS53 KGID 160730
CF6HSI
PRELIMINARY LOCAL CLIMATOLOGICAL DATA (WS FORM: F-6)

                                          STATION:   HASTINGS NE
                                          MONTH:     OCTOBER
                                          YEAR:      2017
                                          LATITUDE:   40 35 N
                                          LONGITUDE:  98 26 W

  TEMPERATURE IN F:       :PCPN:    SNOW:  WIND      :SUNSHINE: SKY     :PK WND
================================================================================
1   2   3   4   5  6A  6B    7    8   9   10  11  12  13   14  15   16   17  18
                                     12Z  AVG MX 2MIN
DY MAX MIN AVG DEP HDD CDD  WTR  SNW DPTH SPD SPD DIR MIN PSBL S-S WX    SPD DR
================================================================================

 1  79  59  69  10   0   4 0.89  0.0    0 16.6 38 290   M    M   7 13     45 280
 2  73  58  66   7   0   1 1.41    T    0  8.0 28 180   M    M   9 135    45 180
 3  66  55  61   3   4   0 0.77  0.0    0 10.8 21 340   M    M   7 13     26 150
 4  67  52  60   2   5   0    T  0.0    0  9.8 17  90   M    M   9 1      22  80
 5  65  56  61   3   4   0 0.34  0.0    0  6.6 13  40   M    M  10 13     18  30
 6  61  54  58   1   7   0 0.75  0.0    0 11.2 31 340   M    M  10 123    39 350
 7  74  51  63   6   2   0 0.26  0.0    0 10.7 23 300   M    M   4 1      28 330
 8  72  47  60   4   5   0 0.00  0.0    0 11.5 20  20   M    M   1        30  30
 9  54  37  46 -10  19   0 0.16    T    0 19.8 33  20   M    M  10 134    47  10
10  55  36  46  -9  19   0 0.04  0.0    0  6.4 14  20   M    M   5        17 340
11  65  31  48  -7  17   0 0.00  0.0    0  7.6 17 160   M    M   0        23 160
12  72  47  60   6   5   0 0.00  0.0    0  8.9 17  10   M    M   0        24 160
13  64  50  57   3   8   0 0.00  0.0    0 11.5 22  40   M    M   8        29  50
14  60  44  52  -2  13   0 0.06  0.0    0 12.2 33 320   M    M  10 123    41 330
15  64  34  49  -4  16   0 0.00  0.0    0  7.7 18 320   M    M   0 8      27 290
================================================================================
SM  991  711       124   5  4.68    T    159.3          M       90
================================================================================
AV 66.1 47.4                              10.6 FASTST   M    M   6    MAX(MPH)
                                 MISC ---->  # 38 290               # 47   10
================================================================================
NOTES:
# LAST OF SEVERAL OCCURRENCES

COLUMN 17 PEAK WIND IN M.P.H.

PRELIMINARY LOCAL CLIMATOLOGICAL DATA (WS FORM: F-6) , PAGE 2

                                          STATION:  HASTINGS NE
                                          MONTH:    OCTOBER
                                          YEAR:     2017
                                          LATITUDE:   40 35 N
                                          LONGITUDE:  98 26 W

[TEMPERATURE DATA]      [PRECIPITATION DATA]       SYMBOLS USED IN COLUMN 16

AVERAGE MONTHLY: 56.7   TOTAL FOR MONTH:   4.68    1 = FOG OR MIST
DPTR FM NORMAL:   0.5   DPTR FM NORMAL:    3.61    2 = FOG REDUCING VISIBILITY
HIGHEST:    79 ON  1    GRTST 24HR  1.41 ON  2- 2      TO 1/4 MILE OR LESS
LOWEST:     31 ON 11                               3 = THUNDER
                        SNOW, ICE PELLETS, HAIL    4 = ICE PELLETS
                        TOTAL MONTH:    T          5 = HAIL
                        GRTST 24HR    T  ON  9- 9  6 = FREEZING RAIN OR DRIZZLE
                        GRTST DEPTH:   0           7 = DUSTSTORM OR SANDSTORM:
                                                       VSBY 1/2 MILE OR LESS
                                                   8 = SMOKE OR HAZE
[NO. OF DAYS WITH]      [WEATHER - DAYS WITH]      9 = BLOWING SNOW
                                                   X = TORNADO
MAX 32 OR BELOW:   0    0.01 INCH OR MORE:   9
MAX 90 OR ABOVE:   0    0.10 INCH OR MORE:   7
MIN 32 OR BELOW:   1    0.50 INCH OR MORE:   4
MIN  0 OR BELOW:   0    1.00 INCH OR MORE:   1

[HDD (BASE 65) ]
TOTAL THIS MO.   124    CLEAR  (SCALE 0-3)   4
DPTR FM NORMAL   -20    PTCLDY (SCALE 4-7)   4
TOTAL FM JUL 1   180    CLOUDY (SCALE 8-10)  7
DPTR FM NORMAL   -60

[CDD (BASE 65) ]
TOTAL THIS MO.     5
DPTR FM NORMAL    -6    [PRESSURE DATA]
TOTAL FM JAN 1  1128    HIGHEST SLP M ON M
DPTR FM NORMAL    54    LOWEST  SLP 29.56 ON M

[REMARKS]
